{"id":73,"date":"2014-09-18T14:01:51","date_gmt":"2014-09-18T13:01:51","guid":{"rendered":"http:\/\/agora.xtec.cat\/escola-norai-montgat\/?page_id=73"},"modified":"2026-01-29T09:37:46","modified_gmt":"2026-01-29T08:37:46","slug":"menjador-escolar","status":"publish","type":"page","link":"https:\/\/agora.xtec.cat\/escola-norai-montgat\/pagines-dinici\/serveis\/menjador-escolar\/","title":{"rendered":"Espai de migdia"},"content":{"rendered":"<p>L\u2019espai de migdia \u00e9s una part important del dia que cal atendre amb molta cura<\/p>\n<p>\u00c9s b\u00e0sic que les nenes i els nens disposin de temps i tranquil\u00b7litat per menjar i descansar abans de continuar amb la jornada<\/p>\n<p>Els infants dinen amb l&#8217;acompanyament dels monitors i monitores, descansen i fan activitats.<\/p>\n<p>Oferim uns \u00e0pats saludables (variats, rics en verdures i baixos en prote\u00efna animal) en un menjador tranquil i familiar, atenent tamb\u00e9 el descans i les relacions afectives<\/p>\n<p>Es preparen men\u00fas especials per a malalties cr\u00f2niques<\/p>\n<p>Empresa que gestiona el servei: &#8220;Com a casa&#8221;<br \/>\nCoordinadora: Laura M\u00e1rquez<\/p>\n<p><strong>Preu: 7,25 \u20ac\/dia (fix\/a)\u00a0 \u00a0 \u00a07,98 \u20ac\/dia (espor\u00e0dic\/a)<\/strong><\/p>\n<p>Podeu consultar a continuaci\u00f3 el document del <a href=\"https:\/\/drive.google.com\/file\/d\/1dkDcVGIZDQL5LduqHqMjMEr9J-dyKCeX\/view?usp=drive_link\"><strong>Pla de funcionament del migdia.<\/strong><\/a><\/p>\n<p>El Consell Comarcal del Maresme aprova cada curs escolar una convocat\u00f2ria per a la concessi\u00f3 d\u2019ajuts individuals de menjador per necessitats socioecon\u00f2miques que t\u00e9 com a objectiu ajudar a l\u2019escolaritzaci\u00f3 dels nens i nenes que cursin educaci\u00f3 infantil de segon cicle, prim\u00e0ria i\/o secund\u00e0ria obligat\u00f2ria i als quals no els hi correspon la gratu\u00eftat del servei de menjador escolar<\/p>\n<h2><a href=\"https:\/\/agora.xtec.cat\/escola-norai-montgat\/wp-content\/uploads\/usu1780\/2024\/07\/NORAI-MONGAT-FULL-INICI-DE-CURS-1.pdf\">Full informatiu 2025-2026<\/a><\/h2>\n<p><a href=\"http:\/\/agora.xtec.cat\/escola-norai-montgat\/wp-content\/uploads\/usu1780\/2014\/09\/E1U6096-1.jpg\"><img loading=\"lazy\" decoding=\"async\" class=\"alignnone wp-image-858 size-large\" src=\"http:\/\/agora.xtec.cat\/escola-norai-montgat\/wp-content\/uploads\/usu1780\/2014\/09\/E1U6096-1-1024x664.jpg\" alt=\"\" width=\"1024\" height=\"664\" srcset=\"https:\/\/agora.xtec.cat\/escola-norai-montgat\/wp-content\/uploads\/usu1780\/2014\/09\/E1U6096-1-1024x664.jpg 1024w, https:\/\/agora.xtec.cat\/escola-norai-montgat\/wp-content\/uploads\/usu1780\/2014\/09\/E1U6096-1-300x194.jpg 300w, https:\/\/agora.xtec.cat\/escola-norai-montgat\/wp-content\/uploads\/usu1780\/2014\/09\/E1U6096-1-768x498.jpg 768w\" sizes=\"auto, (max-width: 1024px) 100vw, 1024px\" \/><\/a><\/p>\n<p>&nbsp;<\/p>\n","protected":false},"excerpt":{"rendered":"<p>L\u2019espai de migdia \u00e9s una part important del dia que cal atendre amb molta cura<br \/>\n\u00c9s b\u00e0sic que les nenes i els nens disposin de temps i tranquil\u00b7litat per menjar i descansar abans de continuar amb la jornada<br \/>\nEls infants dinen amb l&#8217;acompanyament dels monitors i monitores,&hellip;  <a href=\"https:\/\/agora.xtec.cat\/escola-norai-montgat\/pagines-dinici\/serveis\/menjador-escolar\/\" title=\"Read Espai de migdia\">Llegeix m\u00e9s\u00bb<\/a><\/p>\n","protected":false},"author":1,"featured_media":0,"parent":66,"menu_order":52,"comment_status":"closed","ping_status":"closed","template":"page-templates\/side-menu.php","meta":{"_bbp_topic_count":0,"_bbp_reply_count":0,"_bbp_total_topic_count":0,"_bbp_total_reply_count":0,"_bbp_voice_count":0,"_bbp_anonymous_reply_count":0,"_bbp_topic_count_hidden":0,"_bbp_reply_count_hidden":0,"_bbp_forum_subforum_count":0,"footnotes":""},"class_list":["post-73","page","type-page","status-publish","hentry"],"post_mailing_queue_ids":[],"_links":{"self":[{"href":"https:\/\/agora.xtec.cat\/escola-norai-montgat\/wp-json\/wp\/v2\/pages\/73","targetHints":{"allow":["GET"]}}],"collection":[{"href":"https:\/\/agora.xtec.cat\/escola-norai-montgat\/wp-json\/wp\/v2\/pages"}],"about":[{"href":"https:\/\/agora.xtec.cat\/escola-norai-montgat\/wp-json\/wp\/v2\/types\/page"}],"author":[{"embeddable":true,"href":"https:\/\/agora.xtec.cat\/escola-norai-montgat\/wp-json\/wp\/v2\/users\/1"}],"replies":[{"embeddable":true,"href":"https:\/\/agora.xtec.cat\/escola-norai-montgat\/wp-json\/wp\/v2\/comments?post=73"}],"version-history":[{"count":6,"href":"https:\/\/agora.xtec.cat\/escola-norai-montgat\/wp-json\/wp\/v2\/pages\/73\/revisions"}],"predecessor-version":[{"id":3299,"href":"https:\/\/agora.xtec.cat\/escola-norai-montgat\/wp-json\/wp\/v2\/pages\/73\/revisions\/3299"}],"up":[{"embeddable":true,"href":"https:\/\/agora.xtec.cat\/escola-norai-montgat\/wp-json\/wp\/v2\/pages\/66"}],"wp:attachment":[{"href":"https:\/\/agora.xtec.cat\/escola-norai-montgat\/wp-json\/wp\/v2\/media?parent=73"}],"curies":[{"name":"wp","href":"https:\/\/api.w.org\/{rel}","templated":true}]}}