{"id":3175,"date":"2026-01-25T15:20:01","date_gmt":"2026-01-25T14:20:01","guid":{"rendered":"https:\/\/agora.xtec.cat\/escola-norai-montgat\/?page_id=3175"},"modified":"2026-01-29T14:52:02","modified_gmt":"2026-01-29T13:52:02","slug":"com-acompanyem-la-paraula","status":"publish","type":"page","link":"https:\/\/agora.xtec.cat\/escola-norai-montgat\/pagines-dinici\/oferta-educativa\/com-acompanyem-la-paraula\/","title":{"rendered":"Com acompanyem la paraula?"},"content":{"rendered":"<p style=\"text-align: center;\"><img loading=\"lazy\" decoding=\"async\" class=\"wp-image-3292 aligncenter\" src=\"https:\/\/agora.xtec.cat\/escola-norai-montgat\/wp-content\/uploads\/usu1780\/2026\/01\/0000.png\" alt=\"\" width=\"767\" height=\"263\" srcset=\"https:\/\/agora.xtec.cat\/escola-norai-montgat\/wp-content\/uploads\/usu1780\/2026\/01\/0000.png 862w, https:\/\/agora.xtec.cat\/escola-norai-montgat\/wp-content\/uploads\/usu1780\/2026\/01\/0000-300x103.png 300w, https:\/\/agora.xtec.cat\/escola-norai-montgat\/wp-content\/uploads\/usu1780\/2026\/01\/0000-768x263.png 768w\" sizes=\"auto, (max-width: 767px) 100vw, 767px\" \/><\/p>\n<p style=\"text-align: left;\"><span style=\"font-weight: 400;\">Entenem que el llenguatge \u00e9s el que ens permet habitar el m\u00f3n i fer-nos escoltar. Ens inspira la idea de <\/span><b>Gianni Rodari<\/b><span style=\"font-weight: 400;\">\u00a0 de defensar tots els usos de la paraula per a tothom.Volem que cada nen i nena tingui els recursos per defensar les seves idees i comprendre la societat on viu.<\/span><\/p>\n<p><span style=\"font-weight: 400;\">Aquest comprom\u00eds amb el llenguatge es concreta en diversos moments:<\/span><\/p>\n<ul>\n<li style=\"font-weight: 400;\" aria-level=\"1\"><b>Les propostes de llengua:<\/b><span style=\"font-weight: 400;\"> S\u00f3n els moments d&#8217;entrenament i descoberta de l&#8217;eina. Treballem l&#8217;ortografia, la gram\u00e0tica i la comprensi\u00f3 lectora. Explorem les diverses tipologies textuals perqu\u00e8 cada infant s\u00e0piga triar l&#8217;estructura adequada per a cada missatge. Dominar la t\u00e8cnica \u00e9s el que ens permet ser lliures per comunicar-nos.<\/span><\/li>\n<li style=\"font-weight: 400;\" aria-level=\"1\"><b>Les converses:<\/b><span style=\"font-weight: 400;\"> On la paraula esdev\u00e9 el pont per a la conviv\u00e8ncia. La llengua oral \u00e9s l&#8217;eina per posar nom als sentiments, resoldre conflictes de manera pac\u00edfica i prendre decisions compartides.<\/span><\/li>\n<li style=\"font-weight: 400;\" aria-level=\"1\"><b>Les capses d&#8217;aprenentatge:<\/b><span style=\"font-weight: 400;\"> On llegir deixa de ser un exercici i es transforma en una clau d&#8217;acc\u00e9s per desxifrar enigmes i investigar nous sabers.<\/span><\/li>\n<li style=\"font-weight: 400;\" aria-level=\"1\"><b style=\"font-family: inherit; font-size: 1em;\">El Consell d&#8217;Infants:<\/b><span style=\"font-weight: 400;\"> On la paraula es converteix en participaci\u00f3 comunit\u00e0ria i ciutadana. Els infants aprenen que el seu discurs t\u00e9 el poder de transformar el seu voltant.<\/span><\/li>\n<\/ul>\n<p style=\"text-align: center;\">\n","protected":false},"excerpt":{"rendered":"<p>Entenem que el llenguatge \u00e9s el que ens permet habitar el m\u00f3n i fer-nos escoltar. Ens inspira la idea de Gianni Rodari\u00a0 de defensar tots els usos de la paraula per a tothom.Volem que cada nen i nena tingui els recursos per defensar les seves&hellip;  <a href=\"https:\/\/agora.xtec.cat\/escola-norai-montgat\/pagines-dinici\/oferta-educativa\/com-acompanyem-la-paraula\/\" title=\"Read Com acompanyem la paraula?\">Llegeix m\u00e9s\u00bb<\/a><\/p>\n","protected":false},"author":1,"featured_media":0,"parent":34,"menu_order":47,"comment_status":"closed","ping_status":"closed","template":"page-templates\/side-menu.php","meta":{"_bbp_topic_count":0,"_bbp_reply_count":0,"_bbp_total_topic_count":0,"_bbp_total_reply_count":0,"_bbp_voice_count":0,"_bbp_anonymous_reply_count":0,"_bbp_topic_count_hidden":0,"_bbp_reply_count_hidden":0,"_bbp_forum_subforum_count":0,"footnotes":""},"class_list":["post-3175","page","type-page","status-publish","hentry"],"post_mailing_queue_ids":[],"_links":{"self":[{"href":"https:\/\/agora.xtec.cat\/escola-norai-montgat\/wp-json\/wp\/v2\/pages\/3175","targetHints":{"allow":["GET"]}}],"collection":[{"href":"https:\/\/agora.xtec.cat\/escola-norai-montgat\/wp-json\/wp\/v2\/pages"}],"about":[{"href":"https:\/\/agora.xtec.cat\/escola-norai-montgat\/wp-json\/wp\/v2\/types\/page"}],"author":[{"embeddable":true,"href":"https:\/\/agora.xtec.cat\/escola-norai-montgat\/wp-json\/wp\/v2\/users\/1"}],"replies":[{"embeddable":true,"href":"https:\/\/agora.xtec.cat\/escola-norai-montgat\/wp-json\/wp\/v2\/comments?post=3175"}],"version-history":[{"count":6,"href":"https:\/\/agora.xtec.cat\/escola-norai-montgat\/wp-json\/wp\/v2\/pages\/3175\/revisions"}],"predecessor-version":[{"id":3309,"href":"https:\/\/agora.xtec.cat\/escola-norai-montgat\/wp-json\/wp\/v2\/pages\/3175\/revisions\/3309"}],"up":[{"embeddable":true,"href":"https:\/\/agora.xtec.cat\/escola-norai-montgat\/wp-json\/wp\/v2\/pages\/34"}],"wp:attachment":[{"href":"https:\/\/agora.xtec.cat\/escola-norai-montgat\/wp-json\/wp\/v2\/media?parent=3175"}],"curies":[{"name":"wp","href":"https:\/\/api.w.org\/{rel}","templated":true}]}}

<p style="text-align: center;"><img loading="lazy" decoding="async" class="wp-image-3292 aligncenter" src="https://agora.xtec.cat/escola-norai-montgat/wp-content/uploads/usu1780/2026/01/0000.png" alt="" width="767" height="263" srcset="https://agora.xtec.cat/escola-norai-montgat/wp-content/uploads/usu1780/2026/01/0000.png 862w, https://agora.xtec.cat/escola-norai-montgat/wp-content/uploads/usu1780/2026/01/0000-300x103.png 300w, https://agora.xtec.cat/escola-norai-montgat/wp-content/uploads/usu1780/2026/01/0000-768x263.png 768w" sizes="auto, (max-width: 767px) 100vw, 767px" /></p>
<p style="text-align: left;"><span style="font-weight: 400;">Entenem que el llenguatge és el que ens permet habitar el món i fer-nos escoltar. Ens inspira la idea de </span><b>Gianni Rodari</b><span style="font-weight: 400;">  de defensar tots els usos de la paraula per a tothom.Volem que cada nen i nena tingui els recursos per defensar les seves idees i comprendre la societat on viu.</span></p>
<p><span style="font-weight: 400;">Aquest compromís amb el llenguatge es concreta en diversos moments:</span></p>
<ul>
<li style="font-weight: 400;" aria-level="1"><b>Les propostes de llengua:</b><span style="font-weight: 400;"> Són els moments d&#8217;entrenament i descoberta de l&#8217;eina. Treballem l&#8217;ortografia, la gramàtica i la comprensió lectora. Explorem les diverses tipologies textuals perquè cada infant sàpiga triar l&#8217;estructura adequada per a cada missatge. Dominar la tècnica és el que ens permet ser lliures per comunicar-nos.</span></li>
<li style="font-weight: 400;" aria-level="1"><b>Les converses:</b><span style="font-weight: 400;"> On la paraula esdevé el pont per a la convivència. La llengua oral és l&#8217;eina per posar nom als sentiments, resoldre conflictes de manera pacífica i prendre decisions compartides.</span></li>
<li style="font-weight: 400;" aria-level="1"><b>Les capses d&#8217;aprenentatge:</b><span style="font-weight: 400;"> On llegir deixa de ser un exercici i es transforma en una clau d&#8217;accés per desxifrar enigmes i investigar nous sabers.</span></li>
<li style="font-weight: 400;" aria-level="1"><b style="font-family: inherit; font-size: 1em;">El Consell d&#8217;Infants:</b><span style="font-weight: 400;"> On la paraula es converteix en participació comunitària i ciutadana. Els infants aprenen que el seu discurs té el poder de transformar el seu voltant.</span></li>
</ul>
<p style="text-align: center;">

<p>Entenem que el llenguatge és el que ens permet habitar el món i fer-nos escoltar. Ens inspira la idea de Gianni Rodari  de defensar tots els usos de la paraula per a tothom.Volem que cada nen i nena tingui els recursos per defensar les seves&hellip;  <a href="https://agora.xtec.cat/escola-norai-montgat/pagines-dinici/oferta-educativa/com-acompanyem-la-paraula/" title="Read Com acompanyem la paraula?">Llegeix més»</a></p>
