{"id":30,"date":"2014-09-18T12:30:23","date_gmt":"2014-09-18T11:30:23","guid":{"rendered":"http:\/\/agora.xtec.cat\/escola-norai-montgat\/?page_id=30"},"modified":"2026-02-01T21:28:58","modified_gmt":"2026-02-01T20:28:58","slug":"instal%c2%b7lacions","status":"publish","type":"page","link":"https:\/\/agora.xtec.cat\/escola-norai-montgat\/pagines-dinici\/instal%c2%b7lacions\/","title":{"rendered":"El projecte"},"content":{"rendered":"<h4 class=\"zfr3Q duRjpb\" style=\"text-align: right;\"><a href=\"http:\/\/agora.xtec.cat\/escola-norai-montgat\/wp-content\/uploads\/usu1780\/2014\/09\/PEC-2018-signat.pdf\">Projecte educatiu<\/a><\/h4>\n<h4 class=\"zfr3Q duRjpb\" style=\"text-align: right;\"><a href=\"http:\/\/agora.xtec.cat\/escola-norai-montgat\/wp-content\/uploads\/usu1780\/2014\/09\/carta-de-comprom\u00eds.pdf\">Carta de comprom\u00eds<\/a><\/h4>\n<h4 class=\"zfr3Q duRjpb\" style=\"text-align: right;\"><a href=\"https:\/\/agora.xtec.cat\/escola-norai-montgat\/wp-content\/uploads\/usu1780\/2024\/01\/Creacio-duna-escola-2.pdf\">Creaci\u00f3 d&#8217;una escola<\/a><br \/>\n<a href=\"http:\/\/agora.xtec.cat\/escola-norai-montgat\/wp-content\/uploads\/usu1780\/2014\/09\/unnamed.jpg\"><img loading=\"lazy\" decoding=\"async\" class=\"wp-image-588 alignleft\" src=\"http:\/\/agora.xtec.cat\/escola-norai-montgat\/wp-content\/uploads\/usu1780\/2014\/09\/unnamed.jpg\" alt=\"\" width=\"264\" height=\"259\" srcset=\"https:\/\/agora.xtec.cat\/escola-norai-montgat\/wp-content\/uploads\/usu1780\/2014\/09\/unnamed.jpg 371w, https:\/\/agora.xtec.cat\/escola-norai-montgat\/wp-content\/uploads\/usu1780\/2014\/09\/unnamed-300x294.jpg 300w\" sizes=\"auto, (max-width: 264px) 100vw, 264px\" \/><\/a><\/h4>\n<h1 class=\"zfr3Q duRjpb\">La mirada<\/h1>\n<h3 id=\"h.p_veTx-hHxuCow\" class=\"zfr3Q OmQG5e\">Volem ser una escola on les persones se senten comunitat a l\u2019entorn d\u2019un projecte com\u00fa<\/h3>\n<p id=\"h.p_czkS17nFuCo2\" class=\"zfr3Q\">una escola que vetlla pel <strong>respecte i cura de les persones<\/strong> que en formen part, les fa sentir reconegudes, acceptades i estimades<\/p>\n<p id=\"h.p_wLOqNWQy04Hr\" class=\"zfr3Q\">el reconeixement de la diversitat i l\u2019acceptaci\u00f3 de la singularitat s\u00f3n les claus d\u2019una <strong>escola inclusiva<\/strong> i acollidora<\/p>\n<p id=\"h.p_DOBpa6jV04Hv\" class=\"zfr3Q\">la superaci\u00f3 del repte, l\u2019assoliment de fites personals, l\u2019autoconeixement i l\u2019equilibri emocional construeixen <strong>l\u2019autoestima<\/strong><\/p>\n<p id=\"h.p_mstzfg3S04Hy\" class=\"zfr3Q\">l\u2019acceptaci\u00f3 del conflicte com a part de la vida en societat desenvolupa la compet\u00e8ncia social de l\u2019individu, basada en el <strong>di\u00e0leg respectu\u00f3s i enriquidor<\/strong><\/p>\n<p id=\"h.p_NAfqgFLe04IF\" class=\"zfr3Q\">la <strong>confian\u00e7a de la fam\u00edlia<\/strong> i la complicitat en les relacions s\u00f3n fonamentals en l\u2019educaci\u00f3 dels nens i nenes<\/p>\n<p id=\"h.p_dpmnPwFK04IL\" class=\"zfr3Q\">el projecte d\u2019una escola creix amb un equip de mestres que assumeix amb il\u00b7lusi\u00f3, comprom\u00eds i professionalitat la <strong>responsabilitat compartida<\/strong> d\u2019educar<\/p>\n<p id=\"h.p_TBZnszBg04IW\" class=\"zfr3Q\">l\u2019escola la fan les persones cooperant, ajudant, construint la <strong>conviv\u00e8ncia<\/strong><\/p>\n<h4 class=\"zfr3Q duRjpb\" style=\"text-align: right;\"><img loading=\"lazy\" decoding=\"async\" class=\"size-full wp-image-583 alignleft\" src=\"http:\/\/agora.xtec.cat\/escola-norai-montgat\/wp-content\/uploads\/usu1780\/2014\/09\/unnamed-1.jpg\" alt=\"\" width=\"273\" height=\"258\" \/><\/h4>\n<h1>El cam\u00ed<\/h1>\n<h3>Volem ser un referent de qualitat educativa i de recerca de la millora en un context de transformaci\u00f3<\/h3>\n<p>el desenvolupament en els infants de les seves <strong>capacitats creatives i de pensament<\/strong> i l\u2019assoliment de les compet\u00e8ncies b\u00e0siques els permeten afrontar amb \u00e8xit el seu futur en un m\u00f3n i en un temps en canvi constant<\/p>\n<p>l\u2019escola \u00a0\u00e9s el marc facilitador de la <strong>construcci\u00f3 global de coneixement<\/strong> i la interrelaci\u00f3 dels aprenentatges per a l\u2019acci\u00f3<\/p>\n<p>el raonament, la reflexi\u00f3 i l\u2019escolta de l\u2019altre desenvolupen el <strong>pensament cr\u00edtic<\/strong> i una interpretaci\u00f3 personal de la realitat<\/p>\n<p>la nostra societat necessita d\u2019un <strong>model de ciutadania solidari, responsable i participatiu<\/strong>, disposat a assumir compromisos i a gaudir fent-ho<\/p>\n<p>cal donar eines, cal enfortir estrat\u00e8gies, cal aconseguir <strong>l\u2019autoregulaci\u00f3<\/strong> per tal que l\u2019infant arribi a ser aut\u00f2nom<\/p>\n<p>la persona \u00e9s una globalitat complexa, la seva educaci\u00f3 ha de ser <strong>integral<\/strong> i completa<\/p>\n<p>el proc\u00e9s educatiu necessita de constant <strong>revisi\u00f3 i avaluaci\u00f3<\/strong> i de noves respostes als nous reptes i a les situacions de canvi<\/p>\n<p>la <strong>formaci\u00f3 constant<\/strong> del professorat proporciona oportunitats de creixement col\u00b7lectiu i desenvolupa un projecte compartit<\/p>\n<h1><\/h1>\n<p class=\"zfr3Q\"><a href=\"http:\/\/agora.xtec.cat\/escola-norai-montgat\/wp-content\/uploads\/usu1780\/2014\/09\/unnamed-2.jpg\"><img loading=\"lazy\" decoding=\"async\" class=\"size-full wp-image-589 alignleft\" src=\"http:\/\/agora.xtec.cat\/escola-norai-montgat\/wp-content\/uploads\/usu1780\/2014\/09\/unnamed-2.jpg\" alt=\"\" width=\"266\" height=\"260\" \/><\/a><\/p>\n<h1>L\u2019entorn<\/h1>\n<h3>Volem oferir un entorn respectu\u00f3s amb les persones i transmissor de cultura<\/h3>\n<p>l\u2019escola \u00e9s un <strong>espai que acull<\/strong> l\u2019infant i li ofereix un medi adequat a les seves necessitats d\u2019observaci\u00f3 i experimentaci\u00f3<\/p>\n<p>un entorn amb <strong>qualitat est\u00e8tica<\/strong> genera experi\u00e8ncies de percepci\u00f3 gratificants i educa la sensibilitat<\/p>\n<p>l\u2019escola es troba arrelada a un <strong>territori<\/strong> i la seva comunitat s\u2019hi vincula<\/p>\n<p>la natura ofereix la millor proposta educativa i <strong>l\u2019espai exterior<\/strong> esdev\u00e9 el context d\u2019experi\u00e8ncies i processos<\/p>\n","protected":false},"excerpt":{"rendered":"<p><a href=\"http:\/\/agora.xtec.cat\/escola-norai-montgat\/wp-content\/uploads\/usu1780\/2014\/09\/PEC-2018-signat.pdf\">Projecte educatiu<\/a><br \/>\n<a href=\"http:\/\/agora.xtec.cat\/escola-norai-montgat\/wp-content\/uploads\/usu1780\/2014\/09\/carta-de-comprom\u00eds.pdf\">Carta de comprom\u00eds<\/a><br \/>\n<a href=\"https:\/\/agora.xtec.cat\/escola-norai-montgat\/wp-content\/uploads\/usu1780\/2024\/01\/Creacio-duna-escola-2.pdf\">Creaci\u00f3 d&#8217;una escola<\/a><br \/>\n<a href=\"http:\/\/agora.xtec.cat\/escola-norai-montgat\/wp-content\/uploads\/usu1780\/2014\/09\/unnamed.jpg\"><\/a><br \/>\nLa mirada<br \/>\nVolem ser una escola on les persones se senten comunitat a l\u2019entorn d\u2019un projecte com\u00fa<br \/>\nuna escola que vetlla pel respecte i cura de les persones que en formen part, les fa sentir reconegudes, acceptades i&hellip;  <a href=\"https:\/\/agora.xtec.cat\/escola-norai-montgat\/pagines-dinici\/instal%c2%b7lacions\/\" title=\"Read El projecte\">Llegeix m\u00e9s\u00bb<\/a><\/p>\n","protected":false},"author":1,"featured_media":0,"parent":7,"menu_order":40,"comment_status":"closed","ping_status":"closed","template":"page-templates\/side-menu.php","meta":{"_bbp_topic_count":0,"_bbp_reply_count":0,"_bbp_total_topic_count":0,"_bbp_total_reply_count":0,"_bbp_voice_count":0,"_bbp_anonymous_reply_count":0,"_bbp_topic_count_hidden":0,"_bbp_reply_count_hidden":0,"_bbp_forum_subforum_count":0,"footnotes":""},"class_list":["post-30","page","type-page","status-publish","hentry"],"post_mailing_queue_ids":[],"_links":{"self":[{"href":"https:\/\/agora.xtec.cat\/escola-norai-montgat\/wp-json\/wp\/v2\/pages\/30","targetHints":{"allow":["GET"]}}],"collection":[{"href":"https:\/\/agora.xtec.cat\/escola-norai-montgat\/wp-json\/wp\/v2\/pages"}],"about":[{"href":"https:\/\/agora.xtec.cat\/escola-norai-montgat\/wp-json\/wp\/v2\/types\/page"}],"author":[{"embeddable":true,"href":"https:\/\/agora.xtec.cat\/escola-norai-montgat\/wp-json\/wp\/v2\/users\/1"}],"replies":[{"embeddable":true,"href":"https:\/\/agora.xtec.cat\/escola-norai-montgat\/wp-json\/wp\/v2\/comments?post=30"}],"version-history":[{"count":8,"href":"https:\/\/agora.xtec.cat\/escola-norai-montgat\/wp-json\/wp\/v2\/pages\/30\/revisions"}],"predecessor-version":[{"id":3060,"href":"https:\/\/agora.xtec.cat\/escola-norai-montgat\/wp-json\/wp\/v2\/pages\/30\/revisions\/3060"}],"up":[{"embeddable":true,"href":"https:\/\/agora.xtec.cat\/escola-norai-montgat\/wp-json\/wp\/v2\/pages\/7"}],"wp:attachment":[{"href":"https:\/\/agora.xtec.cat\/escola-norai-montgat\/wp-json\/wp\/v2\/media?parent=30"}],"curies":[{"name":"wp","href":"https:\/\/api.w.org\/{rel}","templated":true}]}}