{"id":9,"date":"2014-09-17T15:08:18","date_gmt":"2014-09-17T14:08:18","guid":{"rendered":"http:\/\/agora.xtec.cat\/escola-municipal-pau-vila\/?page_id=9"},"modified":"2026-04-29T09:24:27","modified_gmt":"2026-04-29T07:24:27","slug":"pagina-dinici-buida","status":"publish","type":"page","link":"https:\/\/agora.xtec.cat\/escola-municipal-pau-vila\/","title":{"rendered":"Benvingudes i benvinguts"},"content":{"rendered":"<p style=\"text-align: left;\">Ens plau donar-vos la m\u00e9s cordial benvinguda a la p\u00e0gina web de l&#8217;<strong>Escola Municipal Pau Vila<\/strong>. Per aquest mitj\u00e0 podreu accedir a les novetats i els fets m\u00e9s destacats de la nostra escola. Trobareu els esdeveniments, la realitat i les il\u00b7lusions de tots els que fem possible aquest projecte. El flux d&#8217;intercanvi informatiu pot ser molt enriquidor per a tots.<\/p>\n<p style=\"text-align: center;\">\u00a0<a href=\"https:\/\/www.youtube.com\/watch?v=Gcvm4vlOH6g\" target=\"_blank\" rel=\"noopener\">Video presentaci\u00f3 portes obertes 2025<\/a><\/p>\n<p style=\"text-align: center;\"><a href=\"https:\/\/agora.xtec.cat\/escola-municipal-pau-vila\/wp-content\/uploads\/usu870\/2026\/02\/Portes-obertes-2026.pdf\" target=\"_blank\" rel=\"noopener\">Llibret de portes obertes 2026<\/a>\u00a0 \u00a0 \u00a0 \u00a0<a href=\"https:\/\/www.youtube.com\/watch?v=Qp4mIOByyoI&amp;t=5s\" target=\"_blank\" rel=\"noopener\">\u00a0 \u00a0 \u00a0<\/a><a href=\"https:\/\/www.youtube.com\/watch?v=Qp4mIOByyoI&amp;t=5s\" target=\"_blank\" rel=\"noopener\">V\u00eddeo presentaci\u00f3 portes obertes 2023\u00a0<\/a><\/p>\n<p style=\"text-align: center;\"><a href=\"https:\/\/preinscripcio.gencat.cat\/ca\/inici\/index.html\"><img loading=\"lazy\" decoding=\"async\" class=\"alignnone wp-image-7334 size-full\" src=\"https:\/\/agora.xtec.cat\/escola-municipal-pau-vila\/wp-content\/uploads\/usu870\/2026\/03\/Preinscripcio_baners_Web_educacio__Preinscripcio_web_educacio_555x431_PRIMARIA.jpg\" alt=\"\" width=\"572\" height=\"448\" srcset=\"https:\/\/agora.xtec.cat\/escola-municipal-pau-vila\/wp-content\/uploads\/usu870\/2026\/03\/Preinscripcio_baners_Web_educacio__Preinscripcio_web_educacio_555x431_PRIMARIA.jpg 572w, https:\/\/agora.xtec.cat\/escola-municipal-pau-vila\/wp-content\/uploads\/usu870\/2026\/03\/Preinscripcio_baners_Web_educacio__Preinscripcio_web_educacio_555x431_PRIMARIA-300x235.jpg 300w\" sizes=\"auto, (max-width: 572px) 100vw, 572px\" \/><\/a><\/p>\n<p style=\"text-align: left;\"><a href=\"https:\/\/agora.xtec.cat\/escola-municipal-pau-vila\/wp-content\/uploads\/usu870\/2026\/03\/INFORME_OFERTA_OME_INFORME_OFERTA.pdf\" target=\"_blank\" rel=\"noopener\">Publicaci\u00f3 de l&#8217;oferta inicial de places 03\/03\/2026<\/a><\/p>\n<p style=\"text-align: left;\"><a href=\"https:\/\/agora.xtec.cat\/escola-municipal-pau-vila\/wp-content\/uploads\/usu870\/2026\/04\/INFORME_BAREM_PROVISIONAL_BAREM.pdf\" target=\"_blank\" rel=\"noopener\">Publicaci\u00f3 de la llista de sol\u00b7licituds que han demanat el centre i l&#8217;ensenyament en primera petici\u00f3 amb la puntuaci\u00f3 provisional a 15\/04\/2026<\/a><\/p>\n<p><a href=\"https:\/\/agora.xtec.cat\/escola-municipal-pau-vila\/wp-content\/uploads\/usu870\/2026\/04\/INFORME_BAREM_RESOLTES_BAREM.pdf\" target=\"_blank\" rel=\"noopener\">Publicaci\u00f3 de la llista de sol\u00b7licituds que han demanat el centre i l&#8217;ensenyament en primera petici\u00f3 amb la puntuaci\u00f3 resoltes les reclamacions a 23\/04\/2026<\/a><\/p>\n<h1 class=\"post-title tw-font-grotesk tw-text-[#4B4B4B] tw-text-[40px] tw-leading-[1.1] tw--tracking-[2.5px] max991:tw-text-[40px] max991:tw-leading-none max991:tw-mb-0 max991:tw--tracking-[1.5] max991:tw-mt-[22px]\"><span style=\"font-size: 12pt;\">El\u00a0<span style=\"font-size: 18pt;\">42129<\/span>, n\u00famero de desempat de la preinscripci\u00f3 escolar 2026 a Catalunya<\/span><\/h1>\n<p><a href=\"https:\/\/agora.xtec.cat\/escola-municipal-pau-vila\/wp-content\/uploads\/usu870\/2026\/04\/Publicacio-de-la-llista-de-sollicituds.pdf\" target=\"_blank\" rel=\"noopener\">Publicaci\u00f3 de la llista de sol\u00b7licituds que han demanat el centre i l&#8217;ensenyament en primera petici\u00f3 ordenada a 29\/04\/2026<\/a><\/p>\n","protected":false},"excerpt":{"rendered":"<p>Ens plau donar-vos la m\u00e9s cordial benvinguda a la p\u00e0gina web de l&#8217;Escola Municipal Pau Vila. Per aquest mitj\u00e0 podreu accedir a les novetats i els fets m\u00e9s destacats de la nostra escola. Trobareu els esdeveniments, la realitat i les il\u00b7lusions de tots els que&hellip;  <a href=\"https:\/\/agora.xtec.cat\/escola-municipal-pau-vila\/\" title=\"Read Benvingudes i benvinguts\">Llegeix m\u00e9s\u00bb<\/a><\/p>\n","protected":false},"author":1,"featured_media":0,"parent":7,"menu_order":0,"comment_status":"closed","ping_status":"closed","template":"","meta":{"_bbp_topic_count":0,"_bbp_reply_count":0,"_bbp_total_topic_count":0,"_bbp_total_reply_count":0,"_bbp_voice_count":0,"_bbp_anonymous_reply_count":0,"_bbp_topic_count_hidden":0,"_bbp_reply_count_hidden":0,"_bbp_forum_subforum_count":0,"footnotes":""},"class_list":["post-9","page","type-page","status-publish","hentry"],"post_mailing_queue_ids":[],"_links":{"self":[{"href":"https:\/\/agora.xtec.cat\/escola-municipal-pau-vila\/wp-json\/wp\/v2\/pages\/9","targetHints":{"allow":["GET"]}}],"collection":[{"href":"https:\/\/agora.xtec.cat\/escola-municipal-pau-vila\/wp-json\/wp\/v2\/pages"}],"about":[{"href":"https:\/\/agora.xtec.cat\/escola-municipal-pau-vila\/wp-json\/wp\/v2\/types\/page"}],"author":[{"embeddable":true,"href":"https:\/\/agora.xtec.cat\/escola-municipal-pau-vila\/wp-json\/wp\/v2\/users\/1"}],"replies":[{"embeddable":true,"href":"https:\/\/agora.xtec.cat\/escola-municipal-pau-vila\/wp-json\/wp\/v2\/comments?post=9"}],"version-history":[{"count":7,"href":"https:\/\/agora.xtec.cat\/escola-municipal-pau-vila\/wp-json\/wp\/v2\/pages\/9\/revisions"}],"predecessor-version":[{"id":7404,"href":"https:\/\/agora.xtec.cat\/escola-municipal-pau-vila\/wp-json\/wp\/v2\/pages\/9\/revisions\/7404"}],"up":[{"embeddable":true,"href":"https:\/\/agora.xtec.cat\/escola-municipal-pau-vila\/wp-json\/wp\/v2\/pages\/7"}],"wp:attachment":[{"href":"https:\/\/agora.xtec.cat\/escola-municipal-pau-vila\/wp-json\/wp\/v2\/media?parent=9"}],"curies":[{"name":"wp","href":"https:\/\/api.w.org\/{rel}","templated":true}]}}