{"id":38,"date":"2014-09-18T12:34:08","date_gmt":"2014-09-18T11:34:08","guid":{"rendered":"http:\/\/agora.xtec.cat\/escola-municipal-pau-vila\/?page_id=38"},"modified":"2021-05-20T13:07:02","modified_gmt":"2021-05-20T11:07:02","slug":"salut","status":"publish","type":"page","link":"https:\/\/agora.xtec.cat\/escola-municipal-pau-vila\/lescola\/salut\/","title":{"rendered":"Salut"},"content":{"rendered":"<p>El car\u00e0cter d&#8217;aquesta p\u00e0gina \u00e9s informatiu i fa refer\u00e8ncia directa a q\u00fcestions de salut que puguin afectar directament als alumnes del centre.<\/p>\n<p><a href=\"http:\/\/salutweb.gencat.cat\/ca\/inici\/\" target=\"_blank\" rel=\"noopener noreferrer\">Informaci\u00f3 del Departament de Salut de la Generalitat de Catalunya<\/a>.<\/p>\n<p><a href=\"https:\/\/canalsalut.gencat.cat\/ca\/detalls\/article\/Polls-00001\" target=\"_blank\" rel=\"noopener noreferrer\">Polls: informaci\u00f3 per a pares i mestres<\/a><\/p>\n<p><a href=\"https:\/\/agora.xtec.cat\/escola-municipal-pau-vila\/wp-content\/uploads\/usu870\/2021\/05\/Administraci\u00f3-paracetamol.pdf\" target=\"_blank\" rel=\"noopener noreferrer\">Administraci\u00f3 paracetamol<\/a><\/p>\n<p><a href=\"https:\/\/agora.xtec.cat\/escola-municipal-pau-vila\/wp-content\/uploads\/usu870\/2021\/05\/autoritzaci\u00f3-medicaments.pdf\" target=\"_blank\" rel=\"noopener noreferrer\">Petici\u00f3 autoritzaci\u00f3 per l&#8217;administraci\u00f3 de medicaments<\/a><\/p>\n<p>&nbsp;<\/p>\n<p>&nbsp;<\/p>\n","protected":false},"excerpt":{"rendered":"<p>El car\u00e0cter d&#8217;aquesta p\u00e0gina \u00e9s informatiu i fa refer\u00e8ncia directa a q\u00fcestions de salut que puguin afectar directament als alumnes del centre.<br \/>\n<a href=\"http:\/\/salutweb.gencat.cat\/ca\/inici\/\" target=\"_blank\" rel=\"noopener noreferrer\">Informaci\u00f3 del Departament de Salut de la Generalitat de Catalunya<\/a>.<br \/>\n<a href=\"https:\/\/canalsalut.gencat.cat\/ca\/detalls\/article\/Polls-00001\" target=\"_blank\" rel=\"noopener noreferrer\">Polls: informaci\u00f3 per a pares i mestres<\/a><br \/>\n<a&hellip;  <a href=\"https:\/\/agora.xtec.cat\/escola-municipal-pau-vila\/lescola\/salut\/\" title=\"Read Salut\">Llegeix m\u00e9s\u00bb<\/a><\/p>\n","protected":false},"author":1,"featured_media":0,"parent":22,"menu_order":80,"comment_status":"closed","ping_status":"closed","template":"page-templates\/side-menu.php","meta":{"_bbp_topic_count":0,"_bbp_reply_count":0,"_bbp_total_topic_count":0,"_bbp_total_reply_count":0,"_bbp_voice_count":0,"_bbp_anonymous_reply_count":0,"_bbp_topic_count_hidden":0,"_bbp_reply_count_hidden":0,"_bbp_forum_subforum_count":0,"footnotes":""},"class_list":["post-38","page","type-page","status-publish","hentry"],"post_mailing_queue_ids":[],"_links":{"self":[{"href":"https:\/\/agora.xtec.cat\/escola-municipal-pau-vila\/wp-json\/wp\/v2\/pages\/38","targetHints":{"allow":["GET"]}}],"collection":[{"href":"https:\/\/agora.xtec.cat\/escola-municipal-pau-vila\/wp-json\/wp\/v2\/pages"}],"about":[{"href":"https:\/\/agora.xtec.cat\/escola-municipal-pau-vila\/wp-json\/wp\/v2\/types\/page"}],"author":[{"embeddable":true,"href":"https:\/\/agora.xtec.cat\/escola-municipal-pau-vila\/wp-json\/wp\/v2\/users\/1"}],"replies":[{"embeddable":true,"href":"https:\/\/agora.xtec.cat\/escola-municipal-pau-vila\/wp-json\/wp\/v2\/comments?post=38"}],"version-history":[{"count":3,"href":"https:\/\/agora.xtec.cat\/escola-municipal-pau-vila\/wp-json\/wp\/v2\/pages\/38\/revisions"}],"predecessor-version":[{"id":5169,"href":"https:\/\/agora.xtec.cat\/escola-municipal-pau-vila\/wp-json\/wp\/v2\/pages\/38\/revisions\/5169"}],"up":[{"embeddable":true,"href":"https:\/\/agora.xtec.cat\/escola-municipal-pau-vila\/wp-json\/wp\/v2\/pages\/22"}],"wp:attachment":[{"href":"https:\/\/agora.xtec.cat\/escola-municipal-pau-vila\/wp-json\/wp\/v2\/media?parent=38"}],"curies":[{"name":"wp","href":"https:\/\/api.w.org\/{rel}","templated":true}]}}