{"id":283,"date":"2016-03-09T06:59:58","date_gmt":"2016-03-09T05:59:58","guid":{"rendered":"http:\/\/agora.xtec.cat\/escola-municipal-pau-vila\/?page_id=283"},"modified":"2016-06-03T06:14:56","modified_gmt":"2016-06-03T04:14:56","slug":"pau-vila-i-dinares","status":"publish","type":"page","link":"https:\/\/agora.xtec.cat\/escola-municipal-pau-vila\/lescola\/pau-vila-i-dinares\/","title":{"rendered":"Pau Vila i Dinar\u00e8s"},"content":{"rendered":"<p align=\"left\"><span style=\"font-family: Arial,Helvetica,sans-serif; font-size: 12pt;\">Pau Vila nasqu\u00e9 a Sabadell el 1881 en el s\u00ed d&#8217;una modesta fam\u00edlia de teixidors, i mor\u00ed el 1980 a Barcelona. Com sembla que l&#8217;escola no li anava massa b\u00e9, ell tamb\u00e9 fou teixidor.\u00a0\u00a0<\/span><\/p>\n<p align=\"left\"><span style=\"font-family: Arial,Helvetica,sans-serif; font-size: 12pt;\">L&#8217;ambient obrer de l&#8217;\u00e8poca li imprim\u00ed un fort sentit de just\u00edcia social que ha condicionat tota la seva actuaci\u00f3 futura i la seva vida. Comprengu\u00e9, despr\u00e9s d&#8217;una vegada, que li calia educar el poble a trav\u00e9s de l&#8217;escola, i portat per aquesta actitud de servei, volgu\u00e9 ser mestre. Despr\u00e9s de passar per les escoles de diversos ateneus i centres obrers, organitz\u00e0 el 1905 el seu propi assaig que fou l&#8217;Horaciana, ferment pedag\u00f2gic de transformaci\u00f3 de l&#8217;escola barcelonina.<\/span><\/p>\n<p align=\"left\"><span style=\"font-family: Arial,Helvetica,sans-serif; font-size: 12pt;\">M\u00e9s tard, el 1912, a l&#8217;Institut Rousseau de Ginebra complet\u00e0 la seva formaci\u00f3 pedag\u00f2gica i entre 1915 i 1918 dirig\u00ed el Gimnasio Moderno de Bogot\u00e0.<\/span><\/p>\n<p align=\"left\"><span style=\"font-family: Arial,Helvetica,sans-serif; font-size: 12pt;\">Retornat a Catalunya, Alexandre Gal\u00ed l&#8217;inclin\u00e0 vers la geografia per omplir el buit que havia deixat la mort de Palau Vera. A l&#8217;Institut de Geografia de Grenoble adquir\u00ed la formaci\u00f3 que havia de transformar-lo en el primer ge\u00f2graf de Catalunya, com una altra forma de servir el pa\u00eds. <\/span><\/p>\n<p align=\"left\"><span style=\"font-family: Arial,Helvetica,sans-serif; font-size: 12pt;\">Fou professor de Geografia a l&#8217;Escola d&#8217;Estudis Comercials i a la Normal de la Generalitat, i ocup\u00e0 diversos c\u00e0rrecs; secretari de l&#8217;Escola del Treball, president del Centre Excursionista de Catalunya, \u00e0nima de la Divisi\u00f3 Territorial de Catalunya, etc, fins que la guerra civil l&#8217;oblig\u00e0 a exiliar-se. Continu\u00e0 a Colombia i sobretot a Vene\u00e7uela la seva labor geogr\u00e0fica fins a retornar a Catalunya el 1961.<\/span><\/p>\n<p align=\"left\"><span style=\"font-family: Arial,Helvetica,sans-serif; font-size: 12pt;\">La seva obra ha estat reconeguda amb el premi d&#8217;Honor de les Lletres Catalanes, Medalla d&#8217;Or de la Ciutat de Barcelona i doctorat Honoris Causa de la Universitat Aut\u00f2noma, a m\u00e9s dels t\u00edtols similars i distincions atorgades a Am\u00e8rica. Aix\u00ed, aquell miny\u00f3 que no li anava massa b\u00e9 l&#8217;escola ha esdevingut una figura important de la cultura catalana, gr\u00e0cies a la seva voluntat de servei i a la seva const\u00e0ncia en el treball. Per\u00f2 a m\u00e9s ha estat en tot moment un model de dignitat, de civisme i d&#8217;insubornable catalanitat.<\/span><\/p>\n<figure class=\"figure wp-caption alignleft\"><a href=\"http:\/\/agora.xtec.cat\/escola-municipal-pau-vila\/wp-content\/uploads\/usu870\/2016\/03\/gegant-i-capgrossos.jpg\"><img loading=\"lazy\" decoding=\"async\" class=\" wp-image-396\" src=\"http:\/\/agora.xtec.cat\/escola-municipal-pau-vila\/wp-content\/uploads\/usu870\/2016\/03\/gegant-i-capgrossos-1024x768.jpg\" alt=\"gegant i capgrossos\" width=\"577\" height=\"433\" srcset=\"https:\/\/agora.xtec.cat\/escola-municipal-pau-vila\/wp-content\/uploads\/usu870\/2016\/03\/gegant-i-capgrossos-1024x768.jpg 1024w, https:\/\/agora.xtec.cat\/escola-municipal-pau-vila\/wp-content\/uploads\/usu870\/2016\/03\/gegant-i-capgrossos-300x225.jpg 300w, https:\/\/agora.xtec.cat\/escola-municipal-pau-vila\/wp-content\/uploads\/usu870\/2016\/03\/gegant-i-capgrossos-200x150.jpg 200w, https:\/\/agora.xtec.cat\/escola-municipal-pau-vila\/wp-content\/uploads\/usu870\/2016\/03\/gegant-i-capgrossos.jpg 1200w\" sizes=\"auto, (max-width: 577px) 100vw, 577px\" \/><\/a><figcaption class=\"wp-caption-text\">El gegant Pau Vila amb els capgrossos<\/figcaption><\/figure>\n<figure class=\"figure wp-caption alignleft\"><a href=\"http:\/\/agora.xtec.cat\/escola-municipal-pau-vila\/wp-content\/uploads\/usu870\/2016\/03\/gegant-pau-vila.jpg\"><img loading=\"lazy\" decoding=\"async\" class=\" wp-image-397\" src=\"http:\/\/agora.xtec.cat\/escola-municipal-pau-vila\/wp-content\/uploads\/usu870\/2016\/03\/gegant-pau-vila-768x1024.jpg\" alt=\"gegant pau vila\" width=\"325\" height=\"433\" srcset=\"https:\/\/agora.xtec.cat\/escola-municipal-pau-vila\/wp-content\/uploads\/usu870\/2016\/03\/gegant-pau-vila-768x1024.jpg 768w, https:\/\/agora.xtec.cat\/escola-municipal-pau-vila\/wp-content\/uploads\/usu870\/2016\/03\/gegant-pau-vila-225x300.jpg 225w, https:\/\/agora.xtec.cat\/escola-municipal-pau-vila\/wp-content\/uploads\/usu870\/2016\/03\/gegant-pau-vila.jpg 1152w\" sizes=\"auto, (max-width: 325px) 100vw, 325px\" \/><\/a><figcaption class=\"wp-caption-text\">El gegant\u00f3<\/figcaption><\/figure>\n<p align=\"left\"><span style=\"font-family: Arial,Helvetica,sans-serif; font-size: 12pt;\"><a href=\"http:\/\/agora.xtec.cat\/escola-municipal-pau-vila\/wp-content\/uploads\/usu870\/2016\/03\/gegant-pau-vila.jpg\">\u00a0<\/a><a href=\"http:\/\/agora.xtec.cat\/escola-municipal-pau-vila\/wp-content\/uploads\/usu870\/2016\/03\/pauvila1.jpg\"><img loading=\"lazy\" decoding=\"async\" class=\"alignnone wp-image-395\" src=\"http:\/\/agora.xtec.cat\/escola-municipal-pau-vila\/wp-content\/uploads\/usu870\/2016\/03\/pauvila1.jpg\" alt=\"pauvila\" width=\"311\" height=\"433\" srcset=\"https:\/\/agora.xtec.cat\/escola-municipal-pau-vila\/wp-content\/uploads\/usu870\/2016\/03\/pauvila1.jpg 268w, https:\/\/agora.xtec.cat\/escola-municipal-pau-vila\/wp-content\/uploads\/usu870\/2016\/03\/pauvila1-216x300.jpg 216w\" sizes=\"auto, (max-width: 311px) 100vw, 311px\" \/><\/a><\/span><\/p>\n","protected":false},"excerpt":{"rendered":"<p>Pau Vila nasqu\u00e9 a Sabadell el 1881 en el s\u00ed d&#8217;una modesta fam\u00edlia de teixidors, i mor\u00ed el 1980 a Barcelona. Com sembla que l&#8217;escola no li anava massa b\u00e9, ell tamb\u00e9 fou teixidor.\u00a0\u00a0<br \/>\nL&#8217;ambient obrer de l&#8217;\u00e8poca li imprim\u00ed un fort sentit de just\u00edcia social&hellip;  <a href=\"https:\/\/agora.xtec.cat\/escola-municipal-pau-vila\/lescola\/pau-vila-i-dinares\/\" title=\"Read Pau Vila i Dinar\u00e8s\">Llegeix m\u00e9s\u00bb<\/a><\/p>\n","protected":false},"author":1,"featured_media":0,"parent":22,"menu_order":22,"comment_status":"closed","ping_status":"closed","template":"page-templates\/side-menu.php","meta":{"_bbp_topic_count":0,"_bbp_reply_count":0,"_bbp_total_topic_count":0,"_bbp_total_reply_count":0,"_bbp_voice_count":0,"_bbp_anonymous_reply_count":0,"_bbp_topic_count_hidden":0,"_bbp_reply_count_hidden":0,"_bbp_forum_subforum_count":0,"footnotes":""},"class_list":["post-283","page","type-page","status-publish","hentry"],"post_mailing_queue_ids":[],"_links":{"self":[{"href":"https:\/\/agora.xtec.cat\/escola-municipal-pau-vila\/wp-json\/wp\/v2\/pages\/283","targetHints":{"allow":["GET"]}}],"collection":[{"href":"https:\/\/agora.xtec.cat\/escola-municipal-pau-vila\/wp-json\/wp\/v2\/pages"}],"about":[{"href":"https:\/\/agora.xtec.cat\/escola-municipal-pau-vila\/wp-json\/wp\/v2\/types\/page"}],"author":[{"embeddable":true,"href":"https:\/\/agora.xtec.cat\/escola-municipal-pau-vila\/wp-json\/wp\/v2\/users\/1"}],"replies":[{"embeddable":true,"href":"https:\/\/agora.xtec.cat\/escola-municipal-pau-vila\/wp-json\/wp\/v2\/comments?post=283"}],"version-history":[{"count":3,"href":"https:\/\/agora.xtec.cat\/escola-municipal-pau-vila\/wp-json\/wp\/v2\/pages\/283\/revisions"}],"predecessor-version":[{"id":403,"href":"https:\/\/agora.xtec.cat\/escola-municipal-pau-vila\/wp-json\/wp\/v2\/pages\/283\/revisions\/403"}],"up":[{"embeddable":true,"href":"https:\/\/agora.xtec.cat\/escola-municipal-pau-vila\/wp-json\/wp\/v2\/pages\/22"}],"wp:attachment":[{"href":"https:\/\/agora.xtec.cat\/escola-municipal-pau-vila\/wp-json\/wp\/v2\/media?parent=283"}],"curies":[{"name":"wp","href":"https:\/\/api.w.org\/{rel}","templated":true}]}}