{"id":591,"date":"2019-10-22T10:55:52","date_gmt":"2019-10-22T08:55:52","guid":{"rendered":"http:\/\/agora.xtec.cat\/escola-montroig-balaguer\/?page_id=591"},"modified":"2020-03-06T09:41:23","modified_gmt":"2020-03-06T08:41:23","slug":"comunitat-educativa","status":"publish","type":"page","link":"https:\/\/agora.xtec.cat\/escola-montroig-balaguer\/lescola\/comunitat-educativa\/","title":{"rendered":"COMUNITAT EDUCATIVA"},"content":{"rendered":"<p style=\"text-align: justify;\"><strong>Alumnat<\/strong><\/p>\n<p style=\"text-align: justify;\">L\u2019escola Mont-roig compta amb alumnes d\u2019entre 3 i 12 anys distribuits en nivells educatius d\u2019infantil i prim\u00e0ria. En l\u2019actualitat tenim una l\u00ednea (una clase per curs)\u00a0 a l\u2019Educaci\u00f3 Infantil i Cicle Inicial i dues a Cicle Mitj\u00e0 i Cicle Superior.<\/p>\n<p style=\"text-align: justify;\">Aquest curs tenim un total de 328 infants.<\/p>\n<p style=\"text-align: justify;\"><a href=\"https:\/\/agora.xtec.cat\/escola-montroig-balaguer\/wp-content\/uploads\/usu1754\/2020\/03\/alumnes.jpg\"><img loading=\"lazy\" decoding=\"async\" class=\"aligncenter wp-image-1291 size-large\" src=\"https:\/\/agora.xtec.cat\/escola-montroig-balaguer\/wp-content\/uploads\/usu1754\/2020\/03\/alumnes-1024x249.jpg\" alt=\"\" width=\"1024\" height=\"249\" srcset=\"https:\/\/agora.xtec.cat\/escola-montroig-balaguer\/wp-content\/uploads\/usu1754\/2020\/03\/alumnes.jpg 1024w, https:\/\/agora.xtec.cat\/escola-montroig-balaguer\/wp-content\/uploads\/usu1754\/2020\/03\/alumnes-300x73.jpg 300w, https:\/\/agora.xtec.cat\/escola-montroig-balaguer\/wp-content\/uploads\/usu1754\/2020\/03\/alumnes-768x187.jpg 768w\" sizes=\"auto, (max-width: 1024px) 100vw, 1024px\" \/><\/a><\/p>\n<p style=\"text-align: justify;\"><strong>Personal del centre<\/strong><\/p>\n<p style=\"text-align: justify;\">Aquest curs comptem amb una plantilla de 27 professionals (21 llocs de treball corresponents a mestres, ocupats per 26 professionals a causa de les reduccions de jornada, doncs 3 mestres es troben en aquesta situaci\u00f3 i, a\u00a0 m\u00e9s a m\u00e9s, disposem de dues places a \u00bd jornada, una\u00a0 d\u2019Educaci\u00f3 Infantil i una altra d\u2019Aula d\u2019Acollida. Comptem tamb\u00e9 amb una T\u00e8cnica d\u2019Educaci\u00f3 Infantil i una Educadora d\u2019EES que juntament amb una altra mestra d\u2019EES conformen la SIEI (Suport inclusiu a l\u2019escolaritzaci\u00f3 compartida) del centre i dues AEE\u00a0 amb diferent dedicaci\u00f3 hor\u00e0ria. Tamb\u00e9 rebem el suport de professionals externs (EAP, CREDA,CDIAP, CREEDTIC, CSMIJ, TS).<\/p>\n<p style=\"text-align: justify;\"><a href=\"https:\/\/agora.xtec.cat\/escola-montroig-balaguer\/wp-content\/uploads\/usu1754\/2020\/03\/PROFESSORS-2.jpeg\"><img loading=\"lazy\" decoding=\"async\" class=\"alignleft wp-image-1289 \" src=\"https:\/\/agora.xtec.cat\/escola-montroig-balaguer\/wp-content\/uploads\/usu1754\/2020\/03\/PROFESSORS-2-300x225.jpeg\" alt=\"\" width=\"223\" height=\"167\" srcset=\"https:\/\/agora.xtec.cat\/escola-montroig-balaguer\/wp-content\/uploads\/usu1754\/2020\/03\/PROFESSORS-2-300x225.jpeg 300w, https:\/\/agora.xtec.cat\/escola-montroig-balaguer\/wp-content\/uploads\/usu1754\/2020\/03\/PROFESSORS-2-768x576.jpeg 768w, https:\/\/agora.xtec.cat\/escola-montroig-balaguer\/wp-content\/uploads\/usu1754\/2020\/03\/PROFESSORS-2-1024x768.jpeg 1024w, https:\/\/agora.xtec.cat\/escola-montroig-balaguer\/wp-content\/uploads\/usu1754\/2020\/03\/PROFESSORS-2-200x150.jpeg 200w, https:\/\/agora.xtec.cat\/escola-montroig-balaguer\/wp-content\/uploads\/usu1754\/2020\/03\/PROFESSORS-2.jpeg 1600w\" sizes=\"auto, (max-width: 223px) 100vw, 223px\" \/><\/a><\/p>\n<p><a href=\"https:\/\/agora.xtec.cat\/escola-montroig-balaguer\/wp-content\/uploads\/usu1754\/2020\/03\/PROFESSORS-3.jpeg\"><img loading=\"lazy\" decoding=\"async\" class=\"alignnone wp-image-1290\" src=\"https:\/\/agora.xtec.cat\/escola-montroig-balaguer\/wp-content\/uploads\/usu1754\/2020\/03\/PROFESSORS-3-300x224.jpeg\" alt=\"\" width=\"228\" height=\"170\" srcset=\"https:\/\/agora.xtec.cat\/escola-montroig-balaguer\/wp-content\/uploads\/usu1754\/2020\/03\/PROFESSORS-3-300x224.jpeg 300w, https:\/\/agora.xtec.cat\/escola-montroig-balaguer\/wp-content\/uploads\/usu1754\/2020\/03\/PROFESSORS-3-768x574.jpeg 768w, https:\/\/agora.xtec.cat\/escola-montroig-balaguer\/wp-content\/uploads\/usu1754\/2020\/03\/PROFESSORS-3-1024x765.jpeg 1024w, https:\/\/agora.xtec.cat\/escola-montroig-balaguer\/wp-content\/uploads\/usu1754\/2020\/03\/PROFESSORS-3-200x150.jpeg 200w, https:\/\/agora.xtec.cat\/escola-montroig-balaguer\/wp-content\/uploads\/usu1754\/2020\/03\/PROFESSORS-3.jpeg 1600w\" sizes=\"auto, (max-width: 228px) 100vw, 228px\" \/><\/a><\/p>\n<p style=\"text-align: justify;\"><strong>Fam\u00edlies<\/strong><\/p>\n<p style=\"text-align: justify;\">Un dels objectius principals del centre \u00e9s aconseguir una implicaci\u00f3 de les fam\u00edlies que permeti avan\u00e7ar en la implementaci\u00f3 de\u00a0 mesures de millora de la conviv\u00e8ncia, i ajudi a desenvolupar\u00a0 propostes i actuacions que fomentin un bon clima escolar i un bon aprenentatge.\u00a0Amb la signatura de la Carta de comprom\u00eds educatiu entre el centre i les fam\u00edlies, ambdues parts s\u2019avenen a treballar en benefici d\u2019aquest objectiu. La implementaci\u00f3 de la figura dels delegats i delegades d\u2019aula ens ha d\u2019ajudar a assolir els nostres objectius.<\/p>\n","protected":false},"excerpt":{"rendered":"<p>Alumnat<br \/>\nL\u2019escola Mont-roig compta amb alumnes d\u2019entre 3 i 12 anys distribuits en nivells educatius d\u2019infantil i prim\u00e0ria. En l\u2019actualitat tenim una l\u00ednea (una clase per curs)\u00a0 a l\u2019Educaci\u00f3 Infantil i Cicle Inicial i dues a Cicle Mitj\u00e0 i Cicle Superior.<br \/>\nAquest curs tenim un total de&hellip;  <a href=\"https:\/\/agora.xtec.cat\/escola-montroig-balaguer\/lescola\/comunitat-educativa\/\" title=\"Read COMUNITAT EDUCATIVA\">Llegeix m\u00e9s\u00bb<\/a><\/p>\n","protected":false},"author":3,"featured_media":0,"parent":22,"menu_order":30,"comment_status":"closed","ping_status":"closed","template":"page-templates\/side-menu.php","meta":{"_bbp_topic_count":0,"_bbp_reply_count":0,"_bbp_total_topic_count":0,"_bbp_total_reply_count":0,"_bbp_voice_count":0,"_bbp_anonymous_reply_count":0,"_bbp_topic_count_hidden":0,"_bbp_reply_count_hidden":0,"_bbp_forum_subforum_count":0,"footnotes":""},"class_list":["post-591","page","type-page","status-publish","hentry"],"post_mailing_queue_ids":[],"_links":{"self":[{"href":"https:\/\/agora.xtec.cat\/escola-montroig-balaguer\/wp-json\/wp\/v2\/pages\/591","targetHints":{"allow":["GET"]}}],"collection":[{"href":"https:\/\/agora.xtec.cat\/escola-montroig-balaguer\/wp-json\/wp\/v2\/pages"}],"about":[{"href":"https:\/\/agora.xtec.cat\/escola-montroig-balaguer\/wp-json\/wp\/v2\/types\/page"}],"author":[{"embeddable":true,"href":"https:\/\/agora.xtec.cat\/escola-montroig-balaguer\/wp-json\/wp\/v2\/users\/3"}],"replies":[{"embeddable":true,"href":"https:\/\/agora.xtec.cat\/escola-montroig-balaguer\/wp-json\/wp\/v2\/comments?post=591"}],"version-history":[{"count":3,"href":"https:\/\/agora.xtec.cat\/escola-montroig-balaguer\/wp-json\/wp\/v2\/pages\/591\/revisions"}],"predecessor-version":[{"id":1292,"href":"https:\/\/agora.xtec.cat\/escola-montroig-balaguer\/wp-json\/wp\/v2\/pages\/591\/revisions\/1292"}],"up":[{"embeddable":true,"href":"https:\/\/agora.xtec.cat\/escola-montroig-balaguer\/wp-json\/wp\/v2\/pages\/22"}],"wp:attachment":[{"href":"https:\/\/agora.xtec.cat\/escola-montroig-balaguer\/wp-json\/wp\/v2\/media?parent=591"}],"curies":[{"name":"wp","href":"https:\/\/api.w.org\/{rel}","templated":true}]}}