{"id":532,"date":"2020-03-28T16:09:40","date_gmt":"2020-03-28T15:09:40","guid":{"rendered":"https:\/\/agora.xtec.cat\/escola-monmany\/?page_id=532"},"modified":"2020-04-18T23:45:33","modified_gmt":"2020-04-18T21:45:33","slug":"families","status":"publish","type":"page","link":"https:\/\/agora.xtec.cat\/escola-monmany\/families\/","title":{"rendered":"Fam\u00edlies"},"content":{"rendered":"<p>La fam\u00edlia \u00e9s el primer referent educatiu i tamb\u00e9 el principal responsable de l&#8217;educaci\u00f3 i el seguiment escolar dels fills\/es.<\/p>\n<p>Per una banda, un bon acompanyament implica:<\/p>\n<ul>\n<li style=\"list-style-type: none;\">\n<ul>\n<li style=\"list-style-type: none;\">\n<ul>\n<li>interessar-vos pel que fan a l\u2019escola,<\/li>\n<li>ajudar-los a organitzar el seu temps, assegurar-se que fan els deures,<\/li>\n<li>refor\u00e7ar els continguts escolars,<\/li>\n<li>aplicar a casa el que van aprenent i garantir-los un temps de descans i oci&#8230;<\/li>\n<\/ul>\n<\/li>\n<\/ul>\n<\/li>\n<\/ul>\n<p>D&#8217;altra banda, la fam\u00edlia ha de potenciar en els infants l&#8217;autoconeixement, l&#8217;autoestima, la capacitat d&#8217;autonomia, el valor de l&#8217;esfor\u00e7 i la responsabilitat.<\/p>\n<p>Per realitzar un bon seguiment i acompanyament escolar \u00e9s necessari que la fam\u00edlia i l&#8217;escola treballem conjuntament, des de la confian\u00e7a, amb coher\u00e8ncia i coordinaci\u00f3, de manera que all\u00f2 que es diu a l&#8217;escola ho reforceu des de casa, i a l&#8217;inrev\u00e9s.<\/p>\n<p>El seguiment i l&#8217;acompanyament escolar a casa han de servir perqu\u00e8 els vostres infants assoleixin de manera aut\u00f2noma i responsable els objectius escolars. Aquest proc\u00e9s l&#8217;heu d&#8217;anar adaptant a les edats i a les necessitats de cada moment. Aix\u00ed, doncs, us fem arribar els seg\u00fcents dos links que ens expliquen sobre el seguiment i acompanyament escolar a casa en cadascuna de les seg\u00fcents franges d\u2019edat:<\/p>\n<ul>\n<li style=\"list-style-type: none;\">\n<ul>\n<li style=\"list-style-type: none;\">\n<ul>\n<li><strong>3 a 6 anys:<\/strong> <a href=\"http:\/\/familiaiescola.gencat.cat\/ca\/escolaritat\/acompanyament-escolar-casa\/seguiment-acompanyament-escolar-casa\/3-6_anys\/\">http:\/\/familiaiescola.gencat.cat\/ca\/escolaritat\/acompanyament-escolar-casa\/seguiment-acompanyament-escolar-casa\/3-6_anys\/<\/a><\/li>\n<li><strong>6 a 12 anys:<\/strong> <a href=\"http:\/\/familiaiescola.gencat.cat\/ca\/escolaritat\/acompanyament-escolar-casa\/seguiment-acompanyament-escolar-casa\/6-12_anys\/\">http:\/\/familiaiescola.gencat.cat\/ca\/escolaritat\/acompanyament-escolar-casa\/seguiment-acompanyament-escolar-casa\/6-12_anys\/<\/a><\/li>\n<\/ul>\n<\/li>\n<\/ul>\n<\/li>\n<\/ul>\n<p>A m\u00e9s, si coneixeu les intel\u00b7lig\u00e8ncies m\u00e9s desenvolupades del vostre fill, el podreu acompanyar i orientar al llarg de tot el seu proc\u00e9s educatiu i donar-li una educaci\u00f3 completa.<\/p>\n<p style=\"text-align: center;\">L<strong>a coordinaci\u00f3 entre la fam\u00edlia i l&#8217;escola \u00e9s del tot necess\u00e0ria per mantenir una coher\u00e8ncia educativa entre el que els vostres infants fan a l\u2019escola i el que feu a casa.<\/strong><\/p>\n","protected":false},"excerpt":{"rendered":"<p>La fam\u00edlia \u00e9s el primer referent educatiu i tamb\u00e9 el principal responsable de l&#8217;educaci\u00f3 i el seguiment escolar dels fills\/es.<br \/>\nPer una banda, un bon acompanyament implica:<\/p>\n<ul>\n<li style=\"list-style-type: none;\">\n<ul>\n<li style=\"list-style-type: none;\">\n<ul>\n<li>interessar-vos pel que fan a l\u2019escola,<\/li>\n<li>ajudar-los a organitzar el seu temps, assegurar-se que fan els deures,<\/li>\n<li>refor\u00e7ar&hellip;  <a href=\"https:\/\/agora.xtec.cat\/escola-monmany\/families\/\" title=\"Read Fam\u00edlies\">Llegeix m\u00e9s\u00bb<\/a><br \/>\n","protected":false},"author":1,"featured_media":0,"parent":0,"menu_order":0,"comment_status":"closed","ping_status":"closed","template":"page-templates\/side-menu.php","meta":{"_bbp_topic_count":0,"_bbp_reply_count":0,"_bbp_total_topic_count":0,"_bbp_total_reply_count":0,"_bbp_voice_count":0,"_bbp_anonymous_reply_count":0,"_bbp_topic_count_hidden":0,"_bbp_reply_count_hidden":0,"_bbp_forum_subforum_count":0,"footnotes":""},"class_list":["post-532","page","type-page","status-publish","hentry"],"post_mailing_queue_ids":[],"_links":{"self":[{"href":"https:\/\/agora.xtec.cat\/escola-monmany\/wp-json\/wp\/v2\/pages\/532","targetHints":{"allow":["GET"]}}],"collection":[{"href":"https:\/\/agora.xtec.cat\/escola-monmany\/wp-json\/wp\/v2\/pages"}],"about":[{"href":"https:\/\/agora.xtec.cat\/escola-monmany\/wp-json\/wp\/v2\/types\/page"}],"author":[{"embeddable":true,"href":"https:\/\/agora.xtec.cat\/escola-monmany\/wp-json\/wp\/v2\/users\/1"}],"replies":[{"embeddable":true,"href":"https:\/\/agora.xtec.cat\/escola-monmany\/wp-json\/wp\/v2\/comments?post=532"}],"version-history":[{"count":3,"href":"https:\/\/agora.xtec.cat\/escola-monmany\/wp-json\/wp\/v2\/pages\/532\/revisions"}],"predecessor-version":[{"id":909,"href":"https:\/\/agora.xtec.cat\/escola-monmany\/wp-json\/wp\/v2\/pages\/532\/revisions\/909"}],"wp:attachment":[{"href":"https:\/\/agora.xtec.cat\/escola-monmany\/wp-json\/wp\/v2\/media?parent=532"}],"curies":[{"name":"wp","href":"https:\/\/api.w.org\/{rel}","templated":true}]}}