{"id":587,"date":"2018-09-16T18:05:56","date_gmt":"2018-09-16T16:05:56","guid":{"rendered":"http:\/\/agora.xtec.cat\/escola-mmm-mataro\/?page_id=587"},"modified":"2018-10-11T23:00:26","modified_gmt":"2018-10-11T21:00:26","slug":"adaptacio","status":"publish","type":"page","link":"https:\/\/agora.xtec.cat\/escola-mmm-mataro\/lescola\/adaptacio\/","title":{"rendered":"L&#8217;adaptaci\u00f3"},"content":{"rendered":"<h4><a href=\"https:\/\/agora.xtec.cat\/escola-mmm-mataro\/wp-content\/uploads\/usu1891\/2018\/10\/IMG_9663-Resolucion-de-Escritorio.jpg\"><img loading=\"lazy\" decoding=\"async\" class=\"wp-image-833 aligncenter\" src=\"https:\/\/agora.xtec.cat\/escola-mmm-mataro\/wp-content\/uploads\/usu1891\/2018\/10\/IMG_9663-Resolucion-de-Escritorio.jpg\" alt=\"\" width=\"478\" height=\"359\" srcset=\"https:\/\/agora.xtec.cat\/escola-mmm-mataro\/wp-content\/uploads\/usu1891\/2018\/10\/IMG_9663-Resolucion-de-Escritorio.jpg 993w, https:\/\/agora.xtec.cat\/escola-mmm-mataro\/wp-content\/uploads\/usu1891\/2018\/10\/IMG_9663-Resolucion-de-Escritorio-300x225.jpg 300w, https:\/\/agora.xtec.cat\/escola-mmm-mataro\/wp-content\/uploads\/usu1891\/2018\/10\/IMG_9663-Resolucion-de-Escritorio-768x576.jpg 768w, https:\/\/agora.xtec.cat\/escola-mmm-mataro\/wp-content\/uploads\/usu1891\/2018\/10\/IMG_9663-Resolucion-de-Escritorio-200x150.jpg 200w\" sizes=\"auto, (max-width: 478px) 100vw, 478px\" \/><\/a><\/h4>\n<h4><\/h4>\n<h4><strong>QU\u00c8 \u00c9S EL PER\u00cdODE D&#8217;ADAPTACI\u00d3?<br \/>\n<\/strong><\/h4>\n<p>&nbsp;<\/p>\n<p>Al principi, alguns nens i nenes estranyen l\u2019escola, els nous espais i tamb\u00e9 els nous mestres. \u00c9s una prova per al nen, per\u00f2 tamb\u00e9 ho \u00e9s pels pares. Normalment el nen no t\u00e9 grans problemes; moltes vegades s\u00f3n els pares els que no saben separar-se del fill i aix\u00f2 fa que el fill pregunti per ells, que els necessiti.<\/p>\n<p>La separaci\u00f3 tamb\u00e9 pot ser un moment de creixement positiu i important per al nen:<\/p>\n<p>&#8211; Es separar\u00e0 unes hores dels pares o cuidadors habituals i potser tindr\u00e0 m\u00e9s oportunitats de ser aut\u00f2nom.<\/p>\n<p>&#8211; Haur\u00e0 d\u2019aprendre a conviure amb altres nens que a vegades no tenen els mateixos interessos i costums, i per viure junts es necessari con\u00e8ixer-se i posar-se d\u2019acord.<\/p>\n<p>&#8211; Quan torni a casa comprovar\u00e0 que els pares no marxen i aprendran junts a valorar i millorar el temps que passen junts.<\/p>\n<p><em>Els pares i les mares podeu amb la vostra intervenci\u00f3, convertir aquesta \u201csituaci\u00f3\u201d en una experi\u00e8ncia rica, generosa, plena.<\/em><\/p>\n<h5><strong><span style=\"text-decoration: underline;\">QU\u00c8 FAR\u00c0 L&#8217;ESCOLA ?<\/span><br \/>\n<\/strong><\/h5>\n<p>&nbsp;<\/p>\n<ol>\n<li><strong> Reuni\u00f3 d\u2019aula de pares nous al juny<\/strong><\/li>\n<\/ol>\n<p>Reuni\u00f3 espec\u00edfica amb tots els pares i les mares dels nens i nenes que han estat admesos al centre. En aquesta reuni\u00f3 es parlar\u00e0 de l\u2019etapa infantil 3-6 i del per\u00edode d\u2019adaptaci\u00f3 a la nova escola. Tamb\u00e9 parlarem de les quotes de material i AMPA, i dels serveis d\u2019acollida matinal, menjador i extraescolars, aix\u00ed com del material necessari que haur\u00e0 de portar.<\/p>\n<ol start=\"2\">\n<li><strong> Entrevista amb la fam\u00edlia, primers de setembre. <\/strong><\/li>\n<\/ol>\n<p>Entrevista dels pares amb el\/la mestre\/a tutor\/a per recollir tota la informaci\u00f3 possible sobre el seu fill.<\/p>\n<ol start=\"3\">\n<li><strong> Entrevista amb la tutora de l\u2019escola bressol <\/strong><\/li>\n<\/ol>\n<p>Si el nen ha anat a escola bressol, o a una ludoteca, ens entrevistarem amb els mestres per tal de recollir tota la informaci\u00f3 possible sobre els seus progressos i evoluci\u00f3 personal.<\/p>\n<ol start=\"4\">\n<li><strong> Els primers dies. Entrada progressiva. <\/strong><\/li>\n<\/ol>\n<p>Durant la primera setmana, i en funci\u00f3 del nombre d\u2019alumnes, la incorporaci\u00f3 de l\u2019alumnat ser\u00e0 progressiva. Us ho explicarem a la reuni\u00f3 de pares i mares de 3 anys que farem al juny perqu\u00e8 dep\u00e8n del calendari.<\/p>\n<ol start=\"5\">\n<li><strong> Modificaci\u00f3 temporal de la programaci\u00f3 del curs. <\/strong><\/li>\n<\/ol>\n<p>Durant el per\u00edode d\u2019adaptaci\u00f3 la programaci\u00f3 de l\u2019aula \u2013 objectius, continguts i activitats \u2013 s\u2019adequa, m\u00e9s que mai, a les necessitats i demandes dels alumnes. Cada grup pot evolucionar de forma diferent i per tant\u00a0 cal preveure les diferents situacions que es poden donar.<\/p>\n","protected":false},"excerpt":{"rendered":"<p>QU\u00c8 \u00c9S EL PER\u00cdODE D&#8217;ADAPTACI\u00d3? &nbsp; Al principi, alguns nens i nenes estranyen l\u2019escola, els nous espais i tamb\u00e9 els nous mestres. \u00c9s una prova per al nen, per\u00f2 tamb\u00e9 ho \u00e9s pels pares. Normalment el nen no t\u00e9 grans problemes; moltes vegades s\u00f3n els pares els que no saben separar-se del fill i aix\u00f2 [&hellip;]<\/p>\n","protected":false},"author":1,"featured_media":0,"parent":22,"menu_order":60,"comment_status":"closed","ping_status":"closed","template":"page-templates\/side-menu.php","meta":{"_bbp_topic_count":0,"_bbp_reply_count":0,"_bbp_total_topic_count":0,"_bbp_total_reply_count":0,"_bbp_voice_count":0,"_bbp_anonymous_reply_count":0,"_bbp_topic_count_hidden":0,"_bbp_reply_count_hidden":0,"_bbp_forum_subforum_count":0,"site-sidebar-layout":"default","site-content-layout":"","ast-site-content-layout":"","site-content-style":"default","site-sidebar-style":"default","ast-global-header-display":"","ast-banner-title-visibility":"","ast-main-header-display":"","ast-hfb-above-header-display":"","ast-hfb-below-header-display":"","ast-hfb-mobile-header-display":"","site-post-title":"","ast-breadcrumbs-content":"","ast-featured-img":"","footer-sml-layout":"","theme-transparent-header-meta":"","adv-header-id-meta":"","stick-header-meta":"","header-above-stick-meta":"","header-main-stick-meta":"","header-below-stick-meta":"","astra-migrate-meta-layouts":"default","ast-page-background-enabled":"default","ast-page-background-meta":{"desktop":{"background-color":"var(--ast-global-color-4)","background-image":"","background-repeat":"repeat","background-position":"center center","background-size":"auto","background-attachment":"scroll","background-type":"","background-media":"","overlay-type":"","overlay-color":"","overlay-opacity":"","overlay-gradient":""},"tablet":{"background-color":"","background-image":"","background-repeat":"repeat","background-position":"center center","background-size":"auto","background-attachment":"scroll","background-type":"","background-media":"","overlay-type":"","overlay-color":"","overlay-opacity":"","overlay-gradient":""},"mobile":{"background-color":"","background-image":"","background-repeat":"repeat","background-position":"center center","background-size":"auto","background-attachment":"scroll","background-type":"","background-media":"","overlay-type":"","overlay-color":"","overlay-opacity":"","overlay-gradient":""}},"ast-content-background-meta":{"desktop":{"background-color":"var(--ast-global-color-5)","background-image":"","background-repeat":"repeat","background-position":"center center","background-size":"auto","background-attachment":"scroll","background-type":"","background-media":"","overlay-type":"","overlay-color":"","overlay-opacity":"","overlay-gradient":""},"tablet":{"background-color":"var(--ast-global-color-5)","background-image":"","background-repeat":"repeat","background-position":"center center","background-size":"auto","background-attachment":"scroll","background-type":"","background-media":"","overlay-type":"","overlay-color":"","overlay-opacity":"","overlay-gradient":""},"mobile":{"background-color":"var(--ast-global-color-5)","background-image":"","background-repeat":"repeat","background-position":"center center","background-size":"auto","background-attachment":"scroll","background-type":"","background-media":"","overlay-type":"","overlay-color":"","overlay-opacity":"","overlay-gradient":""}},"footnotes":""},"class_list":["post-587","page","type-page","status-publish","hentry"],"post_mailing_queue_ids":[],"_links":{"self":[{"href":"https:\/\/agora.xtec.cat\/escola-mmm-mataro\/wp-json\/wp\/v2\/pages\/587","targetHints":{"allow":["GET"]}}],"collection":[{"href":"https:\/\/agora.xtec.cat\/escola-mmm-mataro\/wp-json\/wp\/v2\/pages"}],"about":[{"href":"https:\/\/agora.xtec.cat\/escola-mmm-mataro\/wp-json\/wp\/v2\/types\/page"}],"author":[{"embeddable":true,"href":"https:\/\/agora.xtec.cat\/escola-mmm-mataro\/wp-json\/wp\/v2\/users\/1"}],"replies":[{"embeddable":true,"href":"https:\/\/agora.xtec.cat\/escola-mmm-mataro\/wp-json\/wp\/v2\/comments?post=587"}],"version-history":[{"count":4,"href":"https:\/\/agora.xtec.cat\/escola-mmm-mataro\/wp-json\/wp\/v2\/pages\/587\/revisions"}],"predecessor-version":[{"id":6472,"href":"https:\/\/agora.xtec.cat\/escola-mmm-mataro\/wp-json\/wp\/v2\/pages\/587\/revisions\/6472"}],"up":[{"embeddable":true,"href":"https:\/\/agora.xtec.cat\/escola-mmm-mataro\/wp-json\/wp\/v2\/pages\/22"}],"wp:attachment":[{"href":"https:\/\/agora.xtec.cat\/escola-mmm-mataro\/wp-json\/wp\/v2\/media?parent=587"}],"curies":[{"name":"wp","href":"https:\/\/api.w.org\/{rel}","templated":true}]}}