{"id":28,"date":"2014-09-18T11:01:35","date_gmt":"2014-09-18T09:01:35","guid":{"rendered":"http:\/\/agora.xtec.cat\/escola-mdroser-riudecols\/?page_id=28"},"modified":"2024-06-13T11:25:25","modified_gmt":"2024-06-13T09:25:25","slug":"consell-escolar","status":"publish","type":"page","link":"https:\/\/agora.xtec.cat\/escola-mdroser-riudecols\/lescola\/consell-escolar\/","title":{"rendered":"Consell escolar"},"content":{"rendered":"<h5 style=\"text-align: center;\">COMPOSICI\u00d3 DEL CONSELL ESCOLAR<\/h5>\n<h5 style=\"text-align: center;\">sorgits del proc\u00e9s d&#8217;elecci\u00f3 portat a terme com a conseq\u00fc\u00e8ncia de la resoluci\u00f3 de convocat\u00f2ria<\/h5>\n<h5 style=\"text-align: center;\">de 23 de novembre de 2023<\/h5>\n<table class=\" aligncenter\" width=\"662\">\n<tbody>\n<tr>\n<td style=\"text-align: left;\" width=\"302\">\n<pre><strong>Raquel Camacho Cobos<\/strong><\/pre>\n<\/td>\n<td width=\"359\">\n<pre><strong>Presidenta<\/strong><\/pre>\n<\/td>\n<\/tr>\n<tr>\n<td width=\"302\">\n<pre><strong>Rosa Samper Folqu\u00e9<\/strong><\/pre>\n<\/td>\n<td width=\"359\">\n<pre><strong>Representant de l\u2019Ajuntament<\/strong><\/pre>\n<\/td>\n<\/tr>\n<tr>\n<td width=\"302\">\n<pre><strong>Sara Alfonso Granero (2023)<\/strong><\/pre>\n<\/td>\n<td width=\"359\">\n<pre><strong>Representant dels mestres<\/strong><\/pre>\n<\/td>\n<\/tr>\n<tr>\n<td width=\"302\">\n<pre><strong>Rosa Balany\u00e0 Ferr\u00e9 (2023)<\/strong><\/pre>\n<\/td>\n<td width=\"359\">\n<pre><strong>Representant dels mestres<\/strong><\/pre>\n<\/td>\n<\/tr>\n<tr>\n<td width=\"302\">\n<pre><strong>Jordi L\u00f3pez Rull (2023)<\/strong><\/pre>\n<\/td>\n<td width=\"359\">\n<pre><strong>Representant dels mestres<\/strong><\/pre>\n<\/td>\n<\/tr>\n<tr>\n<td width=\"302\">\n<pre><strong>Francesc Javier Aragon\u00e8s Mestre (2023)<\/strong><\/pre>\n<\/td>\n<td width=\"359\">\n<pre><strong>Representant dels pares i mares d\u2019alumnes<\/strong><\/pre>\n<\/td>\n<\/tr>\n<tr>\n<td width=\"302\">\n<pre><strong>Pere Esp\u00edn Aguade (2023)<\/strong><\/pre>\n<\/td>\n<td width=\"359\">\n<pre><strong>Representant dels pares i mares d\u2019alumnes<\/strong><\/pre>\n<\/td>\n<\/tr>\n<tr>\n<td width=\"302\">\n<pre><strong>Athenais Zamorano Alarc\u00f3n (2021)<\/strong><\/pre>\n<\/td>\n<td width=\"359\">\n<pre><strong>Representant dels pares i mares d\u2019alumnes<\/strong><\/pre>\n<\/td>\n<\/tr>\n<tr>\n<td width=\"302\">\n<pre><strong>Ester Bravo Oliv\u00e9 (2023)\r\n<\/strong><\/pre>\n<\/td>\n<td width=\"359\">\n<pre><strong>Representant de l\u2019AMPA<\/strong><\/pre>\n<\/td>\n<\/tr>\n<tr>\n<td width=\"302\">\n<pre><strong>N\u00faria Oliv\u00e9 Marimon <\/strong><\/pre>\n<\/td>\n<td width=\"359\">\n<pre><strong>Secret\u00e0ria<\/strong><\/pre>\n<\/td>\n<\/tr>\n<\/tbody>\n<\/table>\n<h6 style=\"text-align: center;\">Comissi\u00f3 Econ\u00f2mica (Decret 198\/96, article 37 i Decret 199\/96, article 38):<\/h6>\n<table class=\" aligncenter\" width=\"657\">\n<tbody>\n<tr>\n<td width=\"298\">\n<pre><strong>Raquel Camacho Cobos<\/strong><\/pre>\n<\/td>\n<td width=\"359\">\n<pre><strong>Presidenta<\/strong><\/pre>\n<\/td>\n<\/tr>\n<tr>\n<td width=\"298\">\n<pre>Athenais Zamoranos Alarc\u00f3n<\/pre>\n<\/td>\n<td width=\"359\">\n<pre><strong>Representant dels pares i mares d\u2019alumnes<\/strong><\/pre>\n<\/td>\n<\/tr>\n<tr>\n<td width=\"298\">\n<pre><strong>Sara Alfonso Granero\r\n<\/strong><\/pre>\n<\/td>\n<td width=\"359\">\n<pre><strong>Representant dels mestres<\/strong><\/pre>\n<\/td>\n<\/tr>\n<tr>\n<td width=\"298\">\n<pre><strong>\u00a0<\/strong><\/pre>\n<p>Rosa Samper Folqu\u00e9<\/td>\n<td width=\"359\">\n<pre><strong>Representant de l\u2019Ajuntament<\/strong><\/pre>\n<\/td>\n<\/tr>\n<tr>\n<td width=\"298\">\n<pre><strong>N\u00faria Oliv\u00e9 Marimon<\/strong><\/pre>\n<\/td>\n<td width=\"359\">\n<pre><strong>Secret\u00e0ria<\/strong><\/pre>\n<\/td>\n<\/tr>\n<\/tbody>\n<\/table>\n<h6 style=\"text-align: center;\">Comissi\u00f3 de Conviv\u00e8ncia (Decret 266\/1997, de 17 d\u2019octubre, article 25.4):<\/h6>\n<table class=\" aligncenter\" width=\"652\">\n<tbody>\n<tr style=\"text-align: justify;\">\n<td width=\"293\">\n<pre><strong>Raquel Camacho Cobos<\/strong><\/pre>\n<\/td>\n<td width=\"359\">\n<pre><strong>Presidenta<\/strong><\/pre>\n<\/td>\n<\/tr>\n<tr style=\"text-align: justify;\">\n<td width=\"293\">\n<pre><strong>Pere Espin Aguade\r\n<\/strong><\/pre>\n<\/td>\n<td width=\"359\">\n<pre><strong>Representant dels pares i mares d\u2019alumnes<\/strong><\/pre>\n<\/td>\n<\/tr>\n<tr style=\"text-align: justify;\">\n<td width=\"293\">\n<pre><strong>Rosa Balany\u00e0 Ferr\u00e9<\/strong><\/pre>\n<\/td>\n<td width=\"359\">\n<pre><strong>Representant dels mestres<\/strong><\/pre>\n<\/td>\n<\/tr>\n<tr>\n<td style=\"text-align: justify;\" width=\"293\">\n<pre><strong>N\u00faria Oliv\u00e9 Marimon<\/strong><\/pre>\n<\/td>\n<td style=\"text-align: justify;\" width=\"359\">\n<pre><strong>Secret\u00e0ria<\/strong><\/pre>\n<\/td>\n<\/tr>\n<\/tbody>\n<\/table>\n<div style=\"text-align: left;\">\n<h6><span style=\"color: #ff6600;\">D&#8217;acord amb<em> l&#8217;article 46 del Decret 102\/2010, de 3 d&#8217;agost, d&#8217;autonomia dels centres educatius,\u00a0<\/em><\/span><span style=\"color: #ff6600;\">el Consell Escolar del centre es reuneix preceptivament una vegada al trimestre i sempre que el convoca el director o directora del centre o ho sol.licita al menys un ter\u00e7 de les seves persones membres. A m\u00e9s, s&#8217;ha de fer una reuni\u00f3 a principi de curs i una altra a la seva finalitzaci\u00f3.<\/span><\/h6>\n<\/div>\n<p>&nbsp;<\/p>\n<p style=\"text-align: center;\">\n","protected":false},"excerpt":{"rendered":"<p>COMPOSICI\u00d3 DEL CONSELL ESCOLAR<br \/>\nsorgits del proc\u00e9s d&#8217;elecci\u00f3 portat a terme com a conseq\u00fc\u00e8ncia de la resoluci\u00f3 de convocat\u00f2ria<br \/>\nde 23 de novembre de 2023<\/p>\n<p>Raquel Camacho Cobos<\/p>\n<p>Presidenta<\/p>\n<p>Rosa Samper Folqu\u00e9<\/p>\n<p>Representant de l\u2019Ajuntament<\/p>\n<p>Sara Alfonso Granero (2023)<\/p>\n<p>Representant dels mestres<\/p>\n<p>Rosa Balany\u00e0 Ferr\u00e9 (2023)<\/p>\n<p>Representant dels mestres<\/p>\n<p>Jordi L\u00f3pez Rull (2023)<\/p>\n<p>Representant dels mestres<\/p>\n<p>Francesc Javier&hellip;  <a href=\"https:\/\/agora.xtec.cat\/escola-mdroser-riudecols\/lescola\/consell-escolar\/\" title=\"Read Consell escolar\">Llegeix m\u00e9s\u00bb<\/a><\/p>\n","protected":false},"author":2,"featured_media":0,"parent":22,"menu_order":6,"comment_status":"closed","ping_status":"closed","template":"page-templates\/side-menu.php","meta":{"_bbp_topic_count":0,"_bbp_reply_count":0,"_bbp_total_topic_count":0,"_bbp_total_reply_count":0,"_bbp_voice_count":0,"_bbp_anonymous_reply_count":0,"_bbp_topic_count_hidden":0,"_bbp_reply_count_hidden":0,"_bbp_forum_subforum_count":0,"footnotes":""},"class_list":["post-28","page","type-page","status-publish","hentry"],"post_mailing_queue_ids":[],"_links":{"self":[{"href":"https:\/\/agora.xtec.cat\/escola-mdroser-riudecols\/wp-json\/wp\/v2\/pages\/28","targetHints":{"allow":["GET"]}}],"collection":[{"href":"https:\/\/agora.xtec.cat\/escola-mdroser-riudecols\/wp-json\/wp\/v2\/pages"}],"about":[{"href":"https:\/\/agora.xtec.cat\/escola-mdroser-riudecols\/wp-json\/wp\/v2\/types\/page"}],"author":[{"embeddable":true,"href":"https:\/\/agora.xtec.cat\/escola-mdroser-riudecols\/wp-json\/wp\/v2\/users\/2"}],"replies":[{"embeddable":true,"href":"https:\/\/agora.xtec.cat\/escola-mdroser-riudecols\/wp-json\/wp\/v2\/comments?post=28"}],"version-history":[{"count":9,"href":"https:\/\/agora.xtec.cat\/escola-mdroser-riudecols\/wp-json\/wp\/v2\/pages\/28\/revisions"}],"predecessor-version":[{"id":4614,"href":"https:\/\/agora.xtec.cat\/escola-mdroser-riudecols\/wp-json\/wp\/v2\/pages\/28\/revisions\/4614"}],"up":[{"embeddable":true,"href":"https:\/\/agora.xtec.cat\/escola-mdroser-riudecols\/wp-json\/wp\/v2\/pages\/22"}],"wp:attachment":[{"href":"https:\/\/agora.xtec.cat\/escola-mdroser-riudecols\/wp-json\/wp\/v2\/media?parent=28"}],"curies":[{"name":"wp","href":"https:\/\/api.w.org\/{rel}","templated":true}]}}