{"id":246,"date":"2016-07-29T15:14:48","date_gmt":"2016-07-29T14:14:48","guid":{"rendered":"http:\/\/agora.xtec.cat\/escola-mdroser-riudecols\/?page_id=246"},"modified":"2016-09-06T15:39:02","modified_gmt":"2016-09-06T14:39:02","slug":"documents","status":"publish","type":"page","link":"https:\/\/agora.xtec.cat\/escola-mdroser-riudecols\/documents\/","title":{"rendered":"Documents"},"content":{"rendered":"<p><a href=\"http:\/\/agora.xtec.cat\/escola-mdroser-riudecols\/wp-content\/uploads\/usu316\/2016\/09\/documents.jpg\"><img loading=\"lazy\" decoding=\"async\" class=\"size-full wp-image-998 alignleft\" src=\"http:\/\/agora.xtec.cat\/escola-mdroser-riudecols\/wp-content\/uploads\/usu316\/2016\/09\/documents.jpg\" alt=\"Folder icon ( 3d render) More Variations In My Portfolio\" width=\"448\" height=\"305\" srcset=\"https:\/\/agora.xtec.cat\/escola-mdroser-riudecols\/wp-content\/uploads\/usu316\/2016\/09\/documents.jpg 448w, https:\/\/agora.xtec.cat\/escola-mdroser-riudecols\/wp-content\/uploads\/usu316\/2016\/09\/documents-300x204.jpg 300w\" sizes=\"auto, (max-width: 448px) 100vw, 448px\" \/><\/a><\/p>\n<p>&nbsp;<\/p>\n<p>&nbsp;<\/p>\n<h3>En aquesta secci\u00f3 hi trobareu la documentaci\u00f3 del centre i altres documents que el centre lliura a les fam\u00edlies<\/h3>\n","protected":false},"excerpt":{"rendered":"<p><a href=\"http:\/\/agora.xtec.cat\/escola-mdroser-riudecols\/wp-content\/uploads\/usu316\/2016\/09\/documents.jpg\"><\/a><br \/>\n&nbsp;<br \/>\n&nbsp;<br \/>\nEn aquesta secci\u00f3 hi trobareu la documentaci\u00f3 del centre i altres documents que el centre lliura a les fam\u00edlies<\/p>\n","protected":false},"author":1,"featured_media":0,"parent":0,"menu_order":3,"comment_status":"closed","ping_status":"closed","template":"page-templates\/side-menu.php","meta":{"_bbp_topic_count":0,"_bbp_reply_count":0,"_bbp_total_topic_count":0,"_bbp_total_reply_count":0,"_bbp_voice_count":0,"_bbp_anonymous_reply_count":0,"_bbp_topic_count_hidden":0,"_bbp_reply_count_hidden":0,"_bbp_forum_subforum_count":0,"footnotes":""},"class_list":["post-246","page","type-page","status-publish","hentry"],"post_mailing_queue_ids":[],"_links":{"self":[{"href":"https:\/\/agora.xtec.cat\/escola-mdroser-riudecols\/wp-json\/wp\/v2\/pages\/246","targetHints":{"allow":["GET"]}}],"collection":[{"href":"https:\/\/agora.xtec.cat\/escola-mdroser-riudecols\/wp-json\/wp\/v2\/pages"}],"about":[{"href":"https:\/\/agora.xtec.cat\/escola-mdroser-riudecols\/wp-json\/wp\/v2\/types\/page"}],"author":[{"embeddable":true,"href":"https:\/\/agora.xtec.cat\/escola-mdroser-riudecols\/wp-json\/wp\/v2\/users\/1"}],"replies":[{"embeddable":true,"href":"https:\/\/agora.xtec.cat\/escola-mdroser-riudecols\/wp-json\/wp\/v2\/comments?post=246"}],"version-history":[{"count":3,"href":"https:\/\/agora.xtec.cat\/escola-mdroser-riudecols\/wp-json\/wp\/v2\/pages\/246\/revisions"}],"predecessor-version":[{"id":1004,"href":"https:\/\/agora.xtec.cat\/escola-mdroser-riudecols\/wp-json\/wp\/v2\/pages\/246\/revisions\/1004"}],"wp:attachment":[{"href":"https:\/\/agora.xtec.cat\/escola-mdroser-riudecols\/wp-json\/wp\/v2\/media?parent=246"}],"curies":[{"name":"wp","href":"https:\/\/api.w.org\/{rel}","templated":true}]}}