{"id":1338,"date":"2026-02-23T18:19:00","date_gmt":"2026-02-23T17:19:00","guid":{"rendered":"https:\/\/agora.xtec.cat\/escola-marinada-cambrils\/?page_id=1338"},"modified":"2026-02-26T00:03:13","modified_gmt":"2026-02-25T23:03:13","slug":"cicle-superior","status":"publish","type":"page","link":"https:\/\/agora.xtec.cat\/escola-marinada-cambrils\/cicle-superior\/","title":{"rendered":"Cicle Superior"},"content":{"rendered":"<p data-start=\"0\" data-end=\"291\">El <strong data-start=\"3\" data-end=\"21\">cicle superior<\/strong> correspon a l\u2019\u00faltima etapa de l\u2019educaci\u00f3 prim\u00e0ria i compr\u00e8n <strong data-start=\"82\" data-end=\"104\">cinqu\u00e8 i sis\u00e8 curs<\/strong>. \u00c9s un per\u00edode de maduresa acad\u00e8mica i personal, en qu\u00e8 l\u2019alumnat consolida els aprenentatges essencials, desenvolupa el pensament cr\u00edtic i es prepara per al pas a l\u2019educaci\u00f3 secund\u00e0ria.<\/p>\n<p data-start=\"322\" data-end=\"620\">Durant aquests dos cursos, els alumnes amplien i aprofundeixen els coneixements adquirits al llarg de la prim\u00e0ria, alhora que guanyen autonomia, responsabilitat i capacitat d\u2019organitzaci\u00f3. Es promou una actitud activa davant l\u2019aprenentatge, basada en la reflexi\u00f3, l\u2019an\u00e0lisi i la presa de decisions.<\/p>\n<p data-start=\"622\" data-end=\"809\">\u00c9s una etapa de creixement personal important, en qu\u00e8 es reforcen les compet\u00e8ncies acad\u00e8miques, socials i emocionals necess\u00e0ries per afrontar nous reptes educatius i vitals amb confian\u00e7a.<\/p>\n<h2 data-start=\"811\" data-end=\"846\">Com es treballa a cinqu\u00e8 i sis\u00e8?<\/h2>\n<p data-start=\"847\" data-end=\"1002\">Al cicle superior es potencia un aprenentatge competencial, reflexiu i cada vegada m\u00e9s aut\u00f2nom, que prepara l\u2019alumnat per a formes de treball m\u00e9s exigents.<\/p>\n<p data-start=\"847\" data-end=\"1002\">En definitiva, el cicle superior \u00e9s una etapa de consolidaci\u00f3 final de l\u2019educaci\u00f3 prim\u00e0ria, en qu\u00e8 l\u2019alumnat esdev\u00e9 m\u00e9s aut\u00f2nom, cr\u00edtic i responsable, preparant-se per iniciar amb seguretat i confian\u00e7a la nova etapa de l\u2019educaci\u00f3 secund\u00e0ria.<\/p>\n<h2>Visita els blogs del Cicle Superior<\/h2>\n<p><a href=\"https:\/\/sites.google.com\/escolamarinada.org\/pagellipalaia\/p%C3%A0gina-principal\">5\u00e8 Pagell i Palaia<\/a><\/p>\n<p><a href=\"https:\/\/sites.google.com\/escolamarinada.org\/escolamarinada\/p%C3%A0gina-principal\">6\u00e8 Raps i Sardines<\/a><\/p>\n<p>&nbsp;<\/p>\n<p data-start=\"847\" data-end=\"1002\">\n","protected":false},"excerpt":{"rendered":"<p>El cicle superior correspon a l\u2019\u00faltima etapa de l\u2019educaci\u00f3 prim\u00e0ria i compr\u00e8n cinqu\u00e8 i sis\u00e8 curs. \u00c9s un per\u00edode de maduresa acad\u00e8mica i personal, en qu\u00e8 l\u2019alumnat consolida els aprenentatges essencials, desenvolupa el pensament cr\u00edtic i es prepara per al pas a l\u2019educaci\u00f3 secund\u00e0ria. Durant aquests dos cursos, els alumnes amplien i aprofundeixen els coneixements [&hellip;]<\/p>\n","protected":false},"author":1,"featured_media":0,"parent":0,"menu_order":0,"comment_status":"closed","ping_status":"closed","template":"","meta":{"_bbp_topic_count":0,"_bbp_reply_count":0,"_bbp_total_topic_count":0,"_bbp_total_reply_count":0,"_bbp_voice_count":0,"_bbp_anonymous_reply_count":0,"_bbp_topic_count_hidden":0,"_bbp_reply_count_hidden":0,"_bbp_forum_subforum_count":0,"site-sidebar-layout":"default","site-content-layout":"","ast-site-content-layout":"default","site-content-style":"default","site-sidebar-style":"default","ast-global-header-display":"","ast-banner-title-visibility":"","ast-main-header-display":"","ast-hfb-above-header-display":"","ast-hfb-below-header-display":"","ast-hfb-mobile-header-display":"","site-post-title":"","ast-breadcrumbs-content":"","ast-featured-img":"","footer-sml-layout":"","theme-transparent-header-meta":"default","adv-header-id-meta":"","stick-header-meta":"","header-above-stick-meta":"","header-main-stick-meta":"","header-below-stick-meta":"","astra-migrate-meta-layouts":"set","ast-page-background-enabled":"default","ast-page-background-meta":{"desktop":{"background-color":"var(--ast-global-color-4)","background-image":"","background-repeat":"repeat","background-position":"center center","background-size":"auto","background-attachment":"scroll","background-type":"","background-media":"","overlay-type":"","overlay-color":"","overlay-opacity":"","overlay-gradient":""},"tablet":{"background-color":"","background-image":"","background-repeat":"repeat","background-position":"center center","background-size":"auto","background-attachment":"scroll","background-type":"","background-media":"","overlay-type":"","overlay-color":"","overlay-opacity":"","overlay-gradient":""},"mobile":{"background-color":"","background-image":"","background-repeat":"repeat","background-position":"center center","background-size":"auto","background-attachment":"scroll","background-type":"","background-media":"","overlay-type":"","overlay-color":"","overlay-opacity":"","overlay-gradient":""}},"ast-content-background-meta":{"desktop":{"background-color":"var(--ast-global-color-5)","background-image":"","background-repeat":"repeat","background-position":"center center","background-size":"auto","background-attachment":"scroll","background-type":"","background-media":"","overlay-type":"","overlay-color":"","overlay-opacity":"","overlay-gradient":""},"tablet":{"background-color":"var(--ast-global-color-5)","background-image":"","background-repeat":"repeat","background-position":"center center","background-size":"auto","background-attachment":"scroll","background-type":"","background-media":"","overlay-type":"","overlay-color":"","overlay-opacity":"","overlay-gradient":""},"mobile":{"background-color":"var(--ast-global-color-5)","background-image":"","background-repeat":"repeat","background-position":"center center","background-size":"auto","background-attachment":"scroll","background-type":"","background-media":"","overlay-type":"","overlay-color":"","overlay-opacity":"","overlay-gradient":""}},"footnotes":""},"class_list":["post-1338","page","type-page","status-publish","hentry"],"post_mailing_queue_ids":[],"_links":{"self":[{"href":"https:\/\/agora.xtec.cat\/escola-marinada-cambrils\/wp-json\/wp\/v2\/pages\/1338","targetHints":{"allow":["GET"]}}],"collection":[{"href":"https:\/\/agora.xtec.cat\/escola-marinada-cambrils\/wp-json\/wp\/v2\/pages"}],"about":[{"href":"https:\/\/agora.xtec.cat\/escola-marinada-cambrils\/wp-json\/wp\/v2\/types\/page"}],"author":[{"embeddable":true,"href":"https:\/\/agora.xtec.cat\/escola-marinada-cambrils\/wp-json\/wp\/v2\/users\/1"}],"replies":[{"embeddable":true,"href":"https:\/\/agora.xtec.cat\/escola-marinada-cambrils\/wp-json\/wp\/v2\/comments?post=1338"}],"version-history":[{"count":6,"href":"https:\/\/agora.xtec.cat\/escola-marinada-cambrils\/wp-json\/wp\/v2\/pages\/1338\/revisions"}],"predecessor-version":[{"id":1402,"href":"https:\/\/agora.xtec.cat\/escola-marinada-cambrils\/wp-json\/wp\/v2\/pages\/1338\/revisions\/1402"}],"wp:attachment":[{"href":"https:\/\/agora.xtec.cat\/escola-marinada-cambrils\/wp-json\/wp\/v2\/media?parent=1338"}],"curies":[{"name":"wp","href":"https:\/\/api.w.org\/{rel}","templated":true}]}}