{"id":19809,"date":"2021-07-02T13:44:09","date_gmt":"2021-07-02T11:44:09","guid":{"rendered":"https:\/\/agora.xtec.cat\/escola-les-roques\/?page_id=19809"},"modified":"2026-02-12T11:57:30","modified_gmt":"2026-02-12T10:57:30","slug":"documents-generals","status":"publish","type":"page","link":"https:\/\/agora.xtec.cat\/escola-les-roques\/documents-generals\/","title":{"rendered":"Documents generals"},"content":{"rendered":"<table style=\"border-collapse: collapse; width: 100.215%; height: 240px;\">\n<tbody>\n<tr style=\"height: 32px;\">\n<td style=\"width: 50%; height: 32px;\"><a href=\"https:\/\/agora.xtec.cat\/escola-les-roques\/wp-content\/uploads\/usu2105\/2020\/09\/actual_2_NOFC_escola_les_Roques-2.pdf\">NOFC &#8211; Normes d&#8217;Organitzaci\u00f3 i Funcionament del Centre<\/a><\/td>\n<td style=\"width: 50%; height: 32px;\"><a href=\"https:\/\/agora.xtec.cat\/escola-les-roques\/wp-content\/uploads\/usu2105\/2020\/09\/actual_2_convivencia_escola_les_roques.pdf\">PdC &#8211; Projecte de Conviv\u00e8ncia<\/a><\/td>\n<\/tr>\n<tr style=\"height: 32px;\">\n<td style=\"width: 50%; height: 32px;\"><a href=\"https:\/\/agora.xtec.cat\/escola-les-roques\/wp-content\/uploads\/usu2105\/2021\/02\/PES_PA_escoles_verdes_2020_24.pdf\">PES &#8211; Pla d&#8217;Educaci\u00f3 per a la Sostenibilitat (Escoles Verdes 2020-24)<\/a><\/td>\n<td style=\"width: 50%; height: 32px;\"><a href=\"https:\/\/agora.xtec.cat\/escola-les-roques\/wp-content\/uploads\/usu2105\/2023\/05\/PLC_Projecte_linguistic_Les_Roques_2022.pdf\">PLC &#8211; Projecte linguistic<\/a><\/td>\n<\/tr>\n<tr style=\"height: 32px;\">\n<td style=\"width: 50%; height: 32px;\"><a href=\"https:\/\/agora.xtec.cat\/escola-les-roques\/wp-content\/uploads\/usu2105\/2021\/06\/PLEC_escola_les_roques_vilanova_de_sau.pdf\">PLEC &#8211; Pla de Lectura de Centre<\/a><\/td>\n<td style=\"width: 50%; height: 32px;\"><a href=\"https:\/\/agora.xtec.cat\/escola-les-roques\/wp-content\/uploads\/usu2105\/2020\/10\/protocol_nevades_2020_21_complert.pdf\">Protocol de nevades<\/a><\/td>\n<\/tr>\n<tr style=\"height: 32px;\">\n<td style=\"width: 50%; height: 32px;\"><a href=\"https:\/\/agora.xtec.cat\/escola-les-roques\/wp-content\/uploads\/usu2105\/2021\/06\/pla_digital_programacio_2021.pdf\">TAC: Pla d&#8217;Educaci\u00f3 Digital<\/a><\/td>\n<td style=\"width: 50%; height: 32px;\"><a href=\"https:\/\/drive.google.com\/file\/d\/1jxRp2xhLaTe1dspRKQJ0NQnC77xErVSH\/view?usp=sharing\">Pla funcionament menjador 25\/26\u00a0 \u00a07iTria<\/a><\/td>\n<\/tr>\n<tr style=\"height: 32px;\">\n<td style=\"width: 50%; height: 32px;\"><a href=\"https:\/\/sites.google.com\/xtec.cat\/edc-escola-les-roques\/inici\">EDC &#8211; Estrat\u00e8gia digital de centre<\/a><\/td>\n<td style=\"width: 50%; height: 32px;\"><a href=\"https:\/\/agora.xtec.cat\/escola-les-roques\/wp-content\/uploads\/usu2105\/2023\/06\/PA_Pla_acollida_les_roques.pdf\">Pla d&#8217;acollida digital<\/a><\/td>\n<\/tr>\n<tr style=\"height: 32px;\">\n<td style=\"width: 50%; height: 32px;\"><a href=\"https:\/\/agora.xtec.cat\/escola-les-roques\/wp-content\/uploads\/usu2105\/2023\/06\/pla_de_comuniacio.pdf\">Pla de comuniaci\u00f3<\/a><\/td>\n<td style=\"width: 50%; height: 32px;\"><a href=\"https:\/\/agora.xtec.cat\/escola-les-roques\/documents-generals\/attachment\/08031290-escola-les-roques\/\" rel=\"attachment wp-att-20885\">Informe Final de Mentoria &#8211; EDC &#8211; Escola Les Roques 2022\/24<\/a><\/td>\n<\/tr>\n<tr style=\"height: 48px;\">\n<td style=\"width: 50%; height: 48px;\">\u00a0<\/td>\n<td style=\"width: 50%; height: 48px;\"><a href=\"https:\/\/drive.google.com\/file\/d\/1EOeL27dEvDq4KHaxC8e5nPmFoRxqPyEM\/view?usp=sharing\">MAC (Mem\u00f2ria anual de centre curs 2024-2025)<\/a><\/td>\n<\/tr>\n<\/tbody>\n<\/table>\n\n\n<p><\/p>\n","protected":false},"excerpt":{"rendered":"<p>NOFC &#8211; Normes d&#8217;Organitzaci\u00f3 i Funcionament del Centre PdC &#8211; Projecte de Conviv\u00e8ncia PES &#8211; Pla d&#8217;Educaci\u00f3 per a la [&hellip;]<\/p>\n","protected":false},"author":1,"featured_media":0,"parent":0,"menu_order":0,"comment_status":"closed","ping_status":"closed","template":"","meta":{"_bbp_topic_count":0,"_bbp_reply_count":0,"_bbp_total_topic_count":0,"_bbp_total_reply_count":0,"_bbp_voice_count":0,"_bbp_anonymous_reply_count":0,"_bbp_topic_count_hidden":0,"_bbp_reply_count_hidden":0,"_bbp_forum_subforum_count":0,"site-sidebar-layout":"default","site-content-layout":"","ast-site-content-layout":"default","site-content-style":"default","site-sidebar-style":"default","ast-global-header-display":"","ast-banner-title-visibility":"","ast-main-header-display":"","ast-hfb-above-header-display":"","ast-hfb-below-header-display":"","ast-hfb-mobile-header-display":"","site-post-title":"","ast-breadcrumbs-content":"","ast-featured-img":"","footer-sml-layout":"","theme-transparent-header-meta":"","adv-header-id-meta":"","stick-header-meta":"","header-above-stick-meta":"","header-main-stick-meta":"","header-below-stick-meta":"","astra-migrate-meta-layouts":"set","ast-page-background-enabled":"default","ast-page-background-meta":{"desktop":{"background-color":"var(--ast-global-color-4)","background-image":"","background-repeat":"repeat","background-position":"center center","background-size":"auto","background-attachment":"scroll","background-type":"","background-media":"","overlay-type":"","overlay-color":"","overlay-opacity":"","overlay-gradient":""},"tablet":{"background-color":"","background-image":"","background-repeat":"repeat","background-position":"center center","background-size":"auto","background-attachment":"scroll","background-type":"","background-media":"","overlay-type":"","overlay-color":"","overlay-opacity":"","overlay-gradient":""},"mobile":{"background-color":"","background-image":"","background-repeat":"repeat","background-position":"center center","background-size":"auto","background-attachment":"scroll","background-type":"","background-media":"","overlay-type":"","overlay-color":"","overlay-opacity":"","overlay-gradient":""}},"ast-content-background-meta":{"desktop":{"background-color":"var(--ast-global-color-5)","background-image":"","background-repeat":"repeat","background-position":"center center","background-size":"auto","background-attachment":"scroll","background-type":"","background-media":"","overlay-type":"","overlay-color":"","overlay-opacity":"","overlay-gradient":""},"tablet":{"background-color":"var(--ast-global-color-5)","background-image":"","background-repeat":"repeat","background-position":"center center","background-size":"auto","background-attachment":"scroll","background-type":"","background-media":"","overlay-type":"","overlay-color":"","overlay-opacity":"","overlay-gradient":""},"mobile":{"background-color":"var(--ast-global-color-5)","background-image":"","background-repeat":"repeat","background-position":"center center","background-size":"auto","background-attachment":"scroll","background-type":"","background-media":"","overlay-type":"","overlay-color":"","overlay-opacity":"","overlay-gradient":""}},"footnotes":""},"class_list":["post-19809","page","type-page","status-publish","hentry"],"post_mailing_queue_ids":[],"_links":{"self":[{"href":"https:\/\/agora.xtec.cat\/escola-les-roques\/wp-json\/wp\/v2\/pages\/19809","targetHints":{"allow":["GET"]}}],"collection":[{"href":"https:\/\/agora.xtec.cat\/escola-les-roques\/wp-json\/wp\/v2\/pages"}],"about":[{"href":"https:\/\/agora.xtec.cat\/escola-les-roques\/wp-json\/wp\/v2\/types\/page"}],"author":[{"embeddable":true,"href":"https:\/\/agora.xtec.cat\/escola-les-roques\/wp-json\/wp\/v2\/users\/1"}],"replies":[{"embeddable":true,"href":"https:\/\/agora.xtec.cat\/escola-les-roques\/wp-json\/wp\/v2\/comments?post=19809"}],"version-history":[{"count":6,"href":"https:\/\/agora.xtec.cat\/escola-les-roques\/wp-json\/wp\/v2\/pages\/19809\/revisions"}],"predecessor-version":[{"id":21586,"href":"https:\/\/agora.xtec.cat\/escola-les-roques\/wp-json\/wp\/v2\/pages\/19809\/revisions\/21586"}],"wp:attachment":[{"href":"https:\/\/agora.xtec.cat\/escola-les-roques\/wp-json\/wp\/v2\/media?parent=19809"}],"curies":[{"name":"wp","href":"https:\/\/api.w.org\/{rel}","templated":true}]}}