{"id":8470,"date":"2024-12-13T13:38:29","date_gmt":"2024-12-13T12:38:29","guid":{"rendered":"https:\/\/agora.xtec.cat\/escola-les-escomes\/?page_id=8470"},"modified":"2026-01-15T10:31:49","modified_gmt":"2026-01-15T09:31:49","slug":"club-de-lectura","status":"publish","type":"page","link":"https:\/\/agora.xtec.cat\/escola-les-escomes\/club-de-lectura\/","title":{"rendered":"Club de lectura"},"content":{"rendered":"\n<p>El Club de Lectura de l\u2019Escola Les Escomes \u00e9s un espai de trobada per a infants de <strong>4t, 5\u00e8 i 6\u00e8<\/strong> que gaudeixen llegint i compartint lectures. A trav\u00e9s dels llibres, conversem, expressem opinions i descobrim noves hist\u00f2ries i mirades.<\/p>\n\n\n\n<p>\u00c9s un espai acollidor on la lectura es viu com un plaer i on fomentem el gust per llegir, el di\u00e0leg i el pensament cr\u00edtic que es porta a terme un cop al trimestre durant 1h .<\/p>\n\n\n\n<p>El primer trimestre hem llegit: <\/p>\n\n\n\n<figure class=\"wp-block-image size-large\"><a href=\"https:\/\/agora.xtec.cat\/escola-les-escomes\/wp-content\/uploads\/usu361\/2026\/01\/llibres-CLUB-DE-LECTURA.png\"><img loading=\"lazy\" decoding=\"async\" width=\"724\" height=\"1024\" src=\"https:\/\/agora.xtec.cat\/escola-les-escomes\/wp-content\/uploads\/usu361\/2026\/01\/llibres-CLUB-DE-LECTURA-724x1024.png\" alt=\"\" class=\"wp-image-9550\" srcset=\"https:\/\/agora.xtec.cat\/escola-les-escomes\/wp-content\/uploads\/usu361\/2026\/01\/llibres-CLUB-DE-LECTURA-724x1024.png 724w, https:\/\/agora.xtec.cat\/escola-les-escomes\/wp-content\/uploads\/usu361\/2026\/01\/llibres-CLUB-DE-LECTURA-212x300.png 212w, https:\/\/agora.xtec.cat\/escola-les-escomes\/wp-content\/uploads\/usu361\/2026\/01\/llibres-CLUB-DE-LECTURA-768x1086.png 768w, https:\/\/agora.xtec.cat\/escola-les-escomes\/wp-content\/uploads\/usu361\/2026\/01\/llibres-CLUB-DE-LECTURA-1086x1536.png 1086w, https:\/\/agora.xtec.cat\/escola-les-escomes\/wp-content\/uploads\/usu361\/2026\/01\/llibres-CLUB-DE-LECTURA.png 1414w\" sizes=\"auto, (max-width: 724px) 100vw, 724px\" \/><\/a><\/figure>\n","protected":false},"excerpt":{"rendered":"<p>El Club de Lectura de l\u2019Escola Les Escomes \u00e9s un espai de trobada per a infants de 4t, 5\u00e8 i 6\u00e8 que gaudeixen llegint i compartint lectures. A trav\u00e9s dels llibres, conversem, expressem opinions i descobrim noves hist\u00f2ries i mirades. \u00c9s un espai acollidor on la lectura es viu com un plaer i on fomentem [&hellip;]<\/p>\n","protected":false},"author":1,"featured_media":0,"parent":0,"menu_order":0,"comment_status":"closed","ping_status":"close","template":"","meta":{"_bbp_topic_count":0,"_bbp_reply_count":0,"_bbp_total_topic_count":0,"_bbp_total_reply_count":0,"_bbp_voice_count":0,"_bbp_anonymous_reply_count":0,"_bbp_topic_count_hidden":0,"_bbp_reply_count_hidden":0,"_bbp_forum_subforum_count":0,"site-sidebar-layout":"default","site-content-layout":"","ast-site-content-layout":"default","site-content-style":"default","site-sidebar-style":"default","ast-global-header-display":"","ast-banner-title-visibility":"","ast-main-header-display":"","ast-hfb-above-header-display":"","ast-hfb-below-header-display":"","ast-hfb-mobile-header-display":"","site-post-title":"","ast-breadcrumbs-content":"","ast-featured-img":"","footer-sml-layout":"","theme-transparent-header-meta":"","adv-header-id-meta":"","stick-header-meta":"","header-above-stick-meta":"","header-main-stick-meta":"","header-below-stick-meta":"","astra-migrate-meta-layouts":"set","ast-page-background-enabled":"default","ast-page-background-meta":{"desktop":{"background-color":"var(--ast-global-color-4)","background-image":"","background-repeat":"repeat","background-position":"center center","background-size":"auto","background-attachment":"scroll","background-type":"","background-media":"","overlay-type":"","overlay-color":"","overlay-opacity":"","overlay-gradient":""},"tablet":{"background-color":"","background-image":"","background-repeat":"repeat","background-position":"center center","background-size":"auto","background-attachment":"scroll","background-type":"","background-media":"","overlay-type":"","overlay-color":"","overlay-opacity":"","overlay-gradient":""},"mobile":{"background-color":"","background-image":"","background-repeat":"repeat","background-position":"center center","background-size":"auto","background-attachment":"scroll","background-type":"","background-media":"","overlay-type":"","overlay-color":"","overlay-opacity":"","overlay-gradient":""}},"ast-content-background-meta":{"desktop":{"background-color":"var(--ast-global-color-5)","background-image":"","background-repeat":"repeat","background-position":"center center","background-size":"auto","background-attachment":"scroll","background-type":"","background-media":"","overlay-type":"","overlay-color":"","overlay-opacity":"","overlay-gradient":""},"tablet":{"background-color":"var(--ast-global-color-5)","background-image":"","background-repeat":"repeat","background-position":"center center","background-size":"auto","background-attachment":"scroll","background-type":"","background-media":"","overlay-type":"","overlay-color":"","overlay-opacity":"","overlay-gradient":""},"mobile":{"background-color":"var(--ast-global-color-5)","background-image":"","background-repeat":"repeat","background-position":"center center","background-size":"auto","background-attachment":"scroll","background-type":"","background-media":"","overlay-type":"","overlay-color":"","overlay-opacity":"","overlay-gradient":""}},"footnotes":""},"class_list":["post-8470","page","type-page","status-publish","hentry"],"post_mailing_queue_ids":[],"_links":{"self":[{"href":"https:\/\/agora.xtec.cat\/escola-les-escomes\/wp-json\/wp\/v2\/pages\/8470","targetHints":{"allow":["GET"]}}],"collection":[{"href":"https:\/\/agora.xtec.cat\/escola-les-escomes\/wp-json\/wp\/v2\/pages"}],"about":[{"href":"https:\/\/agora.xtec.cat\/escola-les-escomes\/wp-json\/wp\/v2\/types\/page"}],"author":[{"embeddable":true,"href":"https:\/\/agora.xtec.cat\/escola-les-escomes\/wp-json\/wp\/v2\/users\/1"}],"replies":[{"embeddable":true,"href":"https:\/\/agora.xtec.cat\/escola-les-escomes\/wp-json\/wp\/v2\/comments?post=8470"}],"version-history":[{"count":6,"href":"https:\/\/agora.xtec.cat\/escola-les-escomes\/wp-json\/wp\/v2\/pages\/8470\/revisions"}],"predecessor-version":[{"id":9551,"href":"https:\/\/agora.xtec.cat\/escola-les-escomes\/wp-json\/wp\/v2\/pages\/8470\/revisions\/9551"}],"wp:attachment":[{"href":"https:\/\/agora.xtec.cat\/escola-les-escomes\/wp-json\/wp\/v2\/media?parent=8470"}],"curies":[{"name":"wp","href":"https:\/\/api.w.org\/{rel}","templated":true}]}}

<p>El Club de Lectura de l’Escola Les Escomes és un espai de trobada per a infants de <strong>4t, 5è i 6è</strong> que gaudeixen llegint i compartint lectures. A través dels llibres, conversem, expressem opinions i descobrim noves històries i mirades.</p>



<p>És un espai acollidor on la lectura es viu com un plaer i on fomentem el gust per llegir, el diàleg i el pensament crític que es porta a terme un cop al trimestre durant 1h .</p>



<p>El primer trimestre hem llegit: </p>



<figure class="wp-block-image size-large"><a href="https://agora.xtec.cat/escola-les-escomes/wp-content/uploads/usu361/2026/01/llibres-CLUB-DE-LECTURA.png"><img loading="lazy" decoding="async" width="724" height="1024" src="https://agora.xtec.cat/escola-les-escomes/wp-content/uploads/usu361/2026/01/llibres-CLUB-DE-LECTURA-724x1024.png" alt="" class="wp-image-9550" srcset="https://agora.xtec.cat/escola-les-escomes/wp-content/uploads/usu361/2026/01/llibres-CLUB-DE-LECTURA-724x1024.png 724w, https://agora.xtec.cat/escola-les-escomes/wp-content/uploads/usu361/2026/01/llibres-CLUB-DE-LECTURA-212x300.png 212w, https://agora.xtec.cat/escola-les-escomes/wp-content/uploads/usu361/2026/01/llibres-CLUB-DE-LECTURA-768x1086.png 768w, https://agora.xtec.cat/escola-les-escomes/wp-content/uploads/usu361/2026/01/llibres-CLUB-DE-LECTURA-1086x1536.png 1086w, https://agora.xtec.cat/escola-les-escomes/wp-content/uploads/usu361/2026/01/llibres-CLUB-DE-LECTURA.png 1414w" sizes="auto, (max-width: 724px) 100vw, 724px" /></a></figure>

<p>El Club de Lectura de l’Escola Les Escomes és un espai de trobada per a infants de 4t, 5è i 6è que gaudeixen llegint i compartint lectures. A través dels llibres, conversem, expressem opinions i descobrim noves històries i mirades. És un espai acollidor on la lectura es viu com un plaer i on fomentem [&hellip;]</p>
