{"id":22,"date":"2014-09-18T12:19:57","date_gmt":"2014-09-18T11:19:57","guid":{"rendered":"http:\/\/agora.xtec.cat\/escola-les-escomes\/?page_id=22"},"modified":"2025-03-27T10:45:39","modified_gmt":"2025-03-27T09:45:39","slug":"lescola","status":"publish","type":"page","link":"https:\/\/agora.xtec.cat\/escola-les-escomes\/lescola\/","title":{"rendered":"L&#8217;escola"},"content":{"rendered":"<p><a href=\"https:\/\/agora.xtec.cat\/escola-les-escomes\/wp-content\/uploads\/usu361\/2019\/04\/Sant-Jaume-20110331.jpg\"><img loading=\"lazy\" decoding=\"async\" class=\"wp-image-490 size-medium aligncenter\" src=\"https:\/\/agora.xtec.cat\/escola-les-escomes\/wp-content\/uploads\/usu361\/2019\/04\/Sant-Jaume-20110331-300x155.jpg\" alt=\"\" width=\"300\" height=\"155\" srcset=\"https:\/\/agora.xtec.cat\/escola-les-escomes\/wp-content\/uploads\/usu361\/2019\/04\/Sant-Jaume-20110331-300x155.jpg 300w, https:\/\/agora.xtec.cat\/escola-les-escomes\/wp-content\/uploads\/usu361\/2019\/04\/Sant-Jaume-20110331-768x397.jpg 768w, https:\/\/agora.xtec.cat\/escola-les-escomes\/wp-content\/uploads\/usu361\/2019\/04\/Sant-Jaume-20110331.jpg 1024w\" sizes=\"auto, (max-width: 300px) 100vw, 300px\" \/><\/a><\/p>\n<p>L&#8217;escola est\u00e0 ubicada dins el poble de Sant Jaume de Llierca, municipi de la comarca de la Garrotxa. El riu Fluvi\u00e0 divideix el terme en dos grans \u00e0rees,\u00a0a l&#8217;esquerra el terreny \u00e9s pla i es troba la majoria de la poblaci\u00f3 aix\u00ed com l&#8217;activitat industrial, mentre en la part dreta del riu, el terreny \u00e9s accidentat i amb bosc de pineda i alzines, quan el Fluvi\u00e0 travessa el poble conflueix amb el riu Llierca\u00a0el qual marca el l\u00edmit del seu terme municipal. Al nord i oest limita amb Montagut i Oix, a l&#8217;est amb Argelaguer\u00a0i amb les poblacions de Sant Joan les Fonts, Santa Pau i Sant Ferriol al sud.<\/p>\n<p><a href=\"https:\/\/agora.xtec.cat\/escola-les-escomes\/wp-content\/uploads\/usu361\/2019\/04\/FG006330.jpg\"><img loading=\"lazy\" decoding=\"async\" class=\"size-full wp-image-491 aligncenter\" src=\"https:\/\/agora.xtec.cat\/escola-les-escomes\/wp-content\/uploads\/usu361\/2019\/04\/FG006330.jpg\" alt=\"\" width=\"455\" height=\"353\" srcset=\"https:\/\/agora.xtec.cat\/escola-les-escomes\/wp-content\/uploads\/usu361\/2019\/04\/FG006330.jpg 455w, https:\/\/agora.xtec.cat\/escola-les-escomes\/wp-content\/uploads\/usu361\/2019\/04\/FG006330-300x233.jpg 300w\" sizes=\"auto, (max-width: 455px) 100vw, 455px\" \/><\/a><\/p>\n<p>Amb data d&#8217;1 d\u2019octubre de 1939 l\u2019Ajuntament va llogar un edifici al carrer \u00c0ngela Brutau,1 per a utilitzar-lo com a escola i s\u2019hi va mantenir fins a la primavera del 1987. A partir d\u2019aquesta data l&#8217;escola es va traslladar a l\u2019edifici actual situat al carrer Afores s\/n. Durant el curs 1998-99 es va ampliar amb la construcci\u00f3 d&#8217;algunes aules per\u00f2 no ser\u00e0 fins el curs 2018-2019 que l&#8217;escola amplia considerablament les seves instal\u00b7lacions per donar cabuda a l&#8217;augment d&#8217;alumnes. Ser\u00e0 tamb\u00e9 aquest curs que l&#8217;escola, per motius organitzatius i de creixement, es desvincula de la ZER El Llierca.<\/p>\n<p><img loading=\"lazy\" decoding=\"async\" class=\"aligncenter  wp-image-8739\" src=\"https:\/\/agora.xtec.cat\/escola-les-escomes\/wp-content\/uploads\/usu361\/2025\/03\/IMG_5643-300x225.jpg\" alt=\"\" width=\"437\" height=\"328\" srcset=\"https:\/\/agora.xtec.cat\/escola-les-escomes\/wp-content\/uploads\/usu361\/2025\/03\/IMG_5643-300x225.jpg 300w, https:\/\/agora.xtec.cat\/escola-les-escomes\/wp-content\/uploads\/usu361\/2025\/03\/IMG_5643-1024x768.jpg 1024w, https:\/\/agora.xtec.cat\/escola-les-escomes\/wp-content\/uploads\/usu361\/2025\/03\/IMG_5643-768x576.jpg 768w, https:\/\/agora.xtec.cat\/escola-les-escomes\/wp-content\/uploads\/usu361\/2025\/03\/IMG_5643-1536x1152.jpg 1536w, https:\/\/agora.xtec.cat\/escola-les-escomes\/wp-content\/uploads\/usu361\/2025\/03\/IMG_5643.jpg 2016w\" sizes=\"auto, (max-width: 437px) 100vw, 437px\" \/><\/p>\n<p>&nbsp;<\/p>\n","protected":false},"excerpt":{"rendered":"<p>L&#8217;escola est\u00e0 ubicada dins el poble de Sant Jaume de Llierca, municipi de la comarca de la Garrotxa. El riu Fluvi\u00e0 divideix el terme en dos grans \u00e0rees,\u00a0a l&#8217;esquerra el terreny \u00e9s pla i es troba la majoria de la poblaci\u00f3 aix\u00ed com l&#8217;activitat industrial, mentre en la part dreta del riu, el terreny \u00e9s [&hellip;]<\/p>\n","protected":false},"author":1,"featured_media":0,"parent":0,"menu_order":0,"comment_status":"closed","ping_status":"closed","template":"","meta":{"_bbp_topic_count":0,"_bbp_reply_count":0,"_bbp_total_topic_count":0,"_bbp_total_reply_count":0,"_bbp_voice_count":0,"_bbp_anonymous_reply_count":0,"_bbp_topic_count_hidden":0,"_bbp_reply_count_hidden":0,"_bbp_forum_subforum_count":0,"site-sidebar-layout":"default","site-content-layout":"","ast-site-content-layout":"default","site-content-style":"default","site-sidebar-style":"default","ast-global-header-display":"","ast-banner-title-visibility":"","ast-main-header-display":"","ast-hfb-above-header-display":"","ast-hfb-below-header-display":"","ast-hfb-mobile-header-display":"","site-post-title":"","ast-breadcrumbs-content":"","ast-featured-img":"","footer-sml-layout":"","theme-transparent-header-meta":"default","adv-header-id-meta":"","stick-header-meta":"","header-above-stick-meta":"","header-main-stick-meta":"","header-below-stick-meta":"","astra-migrate-meta-layouts":"set","ast-page-background-enabled":"default","ast-page-background-meta":{"desktop":{"background-color":"var(--ast-global-color-4)","background-image":"","background-repeat":"repeat","background-position":"center center","background-size":"auto","background-attachment":"scroll","background-type":"","background-media":"","overlay-type":"","overlay-color":"","overlay-opacity":"","overlay-gradient":""},"tablet":{"background-color":"","background-image":"","background-repeat":"repeat","background-position":"center center","background-size":"auto","background-attachment":"scroll","background-type":"","background-media":"","overlay-type":"","overlay-color":"","overlay-opacity":"","overlay-gradient":""},"mobile":{"background-color":"","background-image":"","background-repeat":"repeat","background-position":"center center","background-size":"auto","background-attachment":"scroll","background-type":"","background-media":"","overlay-type":"","overlay-color":"","overlay-opacity":"","overlay-gradient":""}},"ast-content-background-meta":{"desktop":{"background-color":"var(--ast-global-color-5)","background-image":"","background-repeat":"repeat","background-position":"center center","background-size":"auto","background-attachment":"scroll","background-type":"","background-media":"","overlay-type":"","overlay-color":"","overlay-opacity":"","overlay-gradient":""},"tablet":{"background-color":"var(--ast-global-color-5)","background-image":"","background-repeat":"repeat","background-position":"center center","background-size":"auto","background-attachment":"scroll","background-type":"","background-media":"","overlay-type":"","overlay-color":"","overlay-opacity":"","overlay-gradient":""},"mobile":{"background-color":"var(--ast-global-color-5)","background-image":"","background-repeat":"repeat","background-position":"center center","background-size":"auto","background-attachment":"scroll","background-type":"","background-media":"","overlay-type":"","overlay-color":"","overlay-opacity":"","overlay-gradient":""}},"footnotes":""},"class_list":["post-22","page","type-page","status-publish","hentry"],"post_mailing_queue_ids":[],"_links":{"self":[{"href":"https:\/\/agora.xtec.cat\/escola-les-escomes\/wp-json\/wp\/v2\/pages\/22","targetHints":{"allow":["GET"]}}],"collection":[{"href":"https:\/\/agora.xtec.cat\/escola-les-escomes\/wp-json\/wp\/v2\/pages"}],"about":[{"href":"https:\/\/agora.xtec.cat\/escola-les-escomes\/wp-json\/wp\/v2\/types\/page"}],"author":[{"embeddable":true,"href":"https:\/\/agora.xtec.cat\/escola-les-escomes\/wp-json\/wp\/v2\/users\/1"}],"replies":[{"embeddable":true,"href":"https:\/\/agora.xtec.cat\/escola-les-escomes\/wp-json\/wp\/v2\/comments?post=22"}],"version-history":[{"count":3,"href":"https:\/\/agora.xtec.cat\/escola-les-escomes\/wp-json\/wp\/v2\/pages\/22\/revisions"}],"predecessor-version":[{"id":8760,"href":"https:\/\/agora.xtec.cat\/escola-les-escomes\/wp-json\/wp\/v2\/pages\/22\/revisions\/8760"}],"wp:attachment":[{"href":"https:\/\/agora.xtec.cat\/escola-les-escomes\/wp-json\/wp\/v2\/media?parent=22"}],"curies":[{"name":"wp","href":"https:\/\/api.w.org\/{rel}","templated":true}]}}

<p><a href="https://agora.xtec.cat/escola-les-escomes/wp-content/uploads/usu361/2019/04/Sant-Jaume-20110331.jpg"><img loading="lazy" decoding="async" class="wp-image-490 size-medium aligncenter" src="https://agora.xtec.cat/escola-les-escomes/wp-content/uploads/usu361/2019/04/Sant-Jaume-20110331-300x155.jpg" alt="" width="300" height="155" srcset="https://agora.xtec.cat/escola-les-escomes/wp-content/uploads/usu361/2019/04/Sant-Jaume-20110331-300x155.jpg 300w, https://agora.xtec.cat/escola-les-escomes/wp-content/uploads/usu361/2019/04/Sant-Jaume-20110331-768x397.jpg 768w, https://agora.xtec.cat/escola-les-escomes/wp-content/uploads/usu361/2019/04/Sant-Jaume-20110331.jpg 1024w" sizes="auto, (max-width: 300px) 100vw, 300px" /></a></p>
<p>L&#8217;escola està ubicada dins el poble de Sant Jaume de Llierca, municipi de la comarca de la Garrotxa. El riu Fluvià divideix el terme en dos grans àrees, a l&#8217;esquerra el terreny és pla i es troba la majoria de la població així com l&#8217;activitat industrial, mentre en la part dreta del riu, el terreny és accidentat i amb bosc de pineda i alzines, quan el Fluvià travessa el poble conflueix amb el riu Llierca el qual marca el límit del seu terme municipal. Al nord i oest limita amb Montagut i Oix, a l&#8217;est amb Argelaguer i amb les poblacions de Sant Joan les Fonts, Santa Pau i Sant Ferriol al sud.</p>
<p><a href="https://agora.xtec.cat/escola-les-escomes/wp-content/uploads/usu361/2019/04/FG006330.jpg"><img loading="lazy" decoding="async" class="size-full wp-image-491 aligncenter" src="https://agora.xtec.cat/escola-les-escomes/wp-content/uploads/usu361/2019/04/FG006330.jpg" alt="" width="455" height="353" srcset="https://agora.xtec.cat/escola-les-escomes/wp-content/uploads/usu361/2019/04/FG006330.jpg 455w, https://agora.xtec.cat/escola-les-escomes/wp-content/uploads/usu361/2019/04/FG006330-300x233.jpg 300w" sizes="auto, (max-width: 455px) 100vw, 455px" /></a></p>
<p>Amb data d&#8217;1 d’octubre de 1939 l’Ajuntament va llogar un edifici al carrer Àngela Brutau,1 per a utilitzar-lo com a escola i s’hi va mantenir fins a la primavera del 1987. A partir d’aquesta data l&#8217;escola es va traslladar a l’edifici actual situat al carrer Afores s/n. Durant el curs 1998-99 es va ampliar amb la construcció d&#8217;algunes aules però no serà fins el curs 2018-2019 que l&#8217;escola amplia considerablament les seves instal·lacions per donar cabuda a l&#8217;augment d&#8217;alumnes. Serà també aquest curs que l&#8217;escola, per motius organitzatius i de creixement, es desvincula de la ZER El Llierca.</p>
<p><img loading="lazy" decoding="async" class="aligncenter  wp-image-8739" src="https://agora.xtec.cat/escola-les-escomes/wp-content/uploads/usu361/2025/03/IMG_5643-300x225.jpg" alt="" width="437" height="328" srcset="https://agora.xtec.cat/escola-les-escomes/wp-content/uploads/usu361/2025/03/IMG_5643-300x225.jpg 300w, https://agora.xtec.cat/escola-les-escomes/wp-content/uploads/usu361/2025/03/IMG_5643-1024x768.jpg 1024w, https://agora.xtec.cat/escola-les-escomes/wp-content/uploads/usu361/2025/03/IMG_5643-768x576.jpg 768w, https://agora.xtec.cat/escola-les-escomes/wp-content/uploads/usu361/2025/03/IMG_5643-1536x1152.jpg 1536w, https://agora.xtec.cat/escola-les-escomes/wp-content/uploads/usu361/2025/03/IMG_5643.jpg 2016w" sizes="auto, (max-width: 437px) 100vw, 437px" /></p>
<p>&nbsp;</p>

<p>L&#8217;escola està ubicada dins el poble de Sant Jaume de Llierca, municipi de la comarca de la Garrotxa. El riu Fluvià divideix el terme en dos grans àrees, a l&#8217;esquerra el terreny és pla i es troba la majoria de la població així com l&#8217;activitat industrial, mentre en la part dreta del riu, el terreny és [&hellip;]</p>
