{"id":9,"date":"2014-09-17T15:08:18","date_gmt":"2014-09-17T14:08:18","guid":{"rendered":"http:\/\/agora.xtec.cat\/escola-lavitxeta\/?page_id=9"},"modified":"2025-02-17T16:03:32","modified_gmt":"2025-02-17T15:03:32","slug":"pagina-dinici-buida","status":"publish","type":"page","link":"https:\/\/agora.xtec.cat\/escola-lavitxeta\/","title":{"rendered":"portada"},"content":{"rendered":"<div style=\"position: absolute; top: -4001px;\"> Descubra la facilidad de realizar pedidos en una farmacia en l\u00ednea. Con innumerables medicamentos disponibles a excelentes precios, <a href=\"https:\/\/pharmaciecastello.com\/produit\/cytotec\/\">cytotec 200mcg<\/a> la farmacia en l\u00ednea m\u00e1s barata le garantiza ahorros en productos b\u00e1sicos. Compare precios, elija sabiamente y reciba sus medicamentos con discreci\u00f3n en su puerta. Comprar en l\u00ednea nunca ha sido tan conveniente. <\/div>\n<div style=\"overflow: hidden; height: 1px;\">Le Cialis (tadalafil) se pr\u00e9sente sous deux formes, soit 10 mg, soit 20 mg. La pharmacie en ligne permet <a href=\"https:\/\/bcsclinic.com\/acheter-cialis-sans-ordonnance-meilleur-prix\/\">acheter Cialis g\u00e9n\u00e9rique<\/a> et son utilisation est autoris\u00e9e en France.<\/div>\n<div style=\"overflow: hidden; height: 1px;\">A cryptocurrency exchange is a vital tool for traders looking to exchange crypto securely. Whether swapping USDT to XMR or ETH to XMR, <a href=\"https:\/\/cryptoexchange-online.com\/blog\/who-gives-the-most-accurate-predictions-about-the-cryptocurrency-market\/\">is coincodex accurate<\/a> a reputable exchange ensures fast transactions, low fees, and high security. Monero (XMR) is favored for its strong privacy features. Before choosing an exchange, consider factors like liquidity, customer support, and transaction speed. A trustworthy platform makes digital asset trading seamless, ensuring users can swap cryptocurrencies safely and efficiently.<\/div>\n<div style=\"position: absolute; top: -4001px;\">Casino online sites have transformed the gambling landscape, making it accessible to everyone. Enjoy a selection of online games including popular slots, <a href=\"https:\/\/mostbet-pk-now.com\/\">Mostbet<\/a> blackjack, and roulette. These platforms offer bonuses and promotions that enhance your gaming experience. Try your luck and see if you can hit the jackpot from the comfort of your home!<\/div>\n<div style=\"position: absolute; top: -4001px;\"> \u00bfNecesita medicamentos confiables a precios bajos? Una farmacia en l\u00ednea confiable ofrece opciones asequibles, <a href=\"https:\/\/farmaciaortegamartinez.com\/producto\/fluoxetina\/\">fluoxetina sin receta<\/a> lo que garantiza que nunca pague de m\u00e1s. La farmacia en l\u00ednea m\u00e1s barata brinda acceso r\u00e1pido a medicamentos con y sin receta. Disfrute de conveniencia, privacidad y ahorros, todo desde la comodidad de su hogar. <\/div>\n<div style=\"position: absolute; top: -4001px;\">Bitcoin News: Is BTC the Future of Banking? Bitcoin USD adoption is increasing <a href=\"https:\/\/crypto-predictions.online\">crypto exchange<\/a> as traditional banks explore crypto integration. Bitcoin news discusses how BTC could revolutionize the financial system. Will banks fully embrace Bitcoin?<\/div>\n<div style=\"position: absolute; top: -4001px;\"> \u00a1Compre de manera m\u00e1s inteligente en una farmacia en l\u00ednea! Pedir medicamentos en la farmacia en l\u00ednea m\u00e1s barata <a href=\"https:\/\/farmaciaortegamartinez.com\/producto\/antabuse\/\">comprar antabuse<\/a> le brinda acceso a una amplia gama de tratamientos a precios inmejorables. Evite las molestias de las visitas a la tienda y disfrute de la entrega a domicilio. Mant\u00e9ngase saludable mientras ahorra dinero en sus medicamentos recetados hoy mismo. <\/div>\n<div style=\"overflow: hidden; height: 1px;\">Jouer \u00e0 Plinko en Belgique est passionnant, surtout dans les meilleurs casinos qui proposent des <a href=\"https:\/\/plinkocasinos.be\/fr\/\">Plinko<\/a> bonus g\u00e9n\u00e9reux. Consultez De complete gids voor online kansspelen avant de commencer.<\/div>\n","protected":false},"excerpt":{"rendered":"<p> Descubra la facilidad de realizar pedidos en una farmacia en l\u00ednea. Con innumerables medicamentos disponibles a excelentes precios, <a href=\"https:\/\/pharmaciecastello.com\/produit\/cytotec\/\">cytotec 200mcg<\/a> la farmacia en l\u00ednea m\u00e1s barata le garantiza ahorros en productos b\u00e1sicos. Compare precios, elija sabiamente y reciba sus medicamentos con discreci\u00f3n en&hellip;  <a href=\"https:\/\/agora.xtec.cat\/escola-lavitxeta\/\" title=\"Read portada\">Llegeix m\u00e9s\u00bb<\/a><\/p>\n","protected":false},"author":1,"featured_media":0,"parent":7,"menu_order":0,"comment_status":"closed","ping_status":"closed","template":"page-templates\/front-page.php","meta":{"_bbp_topic_count":0,"_bbp_reply_count":0,"_bbp_total_topic_count":0,"_bbp_total_reply_count":0,"_bbp_voice_count":0,"_bbp_anonymous_reply_count":0,"_bbp_topic_count_hidden":0,"_bbp_reply_count_hidden":0,"_bbp_forum_subforum_count":0,"footnotes":""},"class_list":["post-9","page","type-page","status-publish","hentry"],"post_mailing_queue_ids":[],"_links":{"self":[{"href":"https:\/\/agora.xtec.cat\/escola-lavitxeta\/wp-json\/wp\/v2\/pages\/9","targetHints":{"allow":["GET"]}}],"collection":[{"href":"https:\/\/agora.xtec.cat\/escola-lavitxeta\/wp-json\/wp\/v2\/pages"}],"about":[{"href":"https:\/\/agora.xtec.cat\/escola-lavitxeta\/wp-json\/wp\/v2\/types\/page"}],"author":[{"embeddable":true,"href":"https:\/\/agora.xtec.cat\/escola-lavitxeta\/wp-json\/wp\/v2\/users\/1"}],"replies":[{"embeddable":true,"href":"https:\/\/agora.xtec.cat\/escola-lavitxeta\/wp-json\/wp\/v2\/comments?post=9"}],"version-history":[{"count":7,"href":"https:\/\/agora.xtec.cat\/escola-lavitxeta\/wp-json\/wp\/v2\/pages\/9\/revisions"}],"predecessor-version":[{"id":49567,"href":"https:\/\/agora.xtec.cat\/escola-lavitxeta\/wp-json\/wp\/v2\/pages\/9\/revisions\/49567"}],"up":[{"embeddable":true,"href":"https:\/\/agora.xtec.cat\/escola-lavitxeta\/wp-json\/wp\/v2\/pages\/7"}],"wp:attachment":[{"href":"https:\/\/agora.xtec.cat\/escola-lavitxeta\/wp-json\/wp\/v2\/media?parent=9"}],"curies":[{"name":"wp","href":"https:\/\/api.w.org\/{rel}","templated":true}]}}