{"id":47777,"date":"2022-05-30T14:17:25","date_gmt":"2022-05-30T12:17:25","guid":{"rendered":"https:\/\/agora.xtec.cat\/escola-lavitxeta\/?page_id=47777"},"modified":"2022-06-03T11:38:42","modified_gmt":"2022-06-03T09:38:42","slug":"oferta-activitats","status":"publish","type":"page","link":"https:\/\/agora.xtec.cat\/escola-lavitxeta\/activitats-extraescolars\/oferta-activitats\/","title":{"rendered":"Oferta d&#8217;Activitats Extraescolars"},"content":{"rendered":"<p style=\"text-align: center;\"><span style=\"text-decoration: underline;\"><strong>(ESPAI EN CONSTRUCCI\u00d3)<\/strong><\/span><\/p>\n<p>Pel curs 2022-2023, l&#8217;AMIPA La Vitxeta ofereix un gran ventall d&#8217;activitat extraescolars, de diferent tipologia i tem\u00e0tica. A continuaci\u00f3, us les presentem i expliquem classificades per \u00e0rees (clicant a sobre de cada tipus accedireu a la p\u00e0gina amb les explicacions):<\/p>\n<p><a href=\"https:\/\/agora.xtec.cat\/escola-lavitxeta\/activitats-extraescolars\/oferta-activitats\/activitats-artistiques-i-creatives\/\">Activitats Art\u00edstiques i Creatives<\/a><\/p>\n<p><a href=\"https:\/\/agora.xtec.cat\/escola-lavitxeta\/activitats-extraescolars\/oferta-activitats\/activitats-esportives-i-fisiques\/\">Activitats Esportives i F\u00edsiques<\/a><\/p>\n<p><a href=\"https:\/\/agora.xtec.cat\/escola-lavitxeta\/activitats-extraescolars\/oferta-activitats\/cuina\/\">Cuina<\/a><\/p>\n<p><a href=\"https:\/\/agora.xtec.cat\/escola-lavitxeta\/activitats-extraescolars\/oferta-activitats\/idiomes\/\">Idiomes<\/a><\/p>\n<p><a href=\"https:\/\/agora.xtec.cat\/escola-lavitxeta\/activitats-extraescolars\/oferta-activitats\/robotica-lleure-tecnologic\/\">Rob\u00f2tica &#8211; Lleure Tecnol\u00f2gic<\/a><\/p>\n<p>&nbsp;<\/p>\n","protected":false},"excerpt":{"rendered":"<p>(ESPAI EN CONSTRUCCI\u00d3)<br \/>\nPel curs 2022-2023, l&#8217;AMIPA La Vitxeta ofereix un gran ventall d&#8217;activitat extraescolars, de diferent tipologia i tem\u00e0tica. A continuaci\u00f3, us les presentem i expliquem classificades per \u00e0rees (clicant a sobre de cada tipus accedireu a la p\u00e0gina amb les explicacions):<br \/>\n<a href=\"https:\/\/agora.xtec.cat\/escola-lavitxeta\/activitats-extraescolars\/oferta-activitats\/activitats-artistiques-i-creatives\/\">Activitats Art\u00edstiques i&hellip;  <a href=\"https:\/\/agora.xtec.cat\/escola-lavitxeta\/activitats-extraescolars\/oferta-activitats\/\" title=\"Read Oferta d&#8217;Activitats Extraescolars\">Llegeix m\u00e9s\u00bb<\/a><\/p>\n","protected":false},"author":33,"featured_media":0,"parent":642,"menu_order":0,"comment_status":"closed","ping_status":"closed","template":"","meta":{"_bbp_topic_count":0,"_bbp_reply_count":0,"_bbp_total_topic_count":0,"_bbp_total_reply_count":0,"_bbp_voice_count":0,"_bbp_anonymous_reply_count":0,"_bbp_topic_count_hidden":0,"_bbp_reply_count_hidden":0,"_bbp_forum_subforum_count":0,"footnotes":""},"class_list":["post-47777","page","type-page","status-publish","hentry"],"post_mailing_queue_ids":[],"_links":{"self":[{"href":"https:\/\/agora.xtec.cat\/escola-lavitxeta\/wp-json\/wp\/v2\/pages\/47777","targetHints":{"allow":["GET"]}}],"collection":[{"href":"https:\/\/agora.xtec.cat\/escola-lavitxeta\/wp-json\/wp\/v2\/pages"}],"about":[{"href":"https:\/\/agora.xtec.cat\/escola-lavitxeta\/wp-json\/wp\/v2\/types\/page"}],"author":[{"embeddable":true,"href":"https:\/\/agora.xtec.cat\/escola-lavitxeta\/wp-json\/wp\/v2\/users\/33"}],"replies":[{"embeddable":true,"href":"https:\/\/agora.xtec.cat\/escola-lavitxeta\/wp-json\/wp\/v2\/comments?post=47777"}],"version-history":[{"count":3,"href":"https:\/\/agora.xtec.cat\/escola-lavitxeta\/wp-json\/wp\/v2\/pages\/47777\/revisions"}],"predecessor-version":[{"id":47834,"href":"https:\/\/agora.xtec.cat\/escola-lavitxeta\/wp-json\/wp\/v2\/pages\/47777\/revisions\/47834"}],"up":[{"embeddable":true,"href":"https:\/\/agora.xtec.cat\/escola-lavitxeta\/wp-json\/wp\/v2\/pages\/642"}],"wp:attachment":[{"href":"https:\/\/agora.xtec.cat\/escola-lavitxeta\/wp-json\/wp\/v2\/media?parent=47777"}],"curies":[{"name":"wp","href":"https:\/\/api.w.org\/{rel}","templated":true}]}}