{"id":45628,"date":"2021-02-05T11:04:06","date_gmt":"2021-02-05T10:04:06","guid":{"rendered":"http:\/\/agora.xtec.cat\/escola-lavitxeta\/?page_id=45628"},"modified":"2021-02-08T12:53:36","modified_gmt":"2021-02-08T11:53:36","slug":"la-clika","status":"publish","type":"page","link":"https:\/\/agora.xtec.cat\/escola-lavitxeta\/la-clika\/","title":{"rendered":"La Clika"},"content":{"rendered":"<p><span style=\"font-weight: 400;\"><img loading=\"lazy\" decoding=\"async\" class=\"aligncenter size-full wp-image-45649\" src=\"https:\/\/agora.xtec.cat\/escola-lavitxeta\/wp-content\/uploads\/usu1195\/2021\/02\/LA-CLIKA.png\" alt=\"\" width=\"1131\" height=\"1600\" srcset=\"https:\/\/agora.xtec.cat\/escola-lavitxeta\/wp-content\/uploads\/usu1195\/2021\/02\/LA-CLIKA.png 1131w, https:\/\/agora.xtec.cat\/escola-lavitxeta\/wp-content\/uploads\/usu1195\/2021\/02\/LA-CLIKA-212x300.png 212w, https:\/\/agora.xtec.cat\/escola-lavitxeta\/wp-content\/uploads\/usu1195\/2021\/02\/LA-CLIKA-768x1086.png 768w, https:\/\/agora.xtec.cat\/escola-lavitxeta\/wp-content\/uploads\/usu1195\/2021\/02\/LA-CLIKA-724x1024.png 724w\" sizes=\"auto, (max-width: 1131px) 100vw, 1131px\" \/><\/span><\/p>\n<p><span style=\"font-weight: 400;\"><a href=\"https:\/\/laclika.cat\/\">La Clika<\/a> \u00e9s un projecte musical\/cantata organitzada per <\/span><b><i>Cases de la M\u00fasica.<\/i><\/b> <span style=\"font-weight: 400;\">Aquest curs 20-21 hi participem per primera vegada amb els alumnes de 2n.<\/span><\/p>\n<p><b><i>Les Cases de la M\u00fasica<\/i><\/b><span style=\"font-weight: 400;\"> s\u00f3n un projecte sociomusical en xarxa de Catalunya, neix el 2005 i est\u00e0 destinat a potenciar la m\u00fasica en viu en totes les seves vessants: Formaci\u00f3, Creaci\u00f3, Exhibici\u00f3 (concerts) i Participaci\u00f3 ciutadana i dinamitzaci\u00f3.<\/span><\/p>\n<p><span style=\"font-weight: 400;\">Onze can\u00e7ons creades per components de grups com Gertrudis, Xiula o XerrameQ<\/span><\/p>\n<p><span style=\"font-weight: 400;\">Les lletres parlen de l\u2019amistat i valors universals com l\u2019autoestima, les emocions, l\u2019ecologisme, el bulling, la cooperaci\u00f3, la igualtat de g\u00e8nere, cultura popular\u2026<\/span><\/p>\n","protected":false},"excerpt":{"rendered":"<p><a href=\"https:\/\/laclika.cat\/\">La Clika<\/a> \u00e9s un projecte musical\/cantata organitzada per Cases de la M\u00fasica. Aquest curs 20-21 hi participem per primera vegada amb els alumnes de 2n.<br \/>\nLes Cases de la M\u00fasica s\u00f3n un projecte sociomusical en xarxa de Catalunya, neix el 2005 i est\u00e0 destinat a&hellip;  <a href=\"https:\/\/agora.xtec.cat\/escola-lavitxeta\/la-clika\/\" title=\"Read La Clika\">Llegeix m\u00e9s\u00bb<\/a><\/p>\n","protected":false},"author":1,"featured_media":0,"parent":0,"menu_order":0,"comment_status":"closed","ping_status":"closed","template":"","meta":{"_bbp_topic_count":0,"_bbp_reply_count":0,"_bbp_total_topic_count":0,"_bbp_total_reply_count":0,"_bbp_voice_count":0,"_bbp_anonymous_reply_count":0,"_bbp_topic_count_hidden":0,"_bbp_reply_count_hidden":0,"_bbp_forum_subforum_count":0,"footnotes":""},"class_list":["post-45628","page","type-page","status-publish","hentry"],"post_mailing_queue_ids":[],"_links":{"self":[{"href":"https:\/\/agora.xtec.cat\/escola-lavitxeta\/wp-json\/wp\/v2\/pages\/45628","targetHints":{"allow":["GET"]}}],"collection":[{"href":"https:\/\/agora.xtec.cat\/escola-lavitxeta\/wp-json\/wp\/v2\/pages"}],"about":[{"href":"https:\/\/agora.xtec.cat\/escola-lavitxeta\/wp-json\/wp\/v2\/types\/page"}],"author":[{"embeddable":true,"href":"https:\/\/agora.xtec.cat\/escola-lavitxeta\/wp-json\/wp\/v2\/users\/1"}],"replies":[{"embeddable":true,"href":"https:\/\/agora.xtec.cat\/escola-lavitxeta\/wp-json\/wp\/v2\/comments?post=45628"}],"version-history":[{"count":3,"href":"https:\/\/agora.xtec.cat\/escola-lavitxeta\/wp-json\/wp\/v2\/pages\/45628\/revisions"}],"predecessor-version":[{"id":45652,"href":"https:\/\/agora.xtec.cat\/escola-lavitxeta\/wp-json\/wp\/v2\/pages\/45628\/revisions\/45652"}],"wp:attachment":[{"href":"https:\/\/agora.xtec.cat\/escola-lavitxeta\/wp-json\/wp\/v2\/media?parent=45628"}],"curies":[{"name":"wp","href":"https:\/\/api.w.org\/{rel}","templated":true}]}}