{"id":37273,"date":"2019-01-31T19:04:36","date_gmt":"2019-01-31T18:04:36","guid":{"rendered":"http:\/\/agora.xtec.cat\/escola-lavitxeta\/?page_id=37273"},"modified":"2019-01-31T22:19:25","modified_gmt":"2019-01-31T21:19:25","slug":"escola-de-mares-i-pares","status":"publish","type":"page","link":"https:\/\/agora.xtec.cat\/escola-lavitxeta\/escola-de-mares-i-pares\/","title":{"rendered":"Escola de mares i pares"},"content":{"rendered":"<p style=\"text-align: justify;\">Cada any la\u00a0<a href=\"https:\/\/agora.xtec.cat\/escola-lavitxeta\/comissio-mixta-pedagogica\/\">Comissi\u00f3 Mixta Pedag\u00f2gica<\/a> organitza unes <strong>xerrades i tallers sobre tem\u00e0tiques variades<\/strong> com educaci\u00f3, nutrici\u00f3, <em>contact<\/em> en fam\u00edlia, consci\u00e8ncia i pres\u00e8ncia corporal, <em>mindfulness<\/em>, primers auxilis en nadons i infants, assetjament escolar, sexualitat, lectures recomanades per infants\u2026 Una oportunitat per a millorar el benestar i qualitat de vida personal i familiar.<\/p>\n<p style=\"text-align: justify;\">Aquestes xerrades pretenen ser un espai de formaci\u00f3, comunicaci\u00f3 i intercanvi on mares, pares i professionals comparteixin un temps, i a on cada dia es profunditzi en una tem\u00e0tica i es puguin abordar les dificultats, inquietuds i reptes que comporta la gran feina de ser pares i educar en el nostre m\u00f3n actual, posant al nostre abast coneixements sobre el proc\u00e9s evolutiu i d\u2019aprenentatge dels infants, per tal de poder entendre millor els nostres fills, i per altra banda, acompanyar-los en l\u2019an\u00e0lisi i reflexi\u00f3 sobre les seves relacions amb ells, sobre el paper que hi juguen les emocions, sobre la coher\u00e8ncia de les actituds amb els valors que es volen transmetre, oferint eines que permetin millorar la tasca educativa i desenvolupar estrat\u00e8gies que contribueixin a un desenvolupament integral dels fills en els aspectes f\u00edsic, emocional, afectiu, social i escolar.<\/p>\n<p style=\"text-align: justify;\">Dins el marc d&#8217;aquestes xerrades hem tingut professionals de conegut renom com s\u00f3n Immaculada D\u00edaz Teba (Centre Mandala Reus), David S\u00e1nchez Ruiz (Co-fundador Submar\u00ed Lila), Eva Bach Cobacho (coneguda pedagoga i escriptora), Carles Parellada (terapeuta sist\u00e8mic), M\u00edriam Tirado (periodista i consultora de crian\u00e7a), entre d&#8217;altres.<\/p>\n<blockquote>\n<p style=\"text-align: center;\"><em>NO PREPAREM EL CAM\u00cd PEL NEN, <\/em><em>PREPAREM AL NEN PEL CAM\u00cd.<\/em><\/p>\n<\/blockquote>\n<figure class=\"figure wp-caption alignnone\"><img loading=\"lazy\" decoding=\"async\" class=\"wp-image-35796\" src=\"https:\/\/agora.xtec.cat\/escola-lavitxeta\/wp-content\/uploads\/usu1195\/FB76B584-0B99-45B8-9FAC-27D20268BEE0-726x1024.jpeg\" sizes=\"auto, (max-width: 726px) 100vw, 726px\" srcset=\"https:\/\/agora.xtec.cat\/escola-lavitxeta\/wp-content\/uploads\/usu1195\/FB76B584-0B99-45B8-9FAC-27D20268BEE0-726x1024.jpeg 726w, https:\/\/agora.xtec.cat\/escola-lavitxeta\/wp-content\/uploads\/usu1195\/FB76B584-0B99-45B8-9FAC-27D20268BEE0-213x300.jpeg 213w, https:\/\/agora.xtec.cat\/escola-lavitxeta\/wp-content\/uploads\/usu1195\/FB76B584-0B99-45B8-9FAC-27D20268BEE0-768x1083.jpeg 768w, https:\/\/agora.xtec.cat\/escola-lavitxeta\/wp-content\/uploads\/usu1195\/FB76B584-0B99-45B8-9FAC-27D20268BEE0.jpeg 943w\" alt=\"\" width=\"370\" height=\"522\" \/><figcaption class=\"wp-caption-text\"><em>Darrer cartell de l&#8217;Escola de mares i pares 2018-19<\/em><\/figcaption><\/figure>\n<p>&nbsp;<\/p>\n<p>Articles relacionats: <a href=\"https:\/\/agora.xtec.cat\/escola-lavitxeta\/tag\/escola-de-pares\/\">Escola de mares i pares<\/a><\/p>\n","protected":false},"excerpt":{"rendered":"<p>Cada any la\u00a0<a href=\"https:\/\/agora.xtec.cat\/escola-lavitxeta\/comissio-mixta-pedagogica\/\">Comissi\u00f3 Mixta Pedag\u00f2gica<\/a> organitza unes xerrades i tallers sobre tem\u00e0tiques variades com educaci\u00f3, nutrici\u00f3, contact en fam\u00edlia, consci\u00e8ncia i pres\u00e8ncia corporal, mindfulness, primers auxilis en nadons i infants, assetjament escolar, sexualitat, lectures recomanades per infants\u2026 Una oportunitat per a millorar el benestar&hellip;  <a href=\"https:\/\/agora.xtec.cat\/escola-lavitxeta\/escola-de-mares-i-pares\/\" title=\"Read Escola de mares i pares\">Llegeix m\u00e9s\u00bb<\/a><\/p>\n","protected":false},"author":1,"featured_media":0,"parent":0,"menu_order":0,"comment_status":"closed","ping_status":"closed","template":"","meta":{"_bbp_topic_count":0,"_bbp_reply_count":0,"_bbp_total_topic_count":0,"_bbp_total_reply_count":0,"_bbp_voice_count":0,"_bbp_anonymous_reply_count":0,"_bbp_topic_count_hidden":0,"_bbp_reply_count_hidden":0,"_bbp_forum_subforum_count":0,"footnotes":""},"class_list":["post-37273","page","type-page","status-publish","hentry"],"post_mailing_queue_ids":[],"_links":{"self":[{"href":"https:\/\/agora.xtec.cat\/escola-lavitxeta\/wp-json\/wp\/v2\/pages\/37273","targetHints":{"allow":["GET"]}}],"collection":[{"href":"https:\/\/agora.xtec.cat\/escola-lavitxeta\/wp-json\/wp\/v2\/pages"}],"about":[{"href":"https:\/\/agora.xtec.cat\/escola-lavitxeta\/wp-json\/wp\/v2\/types\/page"}],"author":[{"embeddable":true,"href":"https:\/\/agora.xtec.cat\/escola-lavitxeta\/wp-json\/wp\/v2\/users\/1"}],"replies":[{"embeddable":true,"href":"https:\/\/agora.xtec.cat\/escola-lavitxeta\/wp-json\/wp\/v2\/comments?post=37273"}],"version-history":[{"count":3,"href":"https:\/\/agora.xtec.cat\/escola-lavitxeta\/wp-json\/wp\/v2\/pages\/37273\/revisions"}],"predecessor-version":[{"id":37298,"href":"https:\/\/agora.xtec.cat\/escola-lavitxeta\/wp-json\/wp\/v2\/pages\/37273\/revisions\/37298"}],"wp:attachment":[{"href":"https:\/\/agora.xtec.cat\/escola-lavitxeta\/wp-json\/wp\/v2\/media?parent=37273"}],"curies":[{"name":"wp","href":"https:\/\/api.w.org\/{rel}","templated":true}]}}