{"id":35864,"date":"2019-01-26T22:17:34","date_gmt":"2019-01-26T21:17:34","guid":{"rendered":"http:\/\/agora.xtec.cat\/escola-lavitxeta\/?page_id=35864"},"modified":"2022-09-27T13:24:15","modified_gmt":"2022-09-27T11:24:15","slug":"grups-interactius","status":"publish","type":"page","link":"https:\/\/agora.xtec.cat\/escola-lavitxeta\/grups-interactius\/","title":{"rendered":"Grups interactius"},"content":{"rendered":"<p><strong style=\"font-family: inherit; font-size: 1em;\">Grups interactius &#8211; actuaci\u00f3 d&#8217;\u00e8xit dins el marc de Comunitat d&#8217;Aprenentatge<\/strong><\/p>\n<blockquote>\n<p class=\"s12\" style=\"text-align: justify;\"><span class=\"s11\" style=\"color: #0000ff;\">&#8220;Els <strong>grups interactius<\/strong> pretenen, entre altres objectius, disminuir la competitivitat i generar solidaritat, augmentar simult\u00e0niament l&#8217;aprenentatge acad\u00e8mic i la participaci\u00f3 de l&#8217;alumnat en les classes. Estan pensats perqu\u00e8 l&#8217;alumnat pugui rebre una educaci\u00f3 de m\u00e0xima qualitat. Per aix\u00f2, no es tracta de treure certs alumnes de l&#8217;aula, sin\u00f3 d&#8217;introduir recursos necessaris perqu\u00e8 aquests nens i nenes puguin seguir la seva educaci\u00f3 amb les m\u00e0ximes expectatives possibles.&#8221; (Elboj &amp; Gr\u00e0cia, 2005, 105).<\/span><\/p>\n<\/blockquote>\n<p class=\"s12\" style=\"text-align: justify;\"><span class=\"s11\">Els <span style=\"color: #0000ff;\"><strong>grups interactius<\/strong><\/span> \u00e9s una forma d&#8217;organitzaci\u00f3 a l&#8217;aula que promou l&#8217;acceleraci\u00f3 dels aprenentatges a trav\u00e9s de la interacci\u00f3. Pel seu desenvolupament, s&#8217;agrupa els alumnes en grups de 4 o 5 nens i nenes, de manera heterog\u00e8nia en el que respecta el g\u00e8nere, l&#8217;idioma, les motivacions, el nivell d&#8217;aprenentatge i l&#8217;origen cultural. El nombre de grups pot variar en funci\u00f3 del nombre total d&#8217;alumnes que tingui la classe.<\/span><\/p>\n<p class=\"s12\" style=\"text-align: justify;\"><span class=\"s11\">La din\u00e0mica del funcionament per la realitzaci\u00f3 de les activitats est\u00e0 marcada per un aspecte caracter\u00edstic. \u00c9s la pres\u00e8ncia d&#8217;una persona adulta, volunt\u00e0ria: siguin professors, familiars o persones externes. Aquests voluntaris s\u00f3n els encarregats de dinamitzar el grup i assegurar que tots els nens i nenes del grup s&#8217;ajudin i interaccionin entre ells per aix\u00ed resoldre l&#8217;activitat per mitj\u00e0 del di\u00e0leg igualitari, aconseguint que tots i totes hi participin. Aquest, realitza la mateixa activitat amb els altres grups, per tant, en cada activitat els nens i nenes es troben amb una persona volunt\u00e0ria diferent. Per altra banda, el professor o professora s&#8217;encarrega de <\/span><span class=\"s10\">coordinar i observar les activitats<\/span><span class=\"s11\">. Per \u00faltim, els voluntaris, al final de les sessions i <\/span><span class=\"s11\">conjuntament amb el grup classe i els altres voluntaris, fan una valoraci\u00f3 sobre com han anat els grups, el que \u00e9s positiu i negatiu i com es podria millorar.<\/span><\/p>\n<p class=\"s12\" style=\"text-align: justify;\"><span class=\"s11\">Des del <strong>curs escolar 17-18<\/strong> a la nostra escola s&#8217;organitzen grups interactius de matem\u00e0tiques i des del <strong>curs 18-19<\/strong> s\u2019amplien al m\u00e0xim les franges hor\u00e0ries. Si el volum de voluntariat ho permet, sempre que es pugui es far\u00e0 setmanalment.<\/span><\/p>\n<p class=\"s12\" style=\"text-align: justify;\"><span class=\"s11\">La <a href=\"https:\/\/agora.xtec.cat\/escola-lavitxeta\/comissio-mixta-de-voluntariat\/\">comissi\u00f3 de voluntariat<\/a> \u00e9s la comissi\u00f3 responsable de l\u2019organitzaci\u00f3 i la distribuci\u00f3 dels voluntaris.<\/span><\/p>\n<p>A continuaci\u00f3 podreu visualitzar la\u00a0 pel\u00b7l\u00edcula que es va visionar el dia la <a href=\"http:\/\/agora.xtec.cat\/escola-lavitxeta\/curs-16-17\/festa-del-vot-pel-licula-de-lescola\/\">Festa del vot \u2013 pel\u00b7l\u00edcula de l\u2019escola<\/a>\u00a0(on es mostra el funcionament i organitzaci\u00f3 dels grups interactius).<\/p>\n<p><iframe loading=\"lazy\" title=\"Cap a una Comunitat d&#039;Aprenentatge\" width=\"500\" height=\"281\" src=\"https:\/\/www.youtube.com\/embed\/FTbjolXULZw?start=866&#038;feature=oembed\" frameborder=\"0\" allow=\"accelerometer; autoplay; clipboard-write; encrypted-media; gyroscope; picture-in-picture; web-share\" referrerpolicy=\"strict-origin-when-cross-origin\" allowfullscreen><\/iframe><\/p>\n<p>Articles relacionats: <a href=\"https:\/\/agora.xtec.cat\/escola-lavitxeta\/tag\/grups-interactius\/\">Grups interactius<\/a><\/p>\n","protected":false},"excerpt":{"rendered":"<p>Grups interactius &#8211; actuaci\u00f3 d&#8217;\u00e8xit dins el marc de Comunitat d&#8217;Aprenentatge<\/p>\n<p>&#8220;Els grups interactius pretenen, entre altres objectius, disminuir la competitivitat i generar solidaritat, augmentar simult\u00e0niament l&#8217;aprenentatge acad\u00e8mic i la participaci\u00f3 de l&#8217;alumnat en les classes. Estan pensats perqu\u00e8 l&#8217;alumnat pugui rebre una educaci\u00f3 de m\u00e0xima&hellip;  <a href=\"https:\/\/agora.xtec.cat\/escola-lavitxeta\/grups-interactius\/\" title=\"Read Grups interactius\">Llegeix m\u00e9s\u00bb<\/a><\/p>\n","protected":false},"author":1,"featured_media":0,"parent":0,"menu_order":0,"comment_status":"closed","ping_status":"closed","template":"","meta":{"_bbp_topic_count":0,"_bbp_reply_count":0,"_bbp_total_topic_count":0,"_bbp_total_reply_count":0,"_bbp_voice_count":0,"_bbp_anonymous_reply_count":0,"_bbp_topic_count_hidden":0,"_bbp_reply_count_hidden":0,"_bbp_forum_subforum_count":0,"footnotes":""},"class_list":["post-35864","page","type-page","status-publish","hentry"],"post_mailing_queue_ids":[],"_links":{"self":[{"href":"https:\/\/agora.xtec.cat\/escola-lavitxeta\/wp-json\/wp\/v2\/pages\/35864","targetHints":{"allow":["GET"]}}],"collection":[{"href":"https:\/\/agora.xtec.cat\/escola-lavitxeta\/wp-json\/wp\/v2\/pages"}],"about":[{"href":"https:\/\/agora.xtec.cat\/escola-lavitxeta\/wp-json\/wp\/v2\/types\/page"}],"author":[{"embeddable":true,"href":"https:\/\/agora.xtec.cat\/escola-lavitxeta\/wp-json\/wp\/v2\/users\/1"}],"replies":[{"embeddable":true,"href":"https:\/\/agora.xtec.cat\/escola-lavitxeta\/wp-json\/wp\/v2\/comments?post=35864"}],"version-history":[{"count":4,"href":"https:\/\/agora.xtec.cat\/escola-lavitxeta\/wp-json\/wp\/v2\/pages\/35864\/revisions"}],"predecessor-version":[{"id":48077,"href":"https:\/\/agora.xtec.cat\/escola-lavitxeta\/wp-json\/wp\/v2\/pages\/35864\/revisions\/48077"}],"wp:attachment":[{"href":"https:\/\/agora.xtec.cat\/escola-lavitxeta\/wp-json\/wp\/v2\/media?parent=35864"}],"curies":[{"name":"wp","href":"https:\/\/api.w.org\/{rel}","templated":true}]}}