{"id":35753,"date":"2019-01-26T22:04:31","date_gmt":"2019-01-26T21:04:31","guid":{"rendered":"http:\/\/agora.xtec.cat\/escola-lavitxeta\/?page_id=35753"},"modified":"2019-12-14T14:49:18","modified_gmt":"2019-12-14T13:49:18","slug":"comissio-mixta-de-festes-i-ambientacio","status":"publish","type":"page","link":"https:\/\/agora.xtec.cat\/escola-lavitxeta\/comissio-mixta-de-festes-i-ambientacio\/","title":{"rendered":"Comissi\u00f3 mixta de festes"},"content":{"rendered":"<p><img loading=\"lazy\" decoding=\"async\" class=\"size-medium wp-image-35772 alignleft\" src=\"https:\/\/agora.xtec.cat\/escola-lavitxeta\/wp-content\/uploads\/usu1195\/Copia-de-2a-Assemblea2-212x300.jpg\" alt=\"\" width=\"212\" height=\"300\" srcset=\"https:\/\/agora.xtec.cat\/escola-lavitxeta\/wp-content\/uploads\/usu1195\/Copia-de-2a-Assemblea2-212x300.jpg 212w, https:\/\/agora.xtec.cat\/escola-lavitxeta\/wp-content\/uploads\/usu1195\/Copia-de-2a-Assemblea2-768x1086.jpg 768w, https:\/\/agora.xtec.cat\/escola-lavitxeta\/wp-content\/uploads\/usu1195\/Copia-de-2a-Assemblea2-724x1024.jpg 724w, https:\/\/agora.xtec.cat\/escola-lavitxeta\/wp-content\/uploads\/usu1195\/Copia-de-2a-Assemblea2.jpg 1587w\" sizes=\"auto, (max-width: 212px) 100vw, 212px\" \/><\/p>\n<p><span style=\"color: #0000ff;\"><strong>QU\u00c8 FEM? <\/strong><\/span><span style=\"color: #0000ff;\"><strong>QUINS PROJECTES DUEM A TERME?<\/strong><\/span><\/p>\n<p style=\"text-align: justify;\">A la Comissi\u00f3 mixta de festes i ambientaci\u00f3 ens encarreguem d&#8217;organitzar i preparar algunes de les festes de l&#8217;escola, com la festa de la Castanyada, la <a href=\"https:\/\/agora.xtec.cat\/escola-lavitxeta\/tag\/trobada-de-tions\/\">Trobada de tions<\/a>, participem a <a href=\"http:\/\/agora.xtec.cat\/escola-lavitxeta\/general\/per-sant-jordi-sardanes\/\">Sant Jordi<\/a> i organitzem i preparem la <a href=\"http:\/\/agora.xtec.cat\/escola-lavitxeta\/curs-15-16\/festa-de-final-de-curs\/\">festa de final de curs<\/a>.<\/p>\n<p style=\"text-align: justify;\">Igualment, intentem fer realitat alguns dels somnis de la nostra comunitat, i des del curs 17-18 prepararem la festa de l&#8217;aigua, on grans i petits gaudeixen de valent!<\/p>\n<p style=\"text-align: justify;\">A m\u00e9s de totes les festes anomenades, participem en l&#8217;organitzaci\u00f3 de la <a href=\"http:\/\/agora.xtec.cat\/escola-lavitxeta\/curs-16-17\/colla-vitxetos-carnaval-2017-mai-es-massa-tard\/\">rua matinal de Carnaval. <\/a><\/p>\n<p>&nbsp;<\/p>\n<p><span style=\"color: #0000ff;\"><strong>QUINS PROJECTES TENIM DE FUTUR?<\/strong><\/span><\/p>\n<p style=\"text-align: justify;\">Participar en l&#8217;organitzaci\u00f3 de qualsevol festa que s&#8217;organitzi des de l&#8217;escola i l&#8217;AMIPA.<\/p>\n<p>&nbsp;<\/p>\n<p><span style=\"color: #0000ff;\"><strong>QU\u00c8 PODEN FER LES PERSONES INTERESSADES?<\/strong><\/span><\/p>\n<p style=\"text-align: justify;\">Ja que l&#8217;organitzaci\u00f3 de totes i cadascuna d&#8217;aquestes festes t\u00e9 un volum important de feina, sovint demanem col\u00b7laboraci\u00f3 per part de les fam\u00edlies, encara de sigui de forma espor\u00e0dica i puntual o fent treballs des de casa.<\/p>\n<p style=\"text-align: justify;\">Tota ajuda es benvinguda i us estarem molt agra\u00efts si ens doneu un cop de m\u00e0, i el millor de tot \u00e9s que haureu col\u00b7laborat a dur a terme uns actes molt importants per l&#8217;escola i sobretot per als vostres fills i filles.<\/p>\n<p>&nbsp;<\/p>\n<p><span style=\"color: #0000ff;\"><strong>ADRE\u00c7A ELECTR\u00d2NICA: <\/strong><\/span><a href=\"mailto:festeslavitxeta@gmail.com\"><span class=\"gI\"><span data-hovercard-id=\"festeslavitxeta@gmail.com\" data-hovercard-owner-id=\"21\">festeslavitxeta@gmail.com<\/span><\/span><\/a><\/p>\n<p>Animeu-vos!!!<\/p>\n<p style=\"text-align: left;\"><strong>Comissi\u00f3 mixta de festes i ambientaci\u00f3<\/strong><\/p>\n<p>&nbsp;<\/p>\n<p>Articles relacionats: <a href=\"https:\/\/agora.xtec.cat\/escola-lavitxeta\/tag\/festes\/\">festes de l&#8217;escola<\/a><\/p>\n","protected":false},"excerpt":{"rendered":"<p>QU\u00c8 FEM? QUINS PROJECTES DUEM A TERME?<br \/>\nA la Comissi\u00f3 mixta de festes i ambientaci\u00f3 ens encarreguem d&#8217;organitzar i preparar algunes de les festes de l&#8217;escola, com la festa de la Castanyada, la <a href=\"https:\/\/agora.xtec.cat\/escola-lavitxeta\/tag\/trobada-de-tions\/\">Trobada de tions<\/a>, participem a <a href=\"http:\/\/agora.xtec.cat\/escola-lavitxeta\/general\/per-sant-jordi-sardanes\/\">Sant Jordi<\/a> i organitzem i preparem&hellip;  <a href=\"https:\/\/agora.xtec.cat\/escola-lavitxeta\/comissio-mixta-de-festes-i-ambientacio\/\" title=\"Read Comissi\u00f3 mixta de festes\">Llegeix m\u00e9s\u00bb<\/a><\/p>\n","protected":false},"author":1,"featured_media":0,"parent":0,"menu_order":0,"comment_status":"closed","ping_status":"closed","template":"","meta":{"_bbp_topic_count":0,"_bbp_reply_count":0,"_bbp_total_topic_count":0,"_bbp_total_reply_count":0,"_bbp_voice_count":0,"_bbp_anonymous_reply_count":0,"_bbp_topic_count_hidden":0,"_bbp_reply_count_hidden":0,"_bbp_forum_subforum_count":0,"footnotes":""},"class_list":["post-35753","page","type-page","status-publish","hentry"],"post_mailing_queue_ids":[],"_links":{"self":[{"href":"https:\/\/agora.xtec.cat\/escola-lavitxeta\/wp-json\/wp\/v2\/pages\/35753","targetHints":{"allow":["GET"]}}],"collection":[{"href":"https:\/\/agora.xtec.cat\/escola-lavitxeta\/wp-json\/wp\/v2\/pages"}],"about":[{"href":"https:\/\/agora.xtec.cat\/escola-lavitxeta\/wp-json\/wp\/v2\/types\/page"}],"author":[{"embeddable":true,"href":"https:\/\/agora.xtec.cat\/escola-lavitxeta\/wp-json\/wp\/v2\/users\/1"}],"replies":[{"embeddable":true,"href":"https:\/\/agora.xtec.cat\/escola-lavitxeta\/wp-json\/wp\/v2\/comments?post=35753"}],"version-history":[{"count":3,"href":"https:\/\/agora.xtec.cat\/escola-lavitxeta\/wp-json\/wp\/v2\/pages\/35753\/revisions"}],"predecessor-version":[{"id":41996,"href":"https:\/\/agora.xtec.cat\/escola-lavitxeta\/wp-json\/wp\/v2\/pages\/35753\/revisions\/41996"}],"wp:attachment":[{"href":"https:\/\/agora.xtec.cat\/escola-lavitxeta\/wp-json\/wp\/v2\/media?parent=35753"}],"curies":[{"name":"wp","href":"https:\/\/api.w.org\/{rel}","templated":true}]}}