{"id":33750,"date":"2018-07-20T11:53:13","date_gmt":"2018-07-20T09:53:13","guid":{"rendered":"http:\/\/agora.xtec.cat\/escola-lavitxeta\/?page_id=33750"},"modified":"2019-01-29T22:51:35","modified_gmt":"2019-01-29T21:51:35","slug":"projecte-de-direccio","status":"publish","type":"page","link":"https:\/\/agora.xtec.cat\/escola-lavitxeta\/projecte-de-direccio\/","title":{"rendered":"Projecte de Direcci\u00f3"},"content":{"rendered":"<p><img loading=\"lazy\" decoding=\"async\" class=\"wp-image-36980 alignleft\" src=\"https:\/\/agora.xtec.cat\/escola-lavitxeta\/wp-content\/uploads\/usu1195\/PROJECTE-DE-DIRECCIO-001-300x169.jpg\" alt=\"\" width=\"493\" height=\"278\" srcset=\"https:\/\/agora.xtec.cat\/escola-lavitxeta\/wp-content\/uploads\/usu1195\/PROJECTE-DE-DIRECCIO-001-300x169.jpg 300w, https:\/\/agora.xtec.cat\/escola-lavitxeta\/wp-content\/uploads\/usu1195\/PROJECTE-DE-DIRECCIO-001-768x432.jpg 768w, https:\/\/agora.xtec.cat\/escola-lavitxeta\/wp-content\/uploads\/usu1195\/PROJECTE-DE-DIRECCIO-001-1024x576.jpg 1024w, https:\/\/agora.xtec.cat\/escola-lavitxeta\/wp-content\/uploads\/usu1195\/PROJECTE-DE-DIRECCIO-001.jpg 1920w\" sizes=\"auto, (max-width: 493px) 100vw, 493px\" \/><\/p>\n<p>&nbsp;<\/p>\n<p>&nbsp;<\/p>\n<p>&nbsp;<\/p>\n<p>&nbsp;<\/p>\n<p>&nbsp;<\/p>\n<p>&nbsp;<\/p>\n<p>&nbsp;<\/p>\n<p><span style=\"font-family: inherit; font-size: 1em;\">Benvolgudes fam\u00edlies,<\/span><\/p>\n<p>L&#8217;Equip Directiu de l&#8217;escola est\u00e0 compost per:<\/p>\n<ul>\n<li>Cristina Radu\u00e0, com a Secret\u00e0ria.<\/li>\n<li>Cristina Gil, com a Cap d&#8217;Estudis.<\/li>\n<li>Maria Horra, com a Directora.<\/li>\n<\/ul>\n<p>Estem molt il\u00b7lusionades i engrescades amb aquest nou repte.<\/p>\n<p>Pel que fa a les l\u00ednies b\u00e0siques volem comentar-vos que, com a Comunitat d&#8217;Aprenentatge que som, estem obertes i disposades a treballar plegades amb les comissions mixtes.<\/p>\n<p style=\"text-align: justify;\">Tamb\u00e9 us adjuntem la presentaci\u00f3 que va fer en el seu moment com a candidata a la direcci\u00f3 de l\u2019escola, la Maria Horra. \u00c9s un resum molt clar i amb exemples de les coses\/canvis\/millores que es volen desenvolupar en el mandat dels propers 4 cursos.<\/p>\n<p>Salutacions,<\/p>\n<p>Equip Directiu<\/p>\n<p>Escola La Vitxeta<\/p>\n<p><a href=\"http:\/\/agora.xtec.cat\/escola-lavitxeta\/wp-content\/uploads\/usu1195\/PROJECTE-DE-DIRECCI\u00d3.pdf\">PROJECTE DE DIRECCI\u00d3<\/a><\/p>\n","protected":false},"excerpt":{"rendered":"<p>&nbsp;<br \/>\n&nbsp;<br \/>\n&nbsp;<br \/>\n&nbsp;<br \/>\n&nbsp;<br \/>\n&nbsp;<br \/>\n&nbsp;<br \/>\nBenvolgudes fam\u00edlies,<br \/>\nL&#8217;Equip Directiu de l&#8217;escola est\u00e0 compost per:<\/p>\n<ul>\n<li>Cristina Radu\u00e0, com a Secret\u00e0ria.<\/li>\n<li>Cristina Gil, com a Cap d&#8217;Estudis.<\/li>\n<li>Maria Horra, com a Directora.<\/li>\n<\/ul>\n<p>Estem molt il\u00b7lusionades i engrescades amb aquest nou repte.<br \/>\nPel que fa a les l\u00ednies b\u00e0siques volem comentar-vos que, com a Comunitat d&#8217;Aprenentatge que som, estem&hellip;  <a href=\"https:\/\/agora.xtec.cat\/escola-lavitxeta\/projecte-de-direccio\/\" title=\"Read Projecte de Direcci\u00f3\">Llegeix m\u00e9s\u00bb<\/a><\/p>\n","protected":false},"author":1,"featured_media":0,"parent":0,"menu_order":0,"comment_status":"closed","ping_status":"closed","template":"","meta":{"_bbp_topic_count":0,"_bbp_reply_count":0,"_bbp_total_topic_count":0,"_bbp_total_reply_count":0,"_bbp_voice_count":0,"_bbp_anonymous_reply_count":0,"_bbp_topic_count_hidden":0,"_bbp_reply_count_hidden":0,"_bbp_forum_subforum_count":0,"footnotes":""},"class_list":["post-33750","page","type-page","status-publish","hentry"],"post_mailing_queue_ids":[],"_links":{"self":[{"href":"https:\/\/agora.xtec.cat\/escola-lavitxeta\/wp-json\/wp\/v2\/pages\/33750","targetHints":{"allow":["GET"]}}],"collection":[{"href":"https:\/\/agora.xtec.cat\/escola-lavitxeta\/wp-json\/wp\/v2\/pages"}],"about":[{"href":"https:\/\/agora.xtec.cat\/escola-lavitxeta\/wp-json\/wp\/v2\/types\/page"}],"author":[{"embeddable":true,"href":"https:\/\/agora.xtec.cat\/escola-lavitxeta\/wp-json\/wp\/v2\/users\/1"}],"replies":[{"embeddable":true,"href":"https:\/\/agora.xtec.cat\/escola-lavitxeta\/wp-json\/wp\/v2\/comments?post=33750"}],"version-history":[{"count":4,"href":"https:\/\/agora.xtec.cat\/escola-lavitxeta\/wp-json\/wp\/v2\/pages\/33750\/revisions"}],"predecessor-version":[{"id":37215,"href":"https:\/\/agora.xtec.cat\/escola-lavitxeta\/wp-json\/wp\/v2\/pages\/33750\/revisions\/37215"}],"wp:attachment":[{"href":"https:\/\/agora.xtec.cat\/escola-lavitxeta\/wp-json\/wp\/v2\/media?parent=33750"}],"curies":[{"name":"wp","href":"https:\/\/api.w.org\/{rel}","templated":true}]}}