{"id":26,"date":"2014-09-18T12:24:32","date_gmt":"2014-09-18T10:24:32","guid":{"rendered":"http:\/\/agora.xtec.cat\/escola-lavitxeta\/?page_id=26"},"modified":"2022-11-04T08:38:46","modified_gmt":"2022-11-04T07:38:46","slug":"historia","status":"publish","type":"page","link":"https:\/\/agora.xtec.cat\/escola-lavitxeta\/historia\/","title":{"rendered":"Hist\u00f2ria"},"content":{"rendered":"<p style=\"text-align: justify;\">La Vitxeta \u00e9s una escola jove que va comen\u00e7ar el seu cam\u00ed amb una bona dosi d\u2019il\u00b7lusi\u00f3 i un projecte progressista, innovador i engrescador.<\/p>\n<p style=\"text-align: justify;\">L\u2019escola obre les seves portes, per primera vegada, el curs 2005-2006, amb el nom provisional de <em><strong>\u201cCEIP Reus 17\u201d<\/strong><\/em>, i amb l\u2019equip directiu compost per la directora d&#8217;aleshores, Assumpta Ripoll i la cap d\u2019estudis, L\u00eddia Cabr\u00e9; m\u00e9s endavant, s\u2019hi incorporaria el c\u00e0rrec de secret\u00e0ria i l\u2019ocuparia la Blanca Rosell\u00f3.<\/p>\n<p style=\"text-align: justify;\">El Departament i l\u2019Ajuntament van prendre la decisi\u00f3 de dotar la ciutat d\u2019una escola nova com a resposta a la demanda dels reusencs i reusenques de m\u00e9s places escolars per aquell curs.<\/p>\n<p style=\"text-align: justify;\">La seva ubicaci\u00f3, provisionalment, fou en uns aularis al nord-est de la ciutat, al capdamunt de l\u2019avinguda dels Pa\u00efsos Catalans, tocant a la pla\u00e7a del Nucli, anomenada popularment pla\u00e7a de les Baldufes.<\/p>\n<p style=\"text-align: justify;\">L\u2019escola, en el seu primer curs, nom\u00e9s matricularia alumnat d\u2019educaci\u00f3 infantil i de 1r curs de prim\u00e0ria i comptaria amb 7 professionals d\u2019educaci\u00f3:<\/p>\n<ul>\n<li style=\"text-align: justify;\">Directora, secret\u00e0ria, tutores, un especialista de m\u00fasica i una t\u00e8cnica d\u2019educaci\u00f3 infantil.<\/li>\n<\/ul>\n<p style=\"text-align: justify;\">La comunitat educativa era petita, per\u00f2 for\u00e7a participativa. Les mares i pares es van organitzar: van formar la junta de l\u2019AMIPA, van crear comissions i van fer el possible per a que l\u2019escola tingu\u00e9s tot el necessari; cal destacar, com a element emblem\u00e0tic, el logotip que a partir d\u2019aquell moment ens acompanyaria; fou creat, aquell mateix curs, pel dissenyador Guillem Castro, amic d\u2019una fam\u00edlia de l\u2019escola.<\/p>\n<p style=\"text-align: justify;\">L\u2019equip directiu i els\/les docents eren pocs, per\u00f2 no van escatimar esfor\u00e7os en dibuixar el que seria un projecte educatiu pensat per a l\u2019enriquiment personal i col\u00b7lectiu de tots els seus membres.<\/p>\n<p style=\"text-align: justify;\">Des del primer moment se\u2019ns inform\u00e0 que la seu definitiva de l\u2019escola, en el futur, s\u2019ubicaria en un camp d\u2019oliveres que es trobava al cam\u00ed de La Selva, n\u00famero 6.<\/p>\n<p style=\"text-align: justify;\">El 15 de mar\u00e7 de 2006, en la resoluci\u00f3 EDC\/693\/2006, se li atribu\u00efa la nova denominaci\u00f3 espec\u00edfica <em><strong>La Vitxeta<\/strong><\/em>, d\u2019acord amb la sol\u00b7licitud presentada pel consell escolar d\u2019aleshores.<\/p>\n<p style=\"text-align: justify;\">El bateig es festej\u00e0 el 16 de juny del mateix any amb la pres\u00e8ncia de la Vitxeta i la seva parella El Vitxet. S\u2019hi van convidar les autoritats del moment, tant de l\u2019Ajuntament encap\u00e7alat pel Sr. Alcalde Llu\u00eds Miquel P\u00e9rez i la regidora d\u2019Educaci\u00f3, la Sra. Empar Pont, com del Departament, encap\u00e7alat pel director dels serveis territorials, el Sr Zacarias Henar i l\u2019inspector d\u2019educaci\u00f3,\u00a0el Sr. Francesc Roig.<\/p>\n<p style=\"text-align: justify;\">A finals de 2008, segons previsions, s&#8217;iniciaren les obres en els terrenys del Passeig del Nord (actual Cam\u00ed de la Selva).<\/p>\n<p style=\"text-align: justify;\">El dimarts 16 de juny de 2009, tot i que ja feia mesos que l\u2019obra estava en marxa, tota la comunitat\u00a0educativa es va traslladar als terrenys de l\u2019escola per tal d\u2019assistir a l\u2019acte de col\u00b7locaci\u00f3 de la primera pedra, obert a la ciutadania i que va reunir un nombre important de gent.<\/p>\n<p>&nbsp;<\/p>\n<p style=\"text-align: justify;\">El 16 de juny de 2010, alumnat, professorat, fam\u00edlies i autoritats es van despla\u00e7ar pels carrers, avingudes i places de la ciutat fins arribar al nou edifici tot celebrant la festa del trasllat i fent saber als convilatans\/es que l\u2019escola La Vitxeta estava d\u2019enhorabona.<\/p>\n<p>&nbsp;<\/p>\n<p style=\"text-align: justify;\">En aquest acte divertit i carregat de simbolisme, ens hi van acompanyar els elements festius que pares i mares de l\u2019escola havien anat creant:<\/p>\n<div><\/div>\n<blockquote>\n<p style=\"text-align: center;\"><strong>La Vitxeta<\/strong> creada per la Pepa Alonso i el\u00a0Josep Ma. Casas,<\/p>\n<p style=\"text-align: center;\"><strong>l\u2019Espantaocells<\/strong> i <strong>la<\/strong> <strong>Cuca<\/strong>\u00a0amb <strong>el Sol<\/strong> i <strong>la Lluna<\/strong> pel mateix Josep Ma Casas.<\/p>\n<\/blockquote>\n<p style=\"text-align: justify;\">L\u20191 de setembre de 2010, s\u2019obriren les portes de l\u2019escola a la ubicaci\u00f3 actual, al passeig del Nord, 120, al nord de la ciutat, en uns terrenys de prop de 10.000 m2, amb una superf\u00edcie constru\u00efda de 3.307 m\u00b2.<\/p>\n<p style=\"text-align: justify;\">La inauguraci\u00f3 oficial, a l\u2019hora que la de l\u2019escola El Pi del Burgar i el nou edifici de l\u2019escola Sant Bernat Calb\u00f3 es va celebrar el 10 de setembre de 2010. Hi foren convidades totes les direccions de les escoles, dels instituts i de les guarderies de la ciutat, la inspecci\u00f3 d\u2019ensenyament, els membres del consell escolar i la comunitat educativa de la pr\u00f2pia escola.<\/p>\n<p>&nbsp;<\/p>\n<p style=\"text-align: justify;\">La va presidir l\u2019Honorable Conseller d\u2019educaci\u00f3 de la Generalitat, el Sr. Pasqual Maragall, l\u2019alcalde de la ciutat, el Sr. Llu\u00eds Miquel P\u00e9rez i la regidora d\u2019educaci\u00f3 d\u2019aquella legislatura La Sra. Miseric\u00f2rdia Dosaiguas.<\/p>\n<p>&nbsp;<\/p>\n<p style=\"text-align: justify;\">M\u00e9s endavant, l\u20191 d\u2019octubre, es va celebrar la inauguraci\u00f3 oficiosa, la familiar, amb tallada de cinta inclosa. En aquesta, cada nen\/a acompanyava a la seva fam\u00edlia per tota l\u2019escola i li mostrava i explicava les seves depend\u00e8ncies i a que estaven destinades.<\/p>\n<p>&nbsp;<\/p>\n<p style=\"text-align: justify;\">Fins aqu\u00ed els actes extraordinaris, propis d\u2019una escola que comen\u00e7ava a caminar\u2026<\/p>\n<p style=\"text-align: justify;\">Actualment podem dir que la comunitat ha volgut anar a m\u00e9s, l\u2019any 2014 el claustre en primer lloc i les fam\u00edlies despr\u00e9s, es van plantejar esdevenir <strong>comunitat d\u2019aprenentatge<\/strong>. Es va fer un debat profund, ten\u00edem la necessitat i la voluntat d\u2019un canvi, es va votar i per unanimitat vam decidir emprendre aquest cam\u00ed. Vam fer la formaci\u00f3 durant tres cursos i a finals de curs del 2017, amb la <a href=\"http:\/\/agora.xtec.cat\/escola-lavitxeta\/curs-16-17\/la-festa-del-somni\/\">Festa del Somni<\/a>, ens vam constituir <a href=\"http:\/\/agora.xtec.cat\/escola-lavitxeta\/general\/noticia-2\/\">Comunitat d\u2019Aprenentatge<\/a> (CdA).<\/p>\n<p style=\"text-align: justify;\">Hem desenvolupat les Tert\u00falies dial\u00f2giques, els <a href=\"http:\/\/agora.xtec.cat\/escola-lavitxeta\/general\/grups-interactius\/\">grups interactius<\/a>, la resoluci\u00f3 de conflictes, un conegut projecte de pati i moltes altres coses m\u00e9s, no voldr\u00edem deixar-nos res ni a ning\u00fa.<\/p>\n<p style=\"text-align: justify;\">Durant el curs 2018\/19 hi va haver un canvi d&#8217;Equip directiu per\u00f2 l\u2019ess\u00e8ncia de l&#8217;escola es mant\u00e9. Volem cr\u00e9ixer i aprendre de la manera que creiem i de la manera com ho fem, compartint, conjuntament, amb entusiasme, ganes i no tenir mai prou.<\/p>\n<blockquote>\n<p style=\"text-align: center;\">Tal i com diu Paulo Freire:<\/p>\n<p style=\"text-align: center;\"><em>\u201cTots nosaltres sabem alguna cosa, tots nosaltres ignorem alguna cosa, <\/em><\/p>\n<p style=\"text-align: center;\"><em>per aix\u00f2 aprenem sempre.\u201d<\/em><\/p>\n<p>&nbsp;<\/p><\/blockquote>\n<p style=\"text-align: justify;\">A m\u00e9s afegir\u00edem &#8220;tots junts&#8221;.<\/p>\n<p style=\"text-align: justify;\">Desitgem que entre tots puguem fer cr\u00e9ixer i ser part\u00edcips de la comunitat educativa de la Vitxeta.<\/p>\n<p>&nbsp;<\/p>\n<p style=\"text-align: justify;\">La Direcci\u00f3<\/p>\n<p>&nbsp;<\/p>\n<p>&nbsp;<\/p>\n","protected":false},"excerpt":{"rendered":"<p>La Vitxeta \u00e9s una escola jove que va comen\u00e7ar el seu cam\u00ed amb una bona dosi d\u2019il\u00b7lusi\u00f3 i un projecte progressista, innovador i engrescador.<br \/>\nL\u2019escola obre les seves portes, per primera vegada, el curs 2005-2006, amb el nom provisional de \u201cCEIP Reus 17\u201d, i amb l\u2019equip&hellip;  <a href=\"https:\/\/agora.xtec.cat\/escola-lavitxeta\/historia\/\" title=\"Read Hist\u00f2ria\">Llegeix m\u00e9s\u00bb<\/a><\/p>\n","protected":false},"author":1,"featured_media":0,"parent":0,"menu_order":3,"comment_status":"closed","ping_status":"closed","template":"page-templates\/side-menu.php","meta":{"_bbp_topic_count":0,"_bbp_reply_count":0,"_bbp_total_topic_count":0,"_bbp_total_reply_count":0,"_bbp_voice_count":0,"_bbp_anonymous_reply_count":0,"_bbp_topic_count_hidden":0,"_bbp_reply_count_hidden":0,"_bbp_forum_subforum_count":0,"footnotes":""},"class_list":["post-26","page","type-page","status-publish","hentry"],"post_mailing_queue_ids":[],"_links":{"self":[{"href":"https:\/\/agora.xtec.cat\/escola-lavitxeta\/wp-json\/wp\/v2\/pages\/26","targetHints":{"allow":["GET"]}}],"collection":[{"href":"https:\/\/agora.xtec.cat\/escola-lavitxeta\/wp-json\/wp\/v2\/pages"}],"about":[{"href":"https:\/\/agora.xtec.cat\/escola-lavitxeta\/wp-json\/wp\/v2\/types\/page"}],"author":[{"embeddable":true,"href":"https:\/\/agora.xtec.cat\/escola-lavitxeta\/wp-json\/wp\/v2\/users\/1"}],"replies":[{"embeddable":true,"href":"https:\/\/agora.xtec.cat\/escola-lavitxeta\/wp-json\/wp\/v2\/comments?post=26"}],"version-history":[{"count":4,"href":"https:\/\/agora.xtec.cat\/escola-lavitxeta\/wp-json\/wp\/v2\/pages\/26\/revisions"}],"predecessor-version":[{"id":48326,"href":"https:\/\/agora.xtec.cat\/escola-lavitxeta\/wp-json\/wp\/v2\/pages\/26\/revisions\/48326"}],"wp:attachment":[{"href":"https:\/\/agora.xtec.cat\/escola-lavitxeta\/wp-json\/wp\/v2\/media?parent=26"}],"curies":[{"name":"wp","href":"https:\/\/api.w.org\/{rel}","templated":true}]}}