{"id":994,"date":"2021-11-22T17:51:47","date_gmt":"2021-11-22T16:51:47","guid":{"rendered":"https:\/\/agora.xtec.cat\/escola-lallantia\/?page_id=994"},"modified":"2025-02-28T17:08:27","modified_gmt":"2025-02-28T16:08:27","slug":"acords-consell-escolar","status":"publish","type":"page","link":"https:\/\/agora.xtec.cat\/escola-lallantia\/acords-consell-escolar\/","title":{"rendered":"Acords Consell Escolar."},"content":{"rendered":"<h4><strong>ACORDS DELS CONSELLS ESCOLARS<\/strong><\/h4>\n<table style=\"border-collapse: collapse; width: 18.2016%; height: 21px;\">\n<tbody>\n<tr>\n<td style=\"width: 100%;\"><span style=\"color: #0000ff;\"><strong>CURS 2024-25<\/strong><\/span><\/td>\n<\/tr>\n<\/tbody>\n<\/table>\n<p>ACORDS<\/p>\n<p>CONSELL ESCOLAR 26 de setembre de 2024<\/p>\n<ul>\n<li>Donar per aprovar l&#8217; implementaci\u00f3 del projecte SI.<\/li>\n<\/ul>\n<p>CONSELL ESCOLAR 30 de novembre de 2024<\/p>\n<ul>\n<li>Aprovaci\u00f3 MA 23\/24 i PGA 24\/25.<\/li>\n<li>Aprovaci\u00f3 sortides i col\u00f2nies.<\/li>\n<li>Aprovaci\u00f3 PROA +<\/li>\n<\/ul>\n<p>CONSEL ESCOLAR 30 de gener de 2025.<\/p>\n<ul>\n<li>Aprovaci\u00f3 liquidaci\u00f3 econ\u00f2mica 2024.<\/li>\n<li>Aprovaci\u00f3 pressupost 2025.<\/li>\n<li>Aprovaci\u00f3 de la participaci\u00f3 a programa PROA+.<\/li>\n<\/ul>\n<table style=\"border-collapse: collapse; width: 18.3466%; height: 12px;\">\n<tbody>\n<tr>\n<td style=\"width: 100%;\"><strong><span style=\"color: #3366ff;\">CURS 2023-24<\/span><\/strong><\/td>\n<\/tr>\n<\/tbody>\n<\/table>\n<p>Consell Escolar 6 de juny del 2024<\/p>\n<p>ACORDS.<\/p>\n<ul>\n<li>Calendari 24\/25<\/li>\n<li>Aprovaci\u00f3 quotes material.<\/li>\n<li>Aprovaci\u00f3 reducci\u00f3 quota material o llibres amb val escolar.<\/li>\n<li>Retiment comptes PROA+.<\/li>\n<li>Aprovaci\u00f3 continu\u00eftat projecte Global Scholars.<\/li>\n<\/ul>\n<p>Consell Escolar 20 de mar\u00e7 del 2024<\/p>\n<p>ACORDS<\/p>\n<ul>\n<li>Creaci\u00f3 comissi\u00f3 d&#8217;avaluaci\u00f3 PdD.<\/li>\n<\/ul>\n<p>Consell Escolar 1 de febrer del 2024<\/p>\n<p>ACORDS<\/p>\n<ul>\n<li>Aprovaci\u00f3 liquidaci\u00f3 pressupost 2023.<\/li>\n<li>Aprovaci\u00f3 pressupost 2024.<\/li>\n<\/ul>\n<p>Consell Escolar 30 de novembre del 2023<\/p>\n<p><strong>ACORDS:<\/strong><\/p>\n<ul>\n<li>Aprovaci\u00f3 MA i PGA.<\/li>\n<li>Aprovaci\u00f3 PROA+<\/li>\n<\/ul>\n<table style=\"border-collapse: collapse; width: 19.2168%; height: 36px;\">\n<tbody>\n<tr style=\"height: 32px;\">\n<td style=\"width: 100%; height: 32px;\"><span style=\"color: #3366ff;\"><strong>CURS 2022-23<\/strong><\/span><\/td>\n<\/tr>\n<\/tbody>\n<\/table>\n<p>Consell Escolar 19 de juny de 2023.<\/p>\n<ul>\n<li>Calendari escolar 22-23.<\/li>\n<li>Aprovaci\u00f3 projecte Globals Schoolars.<\/li>\n<li>Aprovaci\u00f3 de les quotes de material, llibres, material higi\u00e8nic d&#8217;\u00fas escolar i quota de menjador.<\/li>\n<li>Retiment de comptes PROA+.<\/li>\n<\/ul>\n<p>Consell Escolar 30 de gener de 2023<\/p>\n<p><strong>ACORDS:<\/strong><\/p>\n<ul>\n<li>Aprovaci\u00f3 liquidaci\u00f3 pressupost 2022.<\/li>\n<li>Aprovaci\u00f3 pressupost 2023.<\/li>\n<\/ul>\n<p>Consell Escolar 13 d&#8217;octubre del 2022<\/p>\n<p><strong>ACORDS:<\/strong><\/p>\n<ul>\n<li>Aprovaci\u00f3 MA 21\/22 i PGA 22\/23.<\/li>\n<li>Aprovaci\u00f3 sortides i col\u00f2nies.<\/li>\n<li>Aprovaci\u00f3 PROA +<\/li>\n<\/ul>\n<table style=\"border-collapse: collapse; width: 19.7244%; height: 47px;\">\n<tbody>\n<tr>\n<td style=\"width: 100%;\"><strong><span style=\"color: #3366ff;\">CURS 2021-22<\/span><\/strong><\/td>\n<\/tr>\n<\/tbody>\n<\/table>\n<p>Consell Escolar 14 de juny de 2022 (Presencial)<\/p>\n<p><strong>ACORDS:<\/strong><\/p>\n<ul>\n<li>Calendari escolar 22-23<\/li>\n<li>Aprovaci\u00f3 projecte ling\u00fc\u00edstic del centre.<\/li>\n<li>Aprovaci\u00f3 de les quotes de material, llibres, material higi\u00e8nic d&#8217;\u00fas escolar i quota de menjador.<\/li>\n<li>Demanda de reducci\u00f3 del % de participaci\u00f3 a les col\u00f2nies.<\/li>\n<\/ul>\n<p>Consell Escolar 27 de gener del 2022 (Telem\u00e0tic)<\/p>\n<ul>\n<li>Aprovaci\u00f3 liquidaci\u00f3 pressupost 2021.<\/li>\n<li>Aprovaci\u00f3 pressupost 2022.<\/li>\n<\/ul>\n<p>Consell Escolar 16 de desembre de 2021 (Telem\u00e0tic)<\/p>\n<p><strong>ACORDS:<\/strong><\/p>\n<ul>\n<li>Constituci\u00f3 Consell Escolar.<\/li>\n<li>Constituci\u00f3 comissi\u00f3 Econ\u00f2mica i Permanent.<\/li>\n<li>Horari de reunions de Consell Escolar.<\/li>\n<\/ul>\n<p>Consell Escolar 11 de novembre de 2021 (Telem\u00e0tic)<\/p>\n<p><strong>ACORDS:<\/strong><\/p>\n<ul>\n<li><span style=\"color: #808080;\">Aprovaci\u00f3 de la Mem\u00f2ria Anual del curs 20-21.<\/span><\/li>\n<li><span style=\"color: #808080;\">Aprovaci\u00f3 del Programaci\u00f3 General Anual 21-22.<\/span><\/li>\n<li><span style=\"color: #808080;\">Aprovaci\u00f3 del Pla de treball PMOE 21-22.<\/span><\/li>\n<\/ul>\n<p>Consell Escolar 9 de setembre de 2021 (Telem\u00e0tic)<\/p>\n<p><strong>ACORDS:<\/strong><\/p>\n<ul>\n<li><span style=\"color: #808080;\">Aprovaci\u00f3 Pla d&#8217;obertura Curs 21-22<\/span><\/li>\n<\/ul>\n<table style=\"border-collapse: collapse; width: 25.5983%; height: 15px;\">\n<tbody>\n<tr>\n<td style=\"width: 100%;\"><span style=\"color: #3366ff;\"><strong>CURS 2020-21<\/strong><\/span><\/td>\n<\/tr>\n<\/tbody>\n<\/table>\n<p>Consell Escolar 17 de juny de 2021 (Telem\u00e0tic)<\/p>\n<p><strong>ACORDS:<\/strong><\/p>\n<ul>\n<li><span style=\"color: #808080;\">Aprovaci\u00f3 jornada intensiva i calendari curs 21-22<\/span><\/li>\n<li><span style=\"color: #808080;\">Entrada progressiva de P3.<\/span><\/li>\n<li><span style=\"color: #808080;\">Aprovaci\u00f3 de modificaci\u00f3 del pressupost.<\/span><\/li>\n<\/ul>\n<p>Consell Escolar 28 de gener de 2021 (Telem\u00e0tic)<\/p>\n<p><strong>ACORDS:<\/strong><\/p>\n<ul>\n<li><span style=\"color: #808080;\">Aprovaci\u00f3 de la liquidaci\u00f3 de pressupost del 2020.<\/span><\/li>\n<li><span style=\"color: #808080;\">Aprovat el pressupost 2021.<\/span><\/li>\n<li><span style=\"color: #808080;\">Aprovada la Memoria Anual 19-20<\/span><\/li>\n<li><span style=\"color: #808080;\">Aprovada la PGA 20-21.<\/span><\/li>\n<\/ul>\n<p>Consell Escolar 22 d&#8217;octubre de 2020 (telem\u00e0tic)<\/p>\n<p><strong>ACORDS.<\/strong><\/p>\n<ul>\n<li><span style=\"color: #808080;\">Acord de coresponsabilitat per a l&#8217;aplicaci\u00f3 del programa de millores d&#8217;oportunitats educatives.<\/span><\/li>\n<li><span style=\"color: #808080;\">Aprovaci\u00f3 modificaci\u00f3 del pressupost.<\/span><\/li>\n<\/ul>\n<p>Consell Escolar 4 de setembre de 2020 (Telem\u00e0tic)<\/p>\n<p><strong>ACORDS<\/strong><\/p>\n<ul>\n<li><span style=\"color: #808080;\">Aprovaci\u00f3 pla d&#8217;actuaci\u00f3 i obertura curs 20-21<\/span><\/li>\n<\/ul>\n","protected":false},"excerpt":{"rendered":"<p>ACORDS DELS CONSELLS ESCOLARS CURS 2024-25 ACORDS CONSELL ESCOLAR 26 de setembre de 2024 Donar per aprovar l&#8217; implementaci\u00f3 del projecte SI. CONSELL ESCOLAR 30 de novembre de 2024 Aprovaci\u00f3 MA 23\/24 i PGA 24\/25. Aprovaci\u00f3 sortides i col\u00f2nies. Aprovaci\u00f3 PROA + CONSEL ESCOLAR 30 de gener de 2025. Aprovaci\u00f3 liquidaci\u00f3 econ\u00f2mica 2024. Aprovaci\u00f3 pressupost [&hellip;]<\/p>\n","protected":false},"author":1,"featured_media":0,"parent":0,"menu_order":0,"comment_status":"closed","ping_status":"closed","template":"","meta":{"_bbp_topic_count":0,"_bbp_reply_count":0,"_bbp_total_topic_count":0,"_bbp_total_reply_count":0,"_bbp_voice_count":0,"_bbp_anonymous_reply_count":0,"_bbp_topic_count_hidden":0,"_bbp_reply_count_hidden":0,"_bbp_forum_subforum_count":0,"site-sidebar-layout":"default","site-content-layout":"","ast-site-content-layout":"","site-content-style":"default","site-sidebar-style":"default","ast-global-header-display":"","ast-banner-title-visibility":"","ast-main-header-display":"","ast-hfb-above-header-display":"","ast-hfb-below-header-display":"","ast-hfb-mobile-header-display":"","site-post-title":"","ast-breadcrumbs-content":"","ast-featured-img":"","footer-sml-layout":"","theme-transparent-header-meta":"","adv-header-id-meta":"","stick-header-meta":"","header-above-stick-meta":"","header-main-stick-meta":"","header-below-stick-meta":"","astra-migrate-meta-layouts":"default","ast-page-background-enabled":"default","ast-page-background-meta":{"desktop":{"background-color":"var(--ast-global-color-4)","background-image":"","background-repeat":"repeat","background-position":"center center","background-size":"auto","background-attachment":"scroll","background-type":"","background-media":"","overlay-type":"","overlay-color":"","overlay-opacity":"","overlay-gradient":""},"tablet":{"background-color":"","background-image":"","background-repeat":"repeat","background-position":"center center","background-size":"auto","background-attachment":"scroll","background-type":"","background-media":"","overlay-type":"","overlay-color":"","overlay-opacity":"","overlay-gradient":""},"mobile":{"background-color":"","background-image":"","background-repeat":"repeat","background-position":"center center","background-size":"auto","background-attachment":"scroll","background-type":"","background-media":"","overlay-type":"","overlay-color":"","overlay-opacity":"","overlay-gradient":""}},"ast-content-background-meta":{"desktop":{"background-color":"var(--ast-global-color-5)","background-image":"","background-repeat":"repeat","background-position":"center center","background-size":"auto","background-attachment":"scroll","background-type":"","background-media":"","overlay-type":"","overlay-color":"","overlay-opacity":"","overlay-gradient":""},"tablet":{"background-color":"var(--ast-global-color-5)","background-image":"","background-repeat":"repeat","background-position":"center center","background-size":"auto","background-attachment":"scroll","background-type":"","background-media":"","overlay-type":"","overlay-color":"","overlay-opacity":"","overlay-gradient":""},"mobile":{"background-color":"var(--ast-global-color-5)","background-image":"","background-repeat":"repeat","background-position":"center center","background-size":"auto","background-attachment":"scroll","background-type":"","background-media":"","overlay-type":"","overlay-color":"","overlay-opacity":"","overlay-gradient":""}},"footnotes":""},"class_list":["post-994","page","type-page","status-publish","hentry"],"post_mailing_queue_ids":[],"_links":{"self":[{"href":"https:\/\/agora.xtec.cat\/escola-lallantia\/wp-json\/wp\/v2\/pages\/994","targetHints":{"allow":["GET"]}}],"collection":[{"href":"https:\/\/agora.xtec.cat\/escola-lallantia\/wp-json\/wp\/v2\/pages"}],"about":[{"href":"https:\/\/agora.xtec.cat\/escola-lallantia\/wp-json\/wp\/v2\/types\/page"}],"author":[{"embeddable":true,"href":"https:\/\/agora.xtec.cat\/escola-lallantia\/wp-json\/wp\/v2\/users\/1"}],"replies":[{"embeddable":true,"href":"https:\/\/agora.xtec.cat\/escola-lallantia\/wp-json\/wp\/v2\/comments?post=994"}],"version-history":[{"count":6,"href":"https:\/\/agora.xtec.cat\/escola-lallantia\/wp-json\/wp\/v2\/pages\/994\/revisions"}],"predecessor-version":[{"id":2259,"href":"https:\/\/agora.xtec.cat\/escola-lallantia\/wp-json\/wp\/v2\/pages\/994\/revisions\/2259"}],"wp:attachment":[{"href":"https:\/\/agora.xtec.cat\/escola-lallantia\/wp-json\/wp\/v2\/media?parent=994"}],"curies":[{"name":"wp","href":"https:\/\/api.w.org\/{rel}","templated":true}]}}

<h4><strong>ACORDS DELS CONSELLS ESCOLARS</strong></h4>
<table style="border-collapse: collapse; width: 18.2016%; height: 21px;">
<tbody>
<tr>
<td style="width: 100%;"><span style="color: #0000ff;"><strong>CURS 2024-25</strong></span></td>
</tr>
</tbody>
</table>
<p>ACORDS</p>
<p>CONSELL ESCOLAR 26 de setembre de 2024</p>
<ul>
<li>Donar per aprovar l&#8217; implementació del projecte SI.</li>
</ul>
<p>CONSELL ESCOLAR 30 de novembre de 2024</p>
<ul>
<li>Aprovació MA 23/24 i PGA 24/25.</li>
<li>Aprovació sortides i colònies.</li>
<li>Aprovació PROA +</li>
</ul>
<p>CONSEL ESCOLAR 30 de gener de 2025.</p>
<ul>
<li>Aprovació liquidació econòmica 2024.</li>
<li>Aprovació pressupost 2025.</li>
<li>Aprovació de la participació a programa PROA+.</li>
</ul>
<table style="border-collapse: collapse; width: 18.3466%; height: 12px;">
<tbody>
<tr>
<td style="width: 100%;"><strong><span style="color: #3366ff;">CURS 2023-24</span></strong></td>
</tr>
</tbody>
</table>
<p>Consell Escolar 6 de juny del 2024</p>
<p>ACORDS.</p>
<ul>
<li>Calendari 24/25</li>
<li>Aprovació quotes material.</li>
<li>Aprovació reducció quota material o llibres amb val escolar.</li>
<li>Retiment comptes PROA+.</li>
<li>Aprovació continuïtat projecte Global Scholars.</li>
</ul>
<p>Consell Escolar 20 de març del 2024</p>
<p>ACORDS</p>
<ul>
<li>Creació comissió d&#8217;avaluació PdD.</li>
</ul>
<p>Consell Escolar 1 de febrer del 2024</p>
<p>ACORDS</p>
<ul>
<li>Aprovació liquidació pressupost 2023.</li>
<li>Aprovació pressupost 2024.</li>
</ul>
<p>Consell Escolar 30 de novembre del 2023</p>
<p><strong>ACORDS:</strong></p>
<ul>
<li>Aprovació MA i PGA.</li>
<li>Aprovació PROA+</li>
</ul>
<table style="border-collapse: collapse; width: 19.2168%; height: 36px;">
<tbody>
<tr style="height: 32px;">
<td style="width: 100%; height: 32px;"><span style="color: #3366ff;"><strong>CURS 2022-23</strong></span></td>
</tr>
</tbody>
</table>
<p>Consell Escolar 19 de juny de 2023.</p>
<ul>
<li>Calendari escolar 22-23.</li>
<li>Aprovació projecte Globals Schoolars.</li>
<li>Aprovació de les quotes de material, llibres, material higiènic d&#8217;ús escolar i quota de menjador.</li>
<li>Retiment de comptes PROA+.</li>
</ul>
<p>Consell Escolar 30 de gener de 2023</p>
<p><strong>ACORDS:</strong></p>
<ul>
<li>Aprovació liquidació pressupost 2022.</li>
<li>Aprovació pressupost 2023.</li>
</ul>
<p>Consell Escolar 13 d&#8217;octubre del 2022</p>
<p><strong>ACORDS:</strong></p>
<ul>
<li>Aprovació MA 21/22 i PGA 22/23.</li>
<li>Aprovació sortides i colònies.</li>
<li>Aprovació PROA +</li>
</ul>
<table style="border-collapse: collapse; width: 19.7244%; height: 47px;">
<tbody>
<tr>
<td style="width: 100%;"><strong><span style="color: #3366ff;">CURS 2021-22</span></strong></td>
</tr>
</tbody>
</table>
<p>Consell Escolar 14 de juny de 2022 (Presencial)</p>
<p><strong>ACORDS:</strong></p>
<ul>
<li>Calendari escolar 22-23</li>
<li>Aprovació projecte lingüístic del centre.</li>
<li>Aprovació de les quotes de material, llibres, material higiènic d&#8217;ús escolar i quota de menjador.</li>
<li>Demanda de reducció del % de participació a les colònies.</li>
</ul>
<p>Consell Escolar 27 de gener del 2022 (Telemàtic)</p>
<ul>
<li>Aprovació liquidació pressupost 2021.</li>
<li>Aprovació pressupost 2022.</li>
</ul>
<p>Consell Escolar 16 de desembre de 2021 (Telemàtic)</p>
<p><strong>ACORDS:</strong></p>
<ul>
<li>Constitució Consell Escolar.</li>
<li>Constitució comissió Econòmica i Permanent.</li>
<li>Horari de reunions de Consell Escolar.</li>
</ul>
<p>Consell Escolar 11 de novembre de 2021 (Telemàtic)</p>
<p><strong>ACORDS:</strong></p>
<ul>
<li><span style="color: #808080;">Aprovació de la Memòria Anual del curs 20-21.</span></li>
<li><span style="color: #808080;">Aprovació del Programació General Anual 21-22.</span></li>
<li><span style="color: #808080;">Aprovació del Pla de treball PMOE 21-22.</span></li>
</ul>
<p>Consell Escolar 9 de setembre de 2021 (Telemàtic)</p>
<p><strong>ACORDS:</strong></p>
<ul>
<li><span style="color: #808080;">Aprovació Pla d&#8217;obertura Curs 21-22</span></li>
</ul>
<table style="border-collapse: collapse; width: 25.5983%; height: 15px;">
<tbody>
<tr>
<td style="width: 100%;"><span style="color: #3366ff;"><strong>CURS 2020-21</strong></span></td>
</tr>
</tbody>
</table>
<p>Consell Escolar 17 de juny de 2021 (Telemàtic)</p>
<p><strong>ACORDS:</strong></p>
<ul>
<li><span style="color: #808080;">Aprovació jornada intensiva i calendari curs 21-22</span></li>
<li><span style="color: #808080;">Entrada progressiva de P3.</span></li>
<li><span style="color: #808080;">Aprovació de modificació del pressupost.</span></li>
</ul>
<p>Consell Escolar 28 de gener de 2021 (Telemàtic)</p>
<p><strong>ACORDS:</strong></p>
<ul>
<li><span style="color: #808080;">Aprovació de la liquidació de pressupost del 2020.</span></li>
<li><span style="color: #808080;">Aprovat el pressupost 2021.</span></li>
<li><span style="color: #808080;">Aprovada la Memoria Anual 19-20</span></li>
<li><span style="color: #808080;">Aprovada la PGA 20-21.</span></li>
</ul>
<p>Consell Escolar 22 d&#8217;octubre de 2020 (telemàtic)</p>
<p><strong>ACORDS.</strong></p>
<ul>
<li><span style="color: #808080;">Acord de coresponsabilitat per a l&#8217;aplicació del programa de millores d&#8217;oportunitats educatives.</span></li>
<li><span style="color: #808080;">Aprovació modificació del pressupost.</span></li>
</ul>
<p>Consell Escolar 4 de setembre de 2020 (Telemàtic)</p>
<p><strong>ACORDS</strong></p>
<ul>
<li><span style="color: #808080;">Aprovació pla d&#8217;actuació i obertura curs 20-21</span></li>
</ul>

<p>ACORDS DELS CONSELLS ESCOLARS CURS 2024-25 ACORDS CONSELL ESCOLAR 26 de setembre de 2024 Donar per aprovar l&#8217; implementació del projecte SI. CONSELL ESCOLAR 30 de novembre de 2024 Aprovació MA 23/24 i PGA 24/25. Aprovació sortides i colònies. Aprovació PROA + CONSEL ESCOLAR 30 de gener de 2025. Aprovació liquidació econòmica 2024. Aprovació pressupost [&hellip;]</p>
