{"id":9,"date":"2014-09-17T15:08:18","date_gmt":"2014-09-17T14:08:18","guid":{"rendered":"http:\/\/agora.xtec.cat\/escola-lallantia\/?page_id=9"},"modified":"2026-03-26T12:43:50","modified_gmt":"2026-03-26T11:43:50","slug":"pagina-dinici-buida","status":"publish","type":"page","link":"https:\/\/agora.xtec.cat\/escola-lallantia\/","title":{"rendered":"US PRESENTEM L&#8217;ESCOLA LA LL\u00c0NTIA"},"content":{"rendered":"<p>&nbsp;<\/p>\n<h2><span style=\"color: #993366;\">QU\u00c8 ENS IDENTIFICA COM ESCOLA? <\/span><\/h2>\n<h2><span style=\"color: #993366;\">IMAGINA EL QUE SOM CAPA\u00c7OS DE FER.<\/span><\/h2>\n<div style=\"width: 640px;\" class=\"wp-video\"><!--[if lt IE 9]><script>document.createElement('video');<\/script><![endif]-->\n<video class=\"wp-video-shortcode\" id=\"video-9-1\" width=\"640\" height=\"360\" preload=\"metadata\" controls=\"controls\"><source type=\"video\/mp4\" src=\"https:\/\/agora.xtec.cat\/escola-lallantia\/wp-content\/uploads\/usu2434\/2025\/02\/video-escola-24-25.mp4?_=1\" \/><a href=\"https:\/\/agora.xtec.cat\/escola-lallantia\/wp-content\/uploads\/usu2434\/2025\/02\/video-escola-24-25.mp4\">https:\/\/agora.xtec.cat\/escola-lallantia\/wp-content\/uploads\/usu2434\/2025\/02\/video-escola-24-25.mp4<\/a><\/video><\/div>\n<p>&nbsp;<\/p>\n<h1>PROJECTE LIC:<\/h1>\n<p>Aquest curs hem iniciat el projecte LIC (Llengua, Interculturalitat i Cohesi\u00f3 social) al nostre centre amb l\u2019objectiu de refor\u00e7ar els vincles entre l\u2019escola i l\u2019entorn.<\/p>\n<p>A trav\u00e9s d\u2019aquest projecte, donem visibilitat a les activitats culturals, socials i l\u00fadiques que es duen a terme cada cap de setmana a Matar\u00f3, fomentant la participaci\u00f3 de l\u2019alumnat i les seves fam\u00edlies. D\u2019aquesta manera, afavorim l\u2019arrelament al territori, la conviv\u00e8ncia i el coneixement de la riquesa cultural que ens envolta.<\/p>\n<p>El projecte LIC esdev\u00e9, aix\u00ed, una oportunitat per educar m\u00e9s enll\u00e0 de l\u2019aula i continuar aprenent en comunitat.<\/p>\n<p>Aquest cap de setmana podrem gaudir de&#8230;<\/p>\n<p><a href=\"https:\/\/agora.xtec.cat\/escola-lallantia\/qui-som\/pagina-dinici-buida\/attachment\/captura-de-pantalla-2026-03-26-123625\/\" rel=\"attachment wp-att-2657\"><img loading=\"lazy\" decoding=\"async\" class=\"aligncenter size-full wp-image-2657\" src=\"https:\/\/agora.xtec.cat\/escola-lallantia\/wp-content\/uploads\/usu2434\/2026\/03\/Captura-de-pantalla-2026-03-26-123625.png\" alt=\"\" width=\"566\" height=\"814\" srcset=\"https:\/\/agora.xtec.cat\/escola-lallantia\/wp-content\/uploads\/usu2434\/2026\/03\/Captura-de-pantalla-2026-03-26-123625.png 566w, https:\/\/agora.xtec.cat\/escola-lallantia\/wp-content\/uploads\/usu2434\/2026\/03\/Captura-de-pantalla-2026-03-26-123625-209x300.png 209w\" sizes=\"auto, (max-width: 566px) 100vw, 566px\" \/><\/a> <a href=\"https:\/\/agora.xtec.cat\/escola-lallantia\/qui-som\/pagina-dinici-buida\/attachment\/captura-de-pantalla-2026-03-26-123655\/\" rel=\"attachment wp-att-2658\"><img loading=\"lazy\" decoding=\"async\" class=\"aligncenter size-full wp-image-2658\" src=\"https:\/\/agora.xtec.cat\/escola-lallantia\/wp-content\/uploads\/usu2434\/2026\/03\/Captura-de-pantalla-2026-03-26-123655.png\" alt=\"\" width=\"563\" height=\"774\" srcset=\"https:\/\/agora.xtec.cat\/escola-lallantia\/wp-content\/uploads\/usu2434\/2026\/03\/Captura-de-pantalla-2026-03-26-123655.png 563w, https:\/\/agora.xtec.cat\/escola-lallantia\/wp-content\/uploads\/usu2434\/2026\/03\/Captura-de-pantalla-2026-03-26-123655-218x300.png 218w\" sizes=\"auto, (max-width: 563px) 100vw, 563px\" \/><\/a> <a href=\"https:\/\/agora.xtec.cat\/escola-lallantia\/qui-som\/pagina-dinici-buida\/attachment\/captura-de-pantalla-2026-03-26-123709\/\" rel=\"attachment wp-att-2659\"><img loading=\"lazy\" decoding=\"async\" class=\"aligncenter size-full wp-image-2659\" src=\"https:\/\/agora.xtec.cat\/escola-lallantia\/wp-content\/uploads\/usu2434\/2026\/03\/Captura-de-pantalla-2026-03-26-123709.png\" alt=\"\" width=\"568\" height=\"580\" srcset=\"https:\/\/agora.xtec.cat\/escola-lallantia\/wp-content\/uploads\/usu2434\/2026\/03\/Captura-de-pantalla-2026-03-26-123709.png 568w, https:\/\/agora.xtec.cat\/escola-lallantia\/wp-content\/uploads\/usu2434\/2026\/03\/Captura-de-pantalla-2026-03-26-123709-294x300.png 294w\" sizes=\"auto, (max-width: 568px) 100vw, 568px\" \/><\/a><\/p>\n<p>&nbsp;<\/p>\n","protected":false},"excerpt":{"rendered":"<p>&nbsp; QU\u00c8 ENS IDENTIFICA COM ESCOLA? IMAGINA EL QUE SOM CAPA\u00c7OS DE FER. &nbsp; PROJECTE LIC: Aquest curs hem iniciat el projecte LIC (Llengua, Interculturalitat i Cohesi\u00f3 social) al nostre centre amb l\u2019objectiu de refor\u00e7ar els vincles entre l\u2019escola i l\u2019entorn. A trav\u00e9s d\u2019aquest projecte, donem visibilitat a les activitats culturals, socials i l\u00fadiques que [&hellip;]<\/p>\n","protected":false},"author":1,"featured_media":0,"parent":577,"menu_order":0,"comment_status":"closed","ping_status":"closed","template":"page-templates\/side-menu.php","meta":{"_bbp_topic_count":0,"_bbp_reply_count":0,"_bbp_total_topic_count":0,"_bbp_total_reply_count":0,"_bbp_voice_count":0,"_bbp_anonymous_reply_count":0,"_bbp_topic_count_hidden":0,"_bbp_reply_count_hidden":0,"_bbp_forum_subforum_count":0,"site-sidebar-layout":"default","site-content-layout":"","ast-site-content-layout":"","site-content-style":"default","site-sidebar-style":"default","ast-global-header-display":"","ast-banner-title-visibility":"","ast-main-header-display":"","ast-hfb-above-header-display":"","ast-hfb-below-header-display":"","ast-hfb-mobile-header-display":"","site-post-title":"","ast-breadcrumbs-content":"","ast-featured-img":"","footer-sml-layout":"","theme-transparent-header-meta":"","adv-header-id-meta":"","stick-header-meta":"","header-above-stick-meta":"","header-main-stick-meta":"","header-below-stick-meta":"","astra-migrate-meta-layouts":"default","ast-page-background-enabled":"default","ast-page-background-meta":{"desktop":{"background-color":"var(--ast-global-color-4)","background-image":"","background-repeat":"repeat","background-position":"center center","background-size":"auto","background-attachment":"scroll","background-type":"","background-media":"","overlay-type":"","overlay-color":"","overlay-opacity":"","overlay-gradient":""},"tablet":{"background-color":"","background-image":"","background-repeat":"repeat","background-position":"center center","background-size":"auto","background-attachment":"scroll","background-type":"","background-media":"","overlay-type":"","overlay-color":"","overlay-opacity":"","overlay-gradient":""},"mobile":{"background-color":"","background-image":"","background-repeat":"repeat","background-position":"center center","background-size":"auto","background-attachment":"scroll","background-type":"","background-media":"","overlay-type":"","overlay-color":"","overlay-opacity":"","overlay-gradient":""}},"ast-content-background-meta":{"desktop":{"background-color":"var(--ast-global-color-5)","background-image":"","background-repeat":"repeat","background-position":"center center","background-size":"auto","background-attachment":"scroll","background-type":"","background-media":"","overlay-type":"","overlay-color":"","overlay-opacity":"","overlay-gradient":""},"tablet":{"background-color":"var(--ast-global-color-5)","background-image":"","background-repeat":"repeat","background-position":"center center","background-size":"auto","background-attachment":"scroll","background-type":"","background-media":"","overlay-type":"","overlay-color":"","overlay-opacity":"","overlay-gradient":""},"mobile":{"background-color":"var(--ast-global-color-5)","background-image":"","background-repeat":"repeat","background-position":"center center","background-size":"auto","background-attachment":"scroll","background-type":"","background-media":"","overlay-type":"","overlay-color":"","overlay-opacity":"","overlay-gradient":""}},"footnotes":""},"class_list":["post-9","page","type-page","status-publish","hentry"],"post_mailing_queue_ids":[],"_links":{"self":[{"href":"https:\/\/agora.xtec.cat\/escola-lallantia\/wp-json\/wp\/v2\/pages\/9","targetHints":{"allow":["GET"]}}],"collection":[{"href":"https:\/\/agora.xtec.cat\/escola-lallantia\/wp-json\/wp\/v2\/pages"}],"about":[{"href":"https:\/\/agora.xtec.cat\/escola-lallantia\/wp-json\/wp\/v2\/types\/page"}],"author":[{"embeddable":true,"href":"https:\/\/agora.xtec.cat\/escola-lallantia\/wp-json\/wp\/v2\/users\/1"}],"replies":[{"embeddable":true,"href":"https:\/\/agora.xtec.cat\/escola-lallantia\/wp-json\/wp\/v2\/comments?post=9"}],"version-history":[{"count":6,"href":"https:\/\/agora.xtec.cat\/escola-lallantia\/wp-json\/wp\/v2\/pages\/9\/revisions"}],"predecessor-version":[{"id":2661,"href":"https:\/\/agora.xtec.cat\/escola-lallantia\/wp-json\/wp\/v2\/pages\/9\/revisions\/2661"}],"up":[{"embeddable":true,"href":"https:\/\/agora.xtec.cat\/escola-lallantia\/wp-json\/wp\/v2\/pages\/577"}],"wp:attachment":[{"href":"https:\/\/agora.xtec.cat\/escola-lallantia\/wp-json\/wp\/v2\/media?parent=9"}],"curies":[{"name":"wp","href":"https:\/\/api.w.org\/{rel}","templated":true}]}}

US PRESENTEM L&#8217;ESCOLA LA LLÀNTIA

<p>&nbsp;</p>
<h2><span style="color: #993366;">QUÈ ENS IDENTIFICA COM ESCOLA? </span></h2>
<h2><span style="color: #993366;">IMAGINA EL QUE SOM CAPAÇOS DE FER.</span></h2>
<div style="width: 640px;" class="wp-video"><!--[if lt IE 9]><script>document.createElement('video');</script><![endif]-->
<video class="wp-video-shortcode" id="video-9-1" width="640" height="360" preload="metadata" controls="controls"><source type="video/mp4" src="https://agora.xtec.cat/escola-lallantia/wp-content/uploads/usu2434/2025/02/video-escola-24-25.mp4?_=1" /><a href="https://agora.xtec.cat/escola-lallantia/wp-content/uploads/usu2434/2025/02/video-escola-24-25.mp4">https://agora.xtec.cat/escola-lallantia/wp-content/uploads/usu2434/2025/02/video-escola-24-25.mp4</a></video></div>
<p>&nbsp;</p>
<h1>PROJECTE LIC:</h1>
<p>Aquest curs hem iniciat el projecte LIC (Llengua, Interculturalitat i Cohesió social) al nostre centre amb l’objectiu de reforçar els vincles entre l’escola i l’entorn.</p>
<p>A través d’aquest projecte, donem visibilitat a les activitats culturals, socials i lúdiques que es duen a terme cada cap de setmana a Mataró, fomentant la participació de l’alumnat i les seves famílies. D’aquesta manera, afavorim l’arrelament al territori, la convivència i el coneixement de la riquesa cultural que ens envolta.</p>
<p>El projecte LIC esdevé, així, una oportunitat per educar més enllà de l’aula i continuar aprenent en comunitat.</p>
<p>Aquest cap de setmana podrem gaudir de&#8230;</p>
<p><a href="https://agora.xtec.cat/escola-lallantia/qui-som/pagina-dinici-buida/attachment/captura-de-pantalla-2026-03-26-123625/" rel="attachment wp-att-2657"><img loading="lazy" decoding="async" class="aligncenter size-full wp-image-2657" src="https://agora.xtec.cat/escola-lallantia/wp-content/uploads/usu2434/2026/03/Captura-de-pantalla-2026-03-26-123625.png" alt="" width="566" height="814" srcset="https://agora.xtec.cat/escola-lallantia/wp-content/uploads/usu2434/2026/03/Captura-de-pantalla-2026-03-26-123625.png 566w, https://agora.xtec.cat/escola-lallantia/wp-content/uploads/usu2434/2026/03/Captura-de-pantalla-2026-03-26-123625-209x300.png 209w" sizes="auto, (max-width: 566px) 100vw, 566px" /></a> <a href="https://agora.xtec.cat/escola-lallantia/qui-som/pagina-dinici-buida/attachment/captura-de-pantalla-2026-03-26-123655/" rel="attachment wp-att-2658"><img loading="lazy" decoding="async" class="aligncenter size-full wp-image-2658" src="https://agora.xtec.cat/escola-lallantia/wp-content/uploads/usu2434/2026/03/Captura-de-pantalla-2026-03-26-123655.png" alt="" width="563" height="774" srcset="https://agora.xtec.cat/escola-lallantia/wp-content/uploads/usu2434/2026/03/Captura-de-pantalla-2026-03-26-123655.png 563w, https://agora.xtec.cat/escola-lallantia/wp-content/uploads/usu2434/2026/03/Captura-de-pantalla-2026-03-26-123655-218x300.png 218w" sizes="auto, (max-width: 563px) 100vw, 563px" /></a> <a href="https://agora.xtec.cat/escola-lallantia/qui-som/pagina-dinici-buida/attachment/captura-de-pantalla-2026-03-26-123709/" rel="attachment wp-att-2659"><img loading="lazy" decoding="async" class="aligncenter size-full wp-image-2659" src="https://agora.xtec.cat/escola-lallantia/wp-content/uploads/usu2434/2026/03/Captura-de-pantalla-2026-03-26-123709.png" alt="" width="568" height="580" srcset="https://agora.xtec.cat/escola-lallantia/wp-content/uploads/usu2434/2026/03/Captura-de-pantalla-2026-03-26-123709.png 568w, https://agora.xtec.cat/escola-lallantia/wp-content/uploads/usu2434/2026/03/Captura-de-pantalla-2026-03-26-123709-294x300.png 294w" sizes="auto, (max-width: 568px) 100vw, 568px" /></a></p>
<p>&nbsp;</p>

<p>&nbsp; QUÈ ENS IDENTIFICA COM ESCOLA? IMAGINA EL QUE SOM CAPAÇOS DE FER. &nbsp; PROJECTE LIC: Aquest curs hem iniciat el projecte LIC (Llengua, Interculturalitat i Cohesió social) al nostre centre amb l’objectiu de reforçar els vincles entre l’escola i l’entorn. A través d’aquest projecte, donem visibilitat a les activitats culturals, socials i lúdiques que [&hellip;]</p>
