{"id":537,"date":"2021-02-03T12:15:13","date_gmt":"2021-02-03T11:15:13","guid":{"rendered":"https:\/\/agora.xtec.cat\/escola-lallantia\/?page_id=537"},"modified":"2023-07-10T20:04:38","modified_gmt":"2023-07-10T18:04:38","slug":"aprenentatge-cooperatiu","status":"publish","type":"page","link":"https:\/\/agora.xtec.cat\/escola-lallantia\/projecte-educatiu\/aprenentatge-cooperatiu\/","title":{"rendered":"Aprenentatge cooperatiu"},"content":{"rendered":"<p dir=\"ltr\">El curs 2010-2011\u00a0 l&#8217;escola comen\u00e7a la formaci\u00f3 CAAC\u00a0 de la Universitat de Vic. Des de llavors treballem amb aprenentatge cooperatiu i aquest passa a ser un dels trets distintius de la nostra escola recollit en el PEC.(Projecte Educatiu de Centre).<\/p>\n<h2 dir=\"ltr\">CAAC, QU\u00c8 \u00c9S?<\/h2>\n<p dir=\"ltr\">CAAC vol dir\u00a0 Cooperar per Aprendre\/ Aprendre a Cooperar. El nostre alumnat apr\u00e8n a treballar en equip per aprendre tots junts i, al mateix temps, apr\u00e8n com cooperar per tal que cada cop els equips estiguin m\u00e9s cohesionats i treballin m\u00e9s i millor.<\/p>\n<p dir=\"ltr\">Els objectius a assolir s\u00f3n \u00a0aprendre tots junts i ajudar-nos els uns als altres. Per aix\u00f2,\u00a0 en un equip nom\u00e9s acabem la feina quan parlem el que anem fent, ho fem entre tots i tots ho entenem tot.<\/p>\n<p dir=\"ltr\"><img loading=\"lazy\" decoding=\"async\" class=\"size-full wp-image-1642 alignleft\" src=\"https:\/\/agora.xtec.cat\/escola-lallantia\/wp-content\/uploads\/usu2434\/2023\/07\/Captura-de-pantalla-2023-07-10-195130.png\" alt=\"\" width=\"198\" height=\"259\" \/><\/p>\n<h2 dir=\"ltr\">COM HO FEM?<\/h2>\n<p dir=\"ltr\">Des de EI3 i fins a PRI-6 l&#8217;alumnat es divideix en equips heterogenis de 4 que treballen junts en determinats moments de la setmana. En aquests equips, tothom t\u00e9 un c\u00e0rrec que ajuda al bon funcionament de l&#8217;equip. Les feines (de qualsevol mat\u00e8ria) que s&#8217;encomanen a l&#8217;equip s&#8217;han de resoldre amb la cooperaci\u00f3 de tots els membres. Hi ha d&#8217;haver participaci\u00f3 equitativa (tots tenen el deure i l&#8217;obligaci\u00f3 de participar) i interacci\u00f3 simult\u00e0nia (tots discuteixen amb tots de forma ordenada com resolen la feina).<\/p>\n<h2 dir=\"ltr\">QUINES ACTIVITATS FEM?<\/h2>\n<p dir=\"ltr\">L&#8217;aprenentatge cooperatiu est\u00e0 organitzat en tres \u00e0mbits que es van combinant per poder avan\u00e7ar en la cooperaci\u00f3:<\/p>\n<ul>\n<li dir=\"ltr\" aria-level=\"1\">\n<p dir=\"ltr\" role=\"presentation\">Din\u00e0miques: s\u00f3n activitats per cohesionar el grup-classe.<\/p>\n<\/li>\n<li dir=\"ltr\" aria-level=\"1\">\n<p dir=\"ltr\" role=\"presentation\">Estructures fixes: s\u00f3n maneres de resoldre una feina que faciliten que els membres de cada equip cooperatiu participin equitativament i interaccionin entre ells.<\/p>\n<\/li>\n<li dir=\"ltr\" aria-level=\"1\">\n<p dir=\"ltr\" role=\"presentation\">Quadern d&#8217;equip: \u00e9s un document que elabora cada equip on hi consta el nom de l&#8217;equip, els c\u00e0rrecs, els objectius, els compromisos personals i l&#8217;avaluaci\u00f3 regular tant de la feina feta, com del funcionament de l&#8217;equip.<\/p>\n<\/li>\n<\/ul>\n<p dir=\"ltr\">Els docents tamb\u00e9 tenim equips cooperatius per fer reflexions pedag\u00f2giques i tenim un pla de suport per ajudar els mestres nous al centre a fer aprenentatge cooperatiu amb l&#8217;alumnat.<\/p>\n<h2 dir=\"ltr\">NO ESTEM SOLS<\/h2>\n<p dir=\"ltr\">Formem part de la Xarxa Khelid\u00f4n que agrupa centres de tot l&#8217;estat que tenen el CAAC com a l\u00ednia d&#8217;escola. Per aix\u00f2, cada mes de juliol assistim alternativament a les Jornades CAAC de Catalunya o al Simp\u00f2sium estatal on compartim la feina feta amb altres centres i reflexionem sobre com millorar.<\/p>\n<p dir=\"ltr\">Tamb\u00e9 assistim al grup de treball del MEM un cop al mes durant el curs, on escoles de tot el Maresme compartim experi\u00e8ncies i treballem per avan\u00e7ar en l&#8217;aprenentatge cooperatiu.<\/p>\n<p dir=\"ltr\">Aix\u00ed mateix formem part de la Coordinadora Khelid\u00f4n Catalunya que organitza les Jornades CAAC territorials.<\/p>\n<p dir=\"ltr\"><img loading=\"lazy\" decoding=\"async\" class=\"size-full wp-image-658 alignleft\" src=\"https:\/\/agora.xtec.cat\/escola-lallantia\/wp-content\/uploads\/usu2434\/2021\/03\/logo_khelidon2x-1.png\" alt=\"\" width=\"652\" height=\"128\" srcset=\"https:\/\/agora.xtec.cat\/escola-lallantia\/wp-content\/uploads\/usu2434\/2021\/03\/logo_khelidon2x-1.png 652w, https:\/\/agora.xtec.cat\/escola-lallantia\/wp-content\/uploads\/usu2434\/2021\/03\/logo_khelidon2x-1-300x59.png 300w\" sizes=\"auto, (max-width: 652px) 100vw, 652px\" \/><\/p>\n<p dir=\"ltr\">\n<p dir=\"ltr\">\n<p dir=\"ltr\">\n<p dir=\"ltr\">\n<p dir=\"ltr\">Des del curs 2019 a l&#8217;escola La Ll\u00e0ntia se la reconeix com a projecte d&#8217;innovaci\u00f3 pedag\u00f2gica. Els projectes d\u2019innovaci\u00f3 pedag\u00f2gica consisteixen en iniciatives del centre educatiu, que formen part de manera expl\u00edcita del projecte educatiu de centre, que responen a objectius de millora educativa pr\u00e8viament fixats en un pla d\u2019acci\u00f3 i que aporten evid\u00e8ncies del canvi que ha significat per al centre o centres pel que fa a les compet\u00e8ncies dels alumnes o a l\u2019organitzaci\u00f3 i gesti\u00f3.<\/p>\n<p dir=\"ltr\">El Departament d\u2019Educaci\u00f3 promou, reconeix i certifica els projectes d&#8217;innovaci\u00f3 pedag\u00f2gica impulsats des del centres educatius per millorar la qualitat dels serveis que ofereixen contribuint a la millora del sistema educatiu.<\/p>\n<p dir=\"ltr\"><a href=\"https:\/\/innovacio.xtec.gencat.cat\/cerca\/escola%20la%20llantia\"><img loading=\"lazy\" decoding=\"async\" class=\"size-full wp-image-1645 alignleft\" src=\"https:\/\/agora.xtec.cat\/escola-lallantia\/wp-content\/uploads\/usu2434\/2023\/07\/projectes.jpg\" alt=\"\" width=\"320\" height=\"320\" srcset=\"https:\/\/agora.xtec.cat\/escola-lallantia\/wp-content\/uploads\/usu2434\/2023\/07\/projectes.jpg 320w, https:\/\/agora.xtec.cat\/escola-lallantia\/wp-content\/uploads\/usu2434\/2023\/07\/projectes-300x300.jpg 300w, https:\/\/agora.xtec.cat\/escola-lallantia\/wp-content\/uploads\/usu2434\/2023\/07\/projectes-150x150.jpg 150w\" sizes=\"auto, (max-width: 320px) 100vw, 320px\" \/><\/a><\/p>\n","protected":false},"excerpt":{"rendered":"<p>El curs 2010-2011\u00a0 l&#8217;escola comen\u00e7a la formaci\u00f3 CAAC\u00a0 de la Universitat de Vic. Des de llavors treballem amb aprenentatge cooperatiu i aquest passa a ser un dels trets distintius de la nostra escola recollit en el PEC.(Projecte Educatiu de Centre). CAAC, QU\u00c8 \u00c9S? CAAC vol dir\u00a0 Cooperar per Aprendre\/ Aprendre a Cooperar. El nostre alumnat [&hellip;]<\/p>\n","protected":false},"author":1,"featured_media":0,"parent":64,"menu_order":0,"comment_status":"closed","ping_status":"closed","template":"","meta":{"_bbp_topic_count":0,"_bbp_reply_count":0,"_bbp_total_topic_count":0,"_bbp_total_reply_count":0,"_bbp_voice_count":0,"_bbp_anonymous_reply_count":0,"_bbp_topic_count_hidden":0,"_bbp_reply_count_hidden":0,"_bbp_forum_subforum_count":0,"site-sidebar-layout":"default","site-content-layout":"","ast-site-content-layout":"","site-content-style":"default","site-sidebar-style":"default","ast-global-header-display":"","ast-banner-title-visibility":"","ast-main-header-display":"","ast-hfb-above-header-display":"","ast-hfb-below-header-display":"","ast-hfb-mobile-header-display":"","site-post-title":"","ast-breadcrumbs-content":"","ast-featured-img":"","footer-sml-layout":"","theme-transparent-header-meta":"","adv-header-id-meta":"","stick-header-meta":"","header-above-stick-meta":"","header-main-stick-meta":"","header-below-stick-meta":"","astra-migrate-meta-layouts":"default","ast-page-background-enabled":"default","ast-page-background-meta":{"desktop":{"background-color":"var(--ast-global-color-4)","background-image":"","background-repeat":"repeat","background-position":"center center","background-size":"auto","background-attachment":"scroll","background-type":"","background-media":"","overlay-type":"","overlay-color":"","overlay-opacity":"","overlay-gradient":""},"tablet":{"background-color":"","background-image":"","background-repeat":"repeat","background-position":"center center","background-size":"auto","background-attachment":"scroll","background-type":"","background-media":"","overlay-type":"","overlay-color":"","overlay-opacity":"","overlay-gradient":""},"mobile":{"background-color":"","background-image":"","background-repeat":"repeat","background-position":"center center","background-size":"auto","background-attachment":"scroll","background-type":"","background-media":"","overlay-type":"","overlay-color":"","overlay-opacity":"","overlay-gradient":""}},"ast-content-background-meta":{"desktop":{"background-color":"var(--ast-global-color-5)","background-image":"","background-repeat":"repeat","background-position":"center center","background-size":"auto","background-attachment":"scroll","background-type":"","background-media":"","overlay-type":"","overlay-color":"","overlay-opacity":"","overlay-gradient":""},"tablet":{"background-color":"var(--ast-global-color-5)","background-image":"","background-repeat":"repeat","background-position":"center center","background-size":"auto","background-attachment":"scroll","background-type":"","background-media":"","overlay-type":"","overlay-color":"","overlay-opacity":"","overlay-gradient":""},"mobile":{"background-color":"var(--ast-global-color-5)","background-image":"","background-repeat":"repeat","background-position":"center center","background-size":"auto","background-attachment":"scroll","background-type":"","background-media":"","overlay-type":"","overlay-color":"","overlay-opacity":"","overlay-gradient":""}},"footnotes":""},"class_list":["post-537","page","type-page","status-publish","hentry"],"post_mailing_queue_ids":[],"_links":{"self":[{"href":"https:\/\/agora.xtec.cat\/escola-lallantia\/wp-json\/wp\/v2\/pages\/537","targetHints":{"allow":["GET"]}}],"collection":[{"href":"https:\/\/agora.xtec.cat\/escola-lallantia\/wp-json\/wp\/v2\/pages"}],"about":[{"href":"https:\/\/agora.xtec.cat\/escola-lallantia\/wp-json\/wp\/v2\/types\/page"}],"author":[{"embeddable":true,"href":"https:\/\/agora.xtec.cat\/escola-lallantia\/wp-json\/wp\/v2\/users\/1"}],"replies":[{"embeddable":true,"href":"https:\/\/agora.xtec.cat\/escola-lallantia\/wp-json\/wp\/v2\/comments?post=537"}],"version-history":[{"count":3,"href":"https:\/\/agora.xtec.cat\/escola-lallantia\/wp-json\/wp\/v2\/pages\/537\/revisions"}],"predecessor-version":[{"id":1646,"href":"https:\/\/agora.xtec.cat\/escola-lallantia\/wp-json\/wp\/v2\/pages\/537\/revisions\/1646"}],"up":[{"embeddable":true,"href":"https:\/\/agora.xtec.cat\/escola-lallantia\/wp-json\/wp\/v2\/pages\/64"}],"wp:attachment":[{"href":"https:\/\/agora.xtec.cat\/escola-lallantia\/wp-json\/wp\/v2\/media?parent=537"}],"curies":[{"name":"wp","href":"https:\/\/api.w.org\/{rel}","templated":true}]}}

<p dir="ltr">El curs 2010-2011  l&#8217;escola comença la formació CAAC  de la Universitat de Vic. Des de llavors treballem amb aprenentatge cooperatiu i aquest passa a ser un dels trets distintius de la nostra escola recollit en el PEC.(Projecte Educatiu de Centre).</p>
<h2 dir="ltr">CAAC, QUÈ ÉS?</h2>
<p dir="ltr">CAAC vol dir  Cooperar per Aprendre/ Aprendre a Cooperar. El nostre alumnat aprèn a treballar en equip per aprendre tots junts i, al mateix temps, aprèn com cooperar per tal que cada cop els equips estiguin més cohesionats i treballin més i millor.</p>
<p dir="ltr">Els objectius a assolir són  aprendre tots junts i ajudar-nos els uns als altres. Per això,  en un equip només acabem la feina quan parlem el que anem fent, ho fem entre tots i tots ho entenem tot.</p>
<p dir="ltr"><img loading="lazy" decoding="async" class="size-full wp-image-1642 alignleft" src="https://agora.xtec.cat/escola-lallantia/wp-content/uploads/usu2434/2023/07/Captura-de-pantalla-2023-07-10-195130.png" alt="" width="198" height="259" /></p>
<h2 dir="ltr">COM HO FEM?</h2>
<p dir="ltr">Des de EI3 i fins a PRI-6 l&#8217;alumnat es divideix en equips heterogenis de 4 que treballen junts en determinats moments de la setmana. En aquests equips, tothom té un càrrec que ajuda al bon funcionament de l&#8217;equip. Les feines (de qualsevol matèria) que s&#8217;encomanen a l&#8217;equip s&#8217;han de resoldre amb la cooperació de tots els membres. Hi ha d&#8217;haver participació equitativa (tots tenen el deure i l&#8217;obligació de participar) i interacció simultània (tots discuteixen amb tots de forma ordenada com resolen la feina).</p>
<h2 dir="ltr">QUINES ACTIVITATS FEM?</h2>
<p dir="ltr">L&#8217;aprenentatge cooperatiu està organitzat en tres àmbits que es van combinant per poder avançar en la cooperació:</p>
<ul>
<li dir="ltr" aria-level="1">
<p dir="ltr" role="presentation">Dinàmiques: són activitats per cohesionar el grup-classe.</p>
</li>
<li dir="ltr" aria-level="1">
<p dir="ltr" role="presentation">Estructures fixes: són maneres de resoldre una feina que faciliten que els membres de cada equip cooperatiu participin equitativament i interaccionin entre ells.</p>
</li>
<li dir="ltr" aria-level="1">
<p dir="ltr" role="presentation">Quadern d&#8217;equip: és un document que elabora cada equip on hi consta el nom de l&#8217;equip, els càrrecs, els objectius, els compromisos personals i l&#8217;avaluació regular tant de la feina feta, com del funcionament de l&#8217;equip.</p>
</li>
</ul>
<p dir="ltr">Els docents també tenim equips cooperatius per fer reflexions pedagògiques i tenim un pla de suport per ajudar els mestres nous al centre a fer aprenentatge cooperatiu amb l&#8217;alumnat.</p>
<h2 dir="ltr">NO ESTEM SOLS</h2>
<p dir="ltr">Formem part de la Xarxa Khelidôn que agrupa centres de tot l&#8217;estat que tenen el CAAC com a línia d&#8217;escola. Per això, cada mes de juliol assistim alternativament a les Jornades CAAC de Catalunya o al Simpòsium estatal on compartim la feina feta amb altres centres i reflexionem sobre com millorar.</p>
<p dir="ltr">També assistim al grup de treball del MEM un cop al mes durant el curs, on escoles de tot el Maresme compartim experiències i treballem per avançar en l&#8217;aprenentatge cooperatiu.</p>
<p dir="ltr">Així mateix formem part de la Coordinadora Khelidôn Catalunya que organitza les Jornades CAAC territorials.</p>
<p dir="ltr"><img loading="lazy" decoding="async" class="size-full wp-image-658 alignleft" src="https://agora.xtec.cat/escola-lallantia/wp-content/uploads/usu2434/2021/03/logo_khelidon2x-1.png" alt="" width="652" height="128" srcset="https://agora.xtec.cat/escola-lallantia/wp-content/uploads/usu2434/2021/03/logo_khelidon2x-1.png 652w, https://agora.xtec.cat/escola-lallantia/wp-content/uploads/usu2434/2021/03/logo_khelidon2x-1-300x59.png 300w" sizes="auto, (max-width: 652px) 100vw, 652px" /></p>
<p dir="ltr">
<p dir="ltr">
<p dir="ltr">
<p dir="ltr">
<p dir="ltr">Des del curs 2019 a l&#8217;escola La Llàntia se la reconeix com a projecte d&#8217;innovació pedagògica. Els projectes d’innovació pedagògica consisteixen en iniciatives del centre educatiu, que formen part de manera explícita del projecte educatiu de centre, que responen a objectius de millora educativa prèviament fixats en un pla d’acció i que aporten evidències del canvi que ha significat per al centre o centres pel que fa a les competències dels alumnes o a l’organització i gestió.</p>
<p dir="ltr">El Departament d’Educació promou, reconeix i certifica els projectes d&#8217;innovació pedagògica impulsats des del centres educatius per millorar la qualitat dels serveis que ofereixen contribuint a la millora del sistema educatiu.</p>
<p dir="ltr"><a href="https://innovacio.xtec.gencat.cat/cerca/escola%20la%20llantia"><img loading="lazy" decoding="async" class="size-full wp-image-1645 alignleft" src="https://agora.xtec.cat/escola-lallantia/wp-content/uploads/usu2434/2023/07/projectes.jpg" alt="" width="320" height="320" srcset="https://agora.xtec.cat/escola-lallantia/wp-content/uploads/usu2434/2023/07/projectes.jpg 320w, https://agora.xtec.cat/escola-lallantia/wp-content/uploads/usu2434/2023/07/projectes-300x300.jpg 300w, https://agora.xtec.cat/escola-lallantia/wp-content/uploads/usu2434/2023/07/projectes-150x150.jpg 150w" sizes="auto, (max-width: 320px) 100vw, 320px" /></a></p>

<p>El curs 2010-2011  l&#8217;escola comença la formació CAAC  de la Universitat de Vic. Des de llavors treballem amb aprenentatge cooperatiu i aquest passa a ser un dels trets distintius de la nostra escola recollit en el PEC.(Projecte Educatiu de Centre). CAAC, QUÈ ÉS? CAAC vol dir  Cooperar per Aprendre/ Aprendre a Cooperar. El nostre alumnat [&hellip;]</p>
