{"id":26,"date":"2014-09-18T12:24:32","date_gmt":"2014-09-18T11:24:32","guid":{"rendered":"http:\/\/agora.xtec.cat\/escola-lallantia\/?page_id=26"},"modified":"2024-10-17T16:04:17","modified_gmt":"2024-10-17T14:04:17","slug":"historia","status":"publish","type":"page","link":"https:\/\/agora.xtec.cat\/escola-lallantia\/lescola\/historia\/","title":{"rendered":"Hist\u00f2ria"},"content":{"rendered":"<h4><b>Hi havia una vegada,\u2026<a href=\"https:\/\/agora.xtec.cat\/escola-lallantia\/lescola\/historia\/attachment\/foto-antiga\/\" rel=\"attachment wp-att-2049\"><img loading=\"lazy\" decoding=\"async\" class=\"wp-image-2049 alignright\" src=\"https:\/\/agora.xtec.cat\/escola-lallantia\/wp-content\/uploads\/usu2434\/2024\/10\/foto-antiga.png\" alt=\"\" width=\"359\" height=\"511\" srcset=\"https:\/\/agora.xtec.cat\/escola-lallantia\/wp-content\/uploads\/usu2434\/2024\/10\/foto-antiga.png 455w, https:\/\/agora.xtec.cat\/escola-lallantia\/wp-content\/uploads\/usu2434\/2024\/10\/foto-antiga-211x300.png 211w\" sizes=\"auto, (max-width: 359px) 100vw, 359px\" \/><\/a><\/b><\/h4>\n<p><b>Hi havia una vegada, fa molts anys, dalt d\u2019un turonet de Matar\u00f3<\/b>, un grup de joves mestres, arribats de llunyanes terres d\u2019arreu de la pen\u00ednsula ( Granada, Extremadura, Conca, Gal\u00edcia, Lleida\u2026) que tenien moltes ganes de treballar. Recolzats per l\u2019 associaci\u00f3 de Ve\u00efns del barri va comen\u00e7ar una lluita per tenir una escola.<\/p>\n<p><b>El moment va arribar l\u2019 any 1978<\/b>. Van comen\u00e7ar aprofitant tots els racons, repartits per tot el tur\u00f3: uns en barracons, altres al \u201cCentro Social\u201d, d\u2019altres, a l\u2019 edifici de l\u2019 antiga escola Cerdanyola i alguns a la caseta blanca dels Salesians.<\/p>\n<p>En arribar la primavera els grans que estaven a la caseta blanca ( 4t, 5\u00e8, 6\u00e8 i 7\u00e8) van poder traslladar-se a l\u2019 edifici del carrer Gal\u00edcia. Anys m\u00e9s tard, cap al 84, es convertiria en l\u2019 escola Roques Albes i despr\u00e9s de servir per acollir grups de grans de les escoles Cerdanyola i La Ll\u00e0ntia, esdevindria seu dels batxillerats de l\u2019 IES Puig i Cadafalch.<\/p>\n<p>I vet aqu\u00ed, que poc a poc, a partir del curs 79-80 tots els alumnes d\u2019EGB van passar a l\u2019 actual edifici del carrer Sant Josep de Calassan\u00e7. Un edifici prou gran per acollir-los a tots, per\u00f2 ai! Els arquitectes! Encara es van quedar curts i el parvulari va anar al carrer Gal\u00edcia. Am l\u2019 escola en marxa i l\u2019 edifici en condicions, van ser possible les primeres col\u00f2nies.<\/p>\n<p><b>L\u2019 any 80-81 comen\u00e7a a caminar l\u2019 aula d\u2019educaci\u00f3 Especial<\/b><\/p>\n<p>Amb la finalitat de poder atendre tots aquells alumnes amb dificultats.<\/p>\n<p>Per fi l\u2019 any 84 vam poder traslladar educaci\u00f3 infantil a l\u2019 edifici gran. Com? Doncs convertint un antic soterrani en aules de parvulari i un antic descampat en un gran pati de sorra. Per fi estaven tots junts!<\/p>\n<p><b>Quants records, quantes an\u00e8cdotes&#8230;<\/b> Una vegada al gener del 85 va nevar tant que vam haver de tancar l\u2019 escola perqu\u00e8 l\u2019 ajuntament va acabar tota la sal i les pujades \u00abdel turonet\u00bb semblaven pistes de patinatge!<\/p>\n<p>&#8230;.I la multicopista de gelatina, us en recordeu?&#8230;<\/p>\n<p>Aquell 85 havia de ser especial, ja es veia, perqu\u00e8 tamb\u00e9 es va produir un canvi important: vam iniciar el Programa d\u2019Immersi\u00f3 ling\u00fc\u00edstica del Catal\u00e0.<\/p>\n<p>I treballant, treballant, arriba el curs 88-89. Ja tenim 10 anys!<\/p>\n<p><b>I celebrem el 10\u00e8 aniversari.<\/b><\/p>\n<p>Comencem a fer activitats extraescolars, tot i que, anteriorment es feien activitats fora de l\u2019horari de tipus esportiu portades per exalumnes i mestres.<\/p>\n<p><b>I pas a pas arribem a l\u2019any 92-93<\/b>. S\u2019inicia la Reforma.<\/p>\n<p>Els pixaners de P3 a l\u2019 escola. Que petits semblaven!<\/p>\n<p>Ah! i ens arriben mestres d\u2019Educaci\u00f3 F\u00edsica, m\u00fasica i d&#8217;Angl\u00e8s&#8230; Qu\u00e8 b\u00e9!<\/p>\n<p>Ens semblaven moltes novetats per\u00f2 encara quedaven m\u00e9s sorpreses amagades dins la m\u00e0niga.<\/p>\n<p><b>L\u2019 Any 95-96<\/b> tots aquells mestres de l\u2019 inici repartits pel turonet veuen com la davallada demogr\u00e0fica ens arriba. De tres escoles, Roques Albes, Cerdanyola i La Ll\u00e0ntia, hem passat a dues i ara nom\u00e9s serem una. L \u2018 escola viu l\u2019 absorci\u00f3 del Cerdanyola.<\/p>\n<p>I de nou els arquitectes! Remodelaci\u00f3 de l\u2019edifici. I un altre cop amunt i avall. Durant un parell d\u2019anys pujarem i baixarem el carrer Sant Sebasti\u00e0 per atendre als alumnes de 7\u00e9 i 8\u00e9, que en grups triplicats per la remodelaci\u00f3 ocupen l\u2019 antic edifici Roques Albes.<\/p>\n<p>Comencem el menjador i la inform\u00e0tica. Anys de canvi, d\u2019adaptaci\u00f3 a nous companys, noves tecnologies,&#8230;.<\/p>\n<p><b>A poc a poc anem fent cam\u00ed<\/b> i la primavera del 98, per Sant Jordi, bategem el nostre gegant. Ara ja tenim qui ens defensi dels dracs!. En Pallaventures, neix d\u2019un projecte com\u00fa d\u2019un grup de pares, dels alumnes i dels mestres i el seu nom fou triat democr\u00e0ticament per tots els nens i nenes.<\/p>\n<p>Ara ja hi som i l\u2019 any 99 decidim fer alguns canvis: adoptem la metodologia constructivista a l\u2019 ensenyament i aprenentatge de la llengua, iniciem el treball per projectes, comencem a parlar de l&#8217;angl\u00e8s a 1<sup>r<\/sup> i ens tirem de capa a la inform\u00e0tica.<\/p>\n<p>Els anys han passat<\/p>\n","protected":false},"excerpt":{"rendered":"<p>Hi havia una vegada,\u2026 Hi havia una vegada, fa molts anys, dalt d\u2019un turonet de Matar\u00f3, un grup de joves mestres, arribats de llunyanes terres d\u2019arreu de la pen\u00ednsula ( Granada, Extremadura, Conca, Gal\u00edcia, Lleida\u2026) que tenien moltes ganes de treballar. Recolzats per l\u2019 associaci\u00f3 de Ve\u00efns del barri va comen\u00e7ar una lluita per tenir [&hellip;]<\/p>\n","protected":false},"author":1,"featured_media":0,"parent":22,"menu_order":20,"comment_status":"closed","ping_status":"closed","template":"page-templates\/side-menu.php","meta":{"_bbp_topic_count":0,"_bbp_reply_count":0,"_bbp_total_topic_count":0,"_bbp_total_reply_count":0,"_bbp_voice_count":0,"_bbp_anonymous_reply_count":0,"_bbp_topic_count_hidden":0,"_bbp_reply_count_hidden":0,"_bbp_forum_subforum_count":0,"site-sidebar-layout":"default","site-content-layout":"","ast-site-content-layout":"","site-content-style":"default","site-sidebar-style":"default","ast-global-header-display":"","ast-banner-title-visibility":"","ast-main-header-display":"","ast-hfb-above-header-display":"","ast-hfb-below-header-display":"","ast-hfb-mobile-header-display":"","site-post-title":"","ast-breadcrumbs-content":"","ast-featured-img":"","footer-sml-layout":"","theme-transparent-header-meta":"","adv-header-id-meta":"","stick-header-meta":"","header-above-stick-meta":"","header-main-stick-meta":"","header-below-stick-meta":"","astra-migrate-meta-layouts":"default","ast-page-background-enabled":"default","ast-page-background-meta":{"desktop":{"background-color":"var(--ast-global-color-4)","background-image":"","background-repeat":"repeat","background-position":"center center","background-size":"auto","background-attachment":"scroll","background-type":"","background-media":"","overlay-type":"","overlay-color":"","overlay-opacity":"","overlay-gradient":""},"tablet":{"background-color":"","background-image":"","background-repeat":"repeat","background-position":"center center","background-size":"auto","background-attachment":"scroll","background-type":"","background-media":"","overlay-type":"","overlay-color":"","overlay-opacity":"","overlay-gradient":""},"mobile":{"background-color":"","background-image":"","background-repeat":"repeat","background-position":"center center","background-size":"auto","background-attachment":"scroll","background-type":"","background-media":"","overlay-type":"","overlay-color":"","overlay-opacity":"","overlay-gradient":""}},"ast-content-background-meta":{"desktop":{"background-color":"var(--ast-global-color-5)","background-image":"","background-repeat":"repeat","background-position":"center center","background-size":"auto","background-attachment":"scroll","background-type":"","background-media":"","overlay-type":"","overlay-color":"","overlay-opacity":"","overlay-gradient":""},"tablet":{"background-color":"var(--ast-global-color-5)","background-image":"","background-repeat":"repeat","background-position":"center center","background-size":"auto","background-attachment":"scroll","background-type":"","background-media":"","overlay-type":"","overlay-color":"","overlay-opacity":"","overlay-gradient":""},"mobile":{"background-color":"var(--ast-global-color-5)","background-image":"","background-repeat":"repeat","background-position":"center center","background-size":"auto","background-attachment":"scroll","background-type":"","background-media":"","overlay-type":"","overlay-color":"","overlay-opacity":"","overlay-gradient":""}},"footnotes":""},"class_list":["post-26","page","type-page","status-publish","hentry"],"post_mailing_queue_ids":[],"_links":{"self":[{"href":"https:\/\/agora.xtec.cat\/escola-lallantia\/wp-json\/wp\/v2\/pages\/26","targetHints":{"allow":["GET"]}}],"collection":[{"href":"https:\/\/agora.xtec.cat\/escola-lallantia\/wp-json\/wp\/v2\/pages"}],"about":[{"href":"https:\/\/agora.xtec.cat\/escola-lallantia\/wp-json\/wp\/v2\/types\/page"}],"author":[{"embeddable":true,"href":"https:\/\/agora.xtec.cat\/escola-lallantia\/wp-json\/wp\/v2\/users\/1"}],"replies":[{"embeddable":true,"href":"https:\/\/agora.xtec.cat\/escola-lallantia\/wp-json\/wp\/v2\/comments?post=26"}],"version-history":[{"count":3,"href":"https:\/\/agora.xtec.cat\/escola-lallantia\/wp-json\/wp\/v2\/pages\/26\/revisions"}],"predecessor-version":[{"id":2050,"href":"https:\/\/agora.xtec.cat\/escola-lallantia\/wp-json\/wp\/v2\/pages\/26\/revisions\/2050"}],"up":[{"embeddable":true,"href":"https:\/\/agora.xtec.cat\/escola-lallantia\/wp-json\/wp\/v2\/pages\/22"}],"wp:attachment":[{"href":"https:\/\/agora.xtec.cat\/escola-lallantia\/wp-json\/wp\/v2\/media?parent=26"}],"curies":[{"name":"wp","href":"https:\/\/api.w.org\/{rel}","templated":true}]}}

Història

<h4><b>Hi havia una vegada,…<a href="https://agora.xtec.cat/escola-lallantia/lescola/historia/attachment/foto-antiga/" rel="attachment wp-att-2049"><img loading="lazy" decoding="async" class="wp-image-2049 alignright" src="https://agora.xtec.cat/escola-lallantia/wp-content/uploads/usu2434/2024/10/foto-antiga.png" alt="" width="359" height="511" srcset="https://agora.xtec.cat/escola-lallantia/wp-content/uploads/usu2434/2024/10/foto-antiga.png 455w, https://agora.xtec.cat/escola-lallantia/wp-content/uploads/usu2434/2024/10/foto-antiga-211x300.png 211w" sizes="auto, (max-width: 359px) 100vw, 359px" /></a></b></h4>
<p><b>Hi havia una vegada, fa molts anys, dalt d’un turonet de Mataró</b>, un grup de joves mestres, arribats de llunyanes terres d’arreu de la península ( Granada, Extremadura, Conca, Galícia, Lleida…) que tenien moltes ganes de treballar. Recolzats per l’ associació de Veïns del barri va començar una lluita per tenir una escola.</p>
<p><b>El moment va arribar l’ any 1978</b>. Van començar aprofitant tots els racons, repartits per tot el turó: uns en barracons, altres al “Centro Social”, d’altres, a l’ edifici de l’ antiga escola Cerdanyola i alguns a la caseta blanca dels Salesians.</p>
<p>En arribar la primavera els grans que estaven a la caseta blanca ( 4t, 5è, 6è i 7è) van poder traslladar-se a l’ edifici del carrer Galícia. Anys més tard, cap al 84, es convertiria en l’ escola Roques Albes i després de servir per acollir grups de grans de les escoles Cerdanyola i La Llàntia, esdevindria seu dels batxillerats de l’ IES Puig i Cadafalch.</p>
<p>I vet aquí, que poc a poc, a partir del curs 79-80 tots els alumnes d’EGB van passar a l’ actual edifici del carrer Sant Josep de Calassanç. Un edifici prou gran per acollir-los a tots, però ai! Els arquitectes! Encara es van quedar curts i el parvulari va anar al carrer Galícia. Am l’ escola en marxa i l’ edifici en condicions, van ser possible les primeres colònies.</p>
<p><b>L’ any 80-81 comença a caminar l’ aula d’educació Especial</b></p>
<p>Amb la finalitat de poder atendre tots aquells alumnes amb dificultats.</p>
<p>Per fi l’ any 84 vam poder traslladar educació infantil a l’ edifici gran. Com? Doncs convertint un antic soterrani en aules de parvulari i un antic descampat en un gran pati de sorra. Per fi estaven tots junts!</p>
<p><b>Quants records, quantes anècdotes&#8230;</b> Una vegada al gener del 85 va nevar tant que vam haver de tancar l’ escola perquè l’ ajuntament va acabar tota la sal i les pujades «del turonet» semblaven pistes de patinatge!</p>
<p>&#8230;.I la multicopista de gelatina, us en recordeu?&#8230;</p>
<p>Aquell 85 havia de ser especial, ja es veia, perquè també es va produir un canvi important: vam iniciar el Programa d’Immersió lingüística del Català.</p>
<p>I treballant, treballant, arriba el curs 88-89. Ja tenim 10 anys!</p>
<p><b>I celebrem el 10è aniversari.</b></p>
<p>Comencem a fer activitats extraescolars, tot i que, anteriorment es feien activitats fora de l’horari de tipus esportiu portades per exalumnes i mestres.</p>
<p><b>I pas a pas arribem a l’any 92-93</b>. S’inicia la Reforma.</p>
<p>Els pixaners de P3 a l’ escola. Que petits semblaven!</p>
<p>Ah! i ens arriben mestres d’Educació Física, música i d&#8217;Anglès&#8230; Què bé!</p>
<p>Ens semblaven moltes novetats però encara quedaven més sorpreses amagades dins la màniga.</p>
<p><b>L’ Any 95-96</b> tots aquells mestres de l’ inici repartits pel turonet veuen com la davallada demogràfica ens arriba. De tres escoles, Roques Albes, Cerdanyola i La Llàntia, hem passat a dues i ara només serem una. L ‘ escola viu l’ absorció del Cerdanyola.</p>
<p>I de nou els arquitectes! Remodelació de l’edifici. I un altre cop amunt i avall. Durant un parell d’anys pujarem i baixarem el carrer Sant Sebastià per atendre als alumnes de 7é i 8é, que en grups triplicats per la remodelació ocupen l’ antic edifici Roques Albes.</p>
<p>Comencem el menjador i la informàtica. Anys de canvi, d’adaptació a nous companys, noves tecnologies,&#8230;.</p>
<p><b>A poc a poc anem fent camí</b> i la primavera del 98, per Sant Jordi, bategem el nostre gegant. Ara ja tenim qui ens defensi dels dracs!. En Pallaventures, neix d’un projecte comú d’un grup de pares, dels alumnes i dels mestres i el seu nom fou triat democràticament per tots els nens i nenes.</p>
<p>Ara ja hi som i l’ any 99 decidim fer alguns canvis: adoptem la metodologia constructivista a l’ ensenyament i aprenentatge de la llengua, iniciem el treball per projectes, comencem a parlar de l&#8217;anglès a 1<sup>r</sup> i ens tirem de capa a la informàtica.</p>
<p>Els anys han passat</p>

<p>Hi havia una vegada,… Hi havia una vegada, fa molts anys, dalt d’un turonet de Mataró, un grup de joves mestres, arribats de llunyanes terres d’arreu de la península ( Granada, Extremadura, Conca, Galícia, Lleida…) que tenien moltes ganes de treballar. Recolzats per l’ associació de Veïns del barri va començar una lluita per tenir [&hellip;]</p>
