{"id":38,"date":"2014-09-18T12:34:08","date_gmt":"2014-09-18T11:34:08","guid":{"rendered":"http:\/\/agora.xtec.cat\/escola-lagullola\/?page_id=38"},"modified":"2023-04-13T12:18:35","modified_gmt":"2023-04-13T10:18:35","slug":"salut","status":"publish","type":"page","link":"https:\/\/agora.xtec.cat\/escola-lagullola\/lescola\/salut\/","title":{"rendered":"Salut"},"content":{"rendered":"<p>Pel que fa la salut de l&#8217;alumnat , el centre segueix les orientacions establertes pel Departament d&#8217;Educaci\u00f3 que s&#8217;adjunten en seg\u00fcent document:<br \/>\n<a href=\"https:\/\/agora.xtec.cat\/escola-lagullola\/wp-content\/uploads\/usu1582\/2023\/04\/Salut-escolar.pdf\">Salut escolar<\/a><\/p>\n<p>A continuaci\u00f3 s&#8217;especifiquen algunes informacions rellevants en relaci\u00f3 amb la salut pel dia a dia al centre: <\/p>\n<h4><strong> ADMINISTRACI\u00d3 DE MEDICAMENTS<\/strong><\/h4>\n<p>Sempre que s&#8217;hagi d&#8217;administar algun medicament en horari lectiu, les fam\u00edlies, haureu de portar al centre una recepta m\u00e8dica o informe on hi consti:<\/p>\n<p>-El nom i els cognoms de l&#8217;alumne\/a<\/p>\n<p>-La pauta d&#8217;administraci\u00f3<\/p>\n<p>-El nom del medicament<\/p>\n<h4><strong>AL\u00b7L\u00c8RGIES i INTOLER\u00c0NCIES <\/strong><\/h4>\n<p>\u00c9s molt important que si els vostres fills\/es tenen alguna al\u00b7l\u00e8rgia diagnosticada o en proc\u00e9s d&#8217;estudi es comuniqui al centre. Aix\u00ed mateix, cal fer arribar a l&#8217;escola el justificant m\u00e8dic on s&#8217;especifiqui la informaci\u00f3.<br \/>\nA continuaci\u00f3 s&#8217;adjunta el protocol de refer\u00e8ncia creat per la Generalitat de Catalunya:<br \/>\n<a href=\"https:\/\/agora.xtec.cat\/escola-lagullola\/wp-content\/uploads\/usu1582\/2023\/04\/Protocol-dallergies-Generalitat-de-Catalunya.pdf\">Protocol d&#8217;al\u00b7l\u00e8rgies- Generalitat de Catalunya<\/a><br \/>\n&nbsp;<\/p>\n<h4><\/h4>\n<h4><strong>PROTOCOL DAVANT LA INFESTA DE POLLS<\/strong><\/h4>\n<p>El tema dels polls \u00e9s recurrent a l&#8217;escola, \u00e9s per aquest motiu que caldria que peri\u00f2dicament revis\u00e9ssiu el vostre fill\/a per controlar que no estigui infestat.<\/p>\n<p>Si el que ho detecta \u00e9s el tutor o tutora, ho comunicar\u00e0 a la fam\u00edlia i aquesta prendr\u00e0 les mesures explicitades m\u00e9s avall.<\/p>\n<h5><strong>Els polls: informaci\u00f3 per les fam\u00edlies <\/strong><\/h5>\n<h5><strong>Qu\u00e8 s\u00f3n?<\/strong><\/h5>\n<p>El poll del cap \u00e9s un insecte d\u2019uns 2 mm de llarg, de color gris que viu entre els cabells, on troba un ambient c\u00e0lid i humit. \u00c9s un par\u00e0sit que s\u2019alimenta de sang. Viu entre 16 i 30 dies. La seva reproducci\u00f3 \u00e9s molt r\u00e0pida. La femella posa entre 100 i 300 ous (ll\u00e9menes), que tarden entre 7 i 10 dies en incubar la larva fins que neix el poll. Les ll\u00e9menes s\u2019adhereixen fortament a la base del cabell i s\u00f3n blanques. Aquests polls no transmeten malalties i no s\u00f3n en si mateixos cap risc per la salut p\u00fablica.<\/p>\n<h5><strong>Ll\u00e9mena fixada al cabell<\/strong><\/h5>\n<h5><strong>Com saber si se\u2019n tenen?<\/strong><\/h5>\n<p>El s\u00edmptoma principal \u00e9s una picor persistent al cap produ\u00efda per la irritaci\u00f3 que fa la saliva de l&#8217;insecte a la petita ferida de la picada. Gratar-se el cap pot produir lesions a la pell i infeccions bacterianes. Les zones on \u00e9s m\u00e9s f\u00e0cil detectar els polls i les ll\u00e9menes s\u00f3n el clatell i darrera les orelles. Els polls adults s\u00f3n dif\u00edcils de veure perqu\u00e8 fugen de la llum.<\/p>\n<h5><strong>Com es transmeten?<\/strong><\/h5>\n<p>Els polls es desplacen r\u00e0pidament. No salten ni volen. Passen d\u2019un cap a l\u2019altre per contacte dels cabells. Aix\u00f2 \u00e9s m\u00e9s freq\u00fcent en situacions on hi ha una estreta conviv\u00e8ncia com a les llars, les escoles i les guarderies. Al contrari del que molts pensen, el poll afecta igual als cabells sans i nets. Tamb\u00e9 es poden encomanar si s\u2019intercanvien pintes, gorres, pinces del cabell, tovalloles&#8230; El contagi pot produir-se mentre hi hagi un poll viu en els cabells de la persona parasitada o en els seus accessoris. D\u2019aqu\u00ed la import\u00e0ncia d\u2019eliminar totes les ll\u00e9menes.<\/p>\n<p>Els polls es difonen f\u00e0cilment entre les persones, i en especial entre els infants. Afecten a persones de qualsevol edat i de totes les classes socials. El contagi es produeix sobretot a l\u2019entorn de la persona parasitada (fam\u00edlia, companys d\u2019escola, mestres\u2026).<\/p>\n<h5><strong>Qu\u00e8 cal fer quan s\u2019est\u00e0 afectat?<\/strong><\/h5>\n<p>A les escoles conv\u00e9 que el tractament dels nens\/es parasitats sigui simultani per evitar contagis entre els que encara no han comen\u00e7at el tractament i els ja tractats. Si hi ha familiars afectats l\u2019han de fer tamb\u00e9 al mateix temps, per evitar que a trav\u00e9s d\u2019ells tornin els polls a l\u2019escola. Els infants no parasitats no s\u2019han de tractar.<\/p>\n<h5><strong>Els polls a l\u2019escola<\/strong><\/h5>\n<p>L\u2019escola \u00e9s un lloc on la pres\u00e8ncia de polls al cap pot ser freq\u00fcent, ja que la conviv\u00e8ncia de molts infants n\u2019afavoreix la difusi\u00f3, malgrat que pares i mestres ens preocupem per evitar-ho. Us recordem que els polls del cap no transmeten malalties i no s\u00f3n cap risc per la salut, per\u00f2 conv\u00e9 eliminar-los.<\/p>\n<h5><strong>Mesures preventives:<\/strong><\/h5>\n<ul>\n<li>Raspallar els cabells cada dia, mantenint nets els raspalls.<\/li>\n<li>Informar als nens\/es que l\u2019intercanvi d\u2019objectes pot afavorir el contagi. Per tant no s\u2019han de compartir ni pintes, ni raspall de cabell, ni tovalloles, ni gorres.<\/li>\n<\/ul>\n<ul>\n<li>Revisar els cabells dels nens\/es i de les persones que hi conviuen dos o tres cops per setmana, sobretot si es graten el cap o es queixen de picor.<\/li>\n<\/ul>\n<ul>\n<li>Si observeu que el vostre fill\/a t\u00e9 polls cal que aviseu al mestre\/a, o al director\/a de l\u2019escola.<\/li>\n<\/ul>\n<ul>\n<li>No s\u2019han d\u2019administrar insecticides \u201cper prevenir\u201d a persones no parasitades.<\/li>\n<\/ul>\n<h5><strong>Protocol recomanant per Sanitat:<\/strong><\/h5>\n<p>&#8211; Aplicar el tractament m\u00e8dic<\/p>\n<p>&#8211; Rentar els llen\u00e7ols i la roba amb aigua ben calenta<\/p>\n<p>&#8211; Submergir les pintes i raspalls en l\u00edquida insecticides<\/p>\n<h5><strong>Qu\u00e8 cal fer amb un nen afectat de polls?<\/strong><\/h5>\n<p>El tractament es basa en l&#8217;aplicaci\u00f3 d\u2019un preparat insecticida espec\u00edfic (loci\u00f3 o xamp\u00fa, esprai, crema). Cal seguir al peu de la lletra les instruccions dels prospectes i repetir l\u2019aplicaci\u00f3 l\u2019endem\u00e0 i al cap de 7 o 8 dies.<\/p>\n<p>Un cop fet el tractament les ll\u00e9menes (ous) poden seguir visibles, encara que siguin mortes. Per treure-les es pot esbandir el cabell amb una barreja d\u2019aigua i vinagre, i despr\u00e9s passar una pinta amb les pues molt fines (un llemener), o treure-les amb els dits. Cal revisar el cap una setmana despr\u00e9s d\u2019haver acabat el tractament per confirmar que no han nascut m\u00e9s polls.<\/p>\n<p><em>Si es detecten polls o ll\u00e9menes (ous del poll) en el cap d\u2019algun nen\/a, s\u2019avisar\u00e0 les fam\u00edlies perqu\u00e8 facin el tractament i no s&#8217;admetran els alumnes que puguin encomanar-los. Si es detecten a casa, no es portaran els alumnes a l&#8217;escola fins que no hagin comen\u00e7at el tractament i si es detecta des de l&#8217;escola, se\u00b4ls hi comunicar\u00e0 discretament a les fam\u00edlies a la 12:30 o b\u00e9, a les 16:00. <\/em><\/p>\n","protected":false},"excerpt":{"rendered":"<p>Pel que fa la salut de l&#8217;alumnat , el centre segueix les orientacions establertes pel Departament d&#8217;Educaci\u00f3 que s&#8217;adjunten en seg\u00fcent document: Salut escolar A continuaci\u00f3 s&#8217;especifiquen algunes informacions rellevants en relaci\u00f3 amb la salut pel dia a dia al centre: ADMINISTRACI\u00d3 DE MEDICAMENTS Sempre que s&#8217;hagi d&#8217;administar algun medicament en horari lectiu, les fam\u00edlies, [&hellip;]<\/p>\n","protected":false},"author":1,"featured_media":0,"parent":22,"menu_order":80,"comment_status":"closed","ping_status":"closed","template":"page-templates\/side-menu.php","meta":{"_bbp_topic_count":0,"_bbp_reply_count":0,"_bbp_total_topic_count":0,"_bbp_total_reply_count":0,"_bbp_voice_count":0,"_bbp_anonymous_reply_count":0,"_bbp_topic_count_hidden":0,"_bbp_reply_count_hidden":0,"_bbp_forum_subforum_count":0,"site-sidebar-layout":"default","site-content-layout":"","ast-site-content-layout":"","site-content-style":"default","site-sidebar-style":"default","ast-global-header-display":"","ast-banner-title-visibility":"","ast-main-header-display":"","ast-hfb-above-header-display":"","ast-hfb-below-header-display":"","ast-hfb-mobile-header-display":"","site-post-title":"","ast-breadcrumbs-content":"","ast-featured-img":"","footer-sml-layout":"","theme-transparent-header-meta":"","adv-header-id-meta":"","stick-header-meta":"","header-above-stick-meta":"","header-main-stick-meta":"","header-below-stick-meta":"","astra-migrate-meta-layouts":"default","ast-page-background-enabled":"default","ast-page-background-meta":{"desktop":{"background-color":"var(--ast-global-color-4)","background-image":"","background-repeat":"repeat","background-position":"center center","background-size":"auto","background-attachment":"scroll","background-type":"","background-media":"","overlay-type":"","overlay-color":"","overlay-opacity":"","overlay-gradient":""},"tablet":{"background-color":"","background-image":"","background-repeat":"repeat","background-position":"center center","background-size":"auto","background-attachment":"scroll","background-type":"","background-media":"","overlay-type":"","overlay-color":"","overlay-opacity":"","overlay-gradient":""},"mobile":{"background-color":"","background-image":"","background-repeat":"repeat","background-position":"center center","background-size":"auto","background-attachment":"scroll","background-type":"","background-media":"","overlay-type":"","overlay-color":"","overlay-opacity":"","overlay-gradient":""}},"ast-content-background-meta":{"desktop":{"background-color":"var(--ast-global-color-5)","background-image":"","background-repeat":"repeat","background-position":"center center","background-size":"auto","background-attachment":"scroll","background-type":"","background-media":"","overlay-type":"","overlay-color":"","overlay-opacity":"","overlay-gradient":""},"tablet":{"background-color":"var(--ast-global-color-5)","background-image":"","background-repeat":"repeat","background-position":"center center","background-size":"auto","background-attachment":"scroll","background-type":"","background-media":"","overlay-type":"","overlay-color":"","overlay-opacity":"","overlay-gradient":""},"mobile":{"background-color":"var(--ast-global-color-5)","background-image":"","background-repeat":"repeat","background-position":"center center","background-size":"auto","background-attachment":"scroll","background-type":"","background-media":"","overlay-type":"","overlay-color":"","overlay-opacity":"","overlay-gradient":""}},"footnotes":""},"class_list":["post-38","page","type-page","status-publish","hentry"],"post_mailing_queue_ids":[],"_links":{"self":[{"href":"https:\/\/agora.xtec.cat\/escola-lagullola\/wp-json\/wp\/v2\/pages\/38","targetHints":{"allow":["GET"]}}],"collection":[{"href":"https:\/\/agora.xtec.cat\/escola-lagullola\/wp-json\/wp\/v2\/pages"}],"about":[{"href":"https:\/\/agora.xtec.cat\/escola-lagullola\/wp-json\/wp\/v2\/types\/page"}],"author":[{"embeddable":true,"href":"https:\/\/agora.xtec.cat\/escola-lagullola\/wp-json\/wp\/v2\/users\/1"}],"replies":[{"embeddable":true,"href":"https:\/\/agora.xtec.cat\/escola-lagullola\/wp-json\/wp\/v2\/comments?post=38"}],"version-history":[{"count":3,"href":"https:\/\/agora.xtec.cat\/escola-lagullola\/wp-json\/wp\/v2\/pages\/38\/revisions"}],"predecessor-version":[{"id":1052,"href":"https:\/\/agora.xtec.cat\/escola-lagullola\/wp-json\/wp\/v2\/pages\/38\/revisions\/1052"}],"up":[{"embeddable":true,"href":"https:\/\/agora.xtec.cat\/escola-lagullola\/wp-json\/wp\/v2\/pages\/22"}],"wp:attachment":[{"href":"https:\/\/agora.xtec.cat\/escola-lagullola\/wp-json\/wp\/v2\/media?parent=38"}],"curies":[{"name":"wp","href":"https:\/\/api.w.org\/{rel}","templated":true}]}}

<p>Pel que fa la salut de l&#8217;alumnat , el centre segueix les orientacions establertes pel Departament d&#8217;Educació que s&#8217;adjunten en següent document:<br />
<a href="https://agora.xtec.cat/escola-lagullola/wp-content/uploads/usu1582/2023/04/Salut-escolar.pdf">Salut escolar</a></p>
<p>A continuació s&#8217;especifiquen algunes informacions rellevants en relació amb la salut pel dia a dia al centre: </p>
<h4><strong> ADMINISTRACIÓ DE MEDICAMENTS</strong></h4>
<p>Sempre que s&#8217;hagi d&#8217;administar algun medicament en horari lectiu, les famílies, haureu de portar al centre una recepta mèdica o informe on hi consti:</p>
<p>-El nom i els cognoms de l&#8217;alumne/a</p>
<p>-La pauta d&#8217;administració</p>
<p>-El nom del medicament</p>
<h4><strong>AL·LÈRGIES i INTOLERÀNCIES </strong></h4>
<p>És molt important que si els vostres fills/es tenen alguna al·lèrgia diagnosticada o en procés d&#8217;estudi es comuniqui al centre. Així mateix, cal fer arribar a l&#8217;escola el justificant mèdic on s&#8217;especifiqui la informació.<br />
A continuació s&#8217;adjunta el protocol de referència creat per la Generalitat de Catalunya:<br />
<a href="https://agora.xtec.cat/escola-lagullola/wp-content/uploads/usu1582/2023/04/Protocol-dallergies-Generalitat-de-Catalunya.pdf">Protocol d&#8217;al·lèrgies- Generalitat de Catalunya</a><br />
&nbsp;</p>
<h4></h4>
<h4><strong>PROTOCOL DAVANT LA INFESTA DE POLLS</strong></h4>
<p>El tema dels polls és recurrent a l&#8217;escola, és per aquest motiu que caldria que periòdicament reviséssiu el vostre fill/a per controlar que no estigui infestat.</p>
<p>Si el que ho detecta és el tutor o tutora, ho comunicarà a la família i aquesta prendrà les mesures explicitades més avall.</p>
<h5><strong>Els polls: informació per les famílies </strong></h5>
<h5><strong>Què són?</strong></h5>
<p>El poll del cap és un insecte d’uns 2 mm de llarg, de color gris que viu entre els cabells, on troba un ambient càlid i humit. És un paràsit que s’alimenta de sang. Viu entre 16 i 30 dies. La seva reproducció és molt ràpida. La femella posa entre 100 i 300 ous (llémenes), que tarden entre 7 i 10 dies en incubar la larva fins que neix el poll. Les llémenes s’adhereixen fortament a la base del cabell i són blanques. Aquests polls no transmeten malalties i no són en si mateixos cap risc per la salut pública.</p>
<h5><strong>Llémena fixada al cabell</strong></h5>
<h5><strong>Com saber si se’n tenen?</strong></h5>
<p>El símptoma principal és una picor persistent al cap produïda per la irritació que fa la saliva de l&#8217;insecte a la petita ferida de la picada. Gratar-se el cap pot produir lesions a la pell i infeccions bacterianes. Les zones on és més fàcil detectar els polls i les llémenes són el clatell i darrera les orelles. Els polls adults són difícils de veure perquè fugen de la llum.</p>
<h5><strong>Com es transmeten?</strong></h5>
<p>Els polls es desplacen ràpidament. No salten ni volen. Passen d’un cap a l’altre per contacte dels cabells. Això és més freqüent en situacions on hi ha una estreta convivència com a les llars, les escoles i les guarderies. Al contrari del que molts pensen, el poll afecta igual als cabells sans i nets. També es poden encomanar si s’intercanvien pintes, gorres, pinces del cabell, tovalloles&#8230; El contagi pot produir-se mentre hi hagi un poll viu en els cabells de la persona parasitada o en els seus accessoris. D’aquí la importància d’eliminar totes les llémenes.</p>
<p>Els polls es difonen fàcilment entre les persones, i en especial entre els infants. Afecten a persones de qualsevol edat i de totes les classes socials. El contagi es produeix sobretot a l’entorn de la persona parasitada (família, companys d’escola, mestres…).</p>
<h5><strong>Què cal fer quan s’està afectat?</strong></h5>
<p>A les escoles convé que el tractament dels nens/es parasitats sigui simultani per evitar contagis entre els que encara no han començat el tractament i els ja tractats. Si hi ha familiars afectats l’han de fer també al mateix temps, per evitar que a través d’ells tornin els polls a l’escola. Els infants no parasitats no s’han de tractar.</p>
<h5><strong>Els polls a l’escola</strong></h5>
<p>L’escola és un lloc on la presència de polls al cap pot ser freqüent, ja que la convivència de molts infants n’afavoreix la difusió, malgrat que pares i mestres ens preocupem per evitar-ho. Us recordem que els polls del cap no transmeten malalties i no són cap risc per la salut, però convé eliminar-los.</p>
<h5><strong>Mesures preventives:</strong></h5>
<ul>
<li>Raspallar els cabells cada dia, mantenint nets els raspalls.</li>
<li>Informar als nens/es que l’intercanvi d’objectes pot afavorir el contagi. Per tant no s’han de compartir ni pintes, ni raspall de cabell, ni tovalloles, ni gorres.</li>
</ul>
<ul>
<li>Revisar els cabells dels nens/es i de les persones que hi conviuen dos o tres cops per setmana, sobretot si es graten el cap o es queixen de picor.</li>
</ul>
<ul>
<li>Si observeu que el vostre fill/a té polls cal que aviseu al mestre/a, o al director/a de l’escola.</li>
</ul>
<ul>
<li>No s’han d’administrar insecticides “per prevenir” a persones no parasitades.</li>
</ul>
<h5><strong>Protocol recomanant per Sanitat:</strong></h5>
<p>&#8211; Aplicar el tractament mèdic</p>
<p>&#8211; Rentar els llençols i la roba amb aigua ben calenta</p>
<p>&#8211; Submergir les pintes i raspalls en líquida insecticides</p>
<h5><strong>Què cal fer amb un nen afectat de polls?</strong></h5>
<p>El tractament es basa en l&#8217;aplicació d’un preparat insecticida específic (loció o xampú, esprai, crema). Cal seguir al peu de la lletra les instruccions dels prospectes i repetir l’aplicació l’endemà i al cap de 7 o 8 dies.</p>
<p>Un cop fet el tractament les llémenes (ous) poden seguir visibles, encara que siguin mortes. Per treure-les es pot esbandir el cabell amb una barreja d’aigua i vinagre, i després passar una pinta amb les pues molt fines (un llemener), o treure-les amb els dits. Cal revisar el cap una setmana després d’haver acabat el tractament per confirmar que no han nascut més polls.</p>
<p><em>Si es detecten polls o llémenes (ous del poll) en el cap d’algun nen/a, s’avisarà les famílies perquè facin el tractament i no s&#8217;admetran els alumnes que puguin encomanar-los. Si es detecten a casa, no es portaran els alumnes a l&#8217;escola fins que no hagin començat el tractament i si es detecta des de l&#8217;escola, se´ls hi comunicarà discretament a les famílies a la 12:30 o bé, a les 16:00. </em></p>

<p>Pel que fa la salut de l&#8217;alumnat , el centre segueix les orientacions establertes pel Departament d&#8217;Educació que s&#8217;adjunten en següent document: Salut escolar A continuació s&#8217;especifiquen algunes informacions rellevants en relació amb la salut pel dia a dia al centre: ADMINISTRACIÓ DE MEDICAMENTS Sempre que s&#8217;hagi d&#8217;administar algun medicament en horari lectiu, les famílies, [&hellip;]</p>
