{"id":3036,"date":"2020-08-25T17:38:16","date_gmt":"2020-08-25T15:38:16","guid":{"rendered":"https:\/\/agora.xtec.cat\/escola-josep-orriols-i-roca\/?page_id=3036"},"modified":"2020-08-25T17:38:16","modified_gmt":"2020-08-25T15:38:16","slug":"escola","status":"publish","type":"page","link":"https:\/\/agora.xtec.cat\/escola-josep-orriols-i-roca\/escola\/","title":{"rendered":"ESCOLA"},"content":{"rendered":"<p>La nostra escola \u00e9s un centre p\u00fablic\u00a0 d\u2019Educaci\u00f3 Infantil i Prim\u00e0ria\u00a0 de doble l\u00ednia ubicat a\u00a0 Moi\u00e0.<\/p>\n<p>Al llarg dels anys el centre s\u2019ha implicat en diferents projectes pedag\u00f2gics per la millora dels resultats acad\u00e8mics i el professorat de l\u2019escola s\u2019ha format, durant aquest temps, per tal de desenvolupar cada vegada millor la seva feina.<\/p>\n<p>Els mestres de la nostra escola creiem que la millor manera de motivar i fer part\u00edcip els alumnes del seu propi aprenentatge \u00e9s incentivar el seu protagonisme dins del centre. Aquest \u00e9s el cam\u00ed que volem seguir per ser l\u2019escola de tots amb un projecte enriquidor per cadasc\u00fa.<\/p>\n<p><iframe loading=\"lazy\" src=\"\/\/www.youtube.com\/embed\/OxET8l5ESaA\" width=\"560\" height=\"314\"><\/iframe><\/p>\n<p><iframe loading=\"lazy\" src=\"\/\/www.youtube.com\/embed\/3rrw2RtUEyM\" width=\"560\" height=\"314\"><\/iframe><\/p>\n<p><iframe loading=\"lazy\" src=\"\/\/www.youtube.com\/embed\/DU0hmysHHsw\" width=\"560\" height=\"314\"><\/iframe><\/p>\n<p>&nbsp;<\/p>\n","protected":false},"excerpt":{"rendered":"<p>La nostra escola \u00e9s un centre p\u00fablic\u00a0 d\u2019Educaci\u00f3 Infantil i Prim\u00e0ria\u00a0 de doble l\u00ednia ubicat a\u00a0 Moi\u00e0.<br \/>\nAl llarg dels anys el centre s\u2019ha implicat en diferents projectes pedag\u00f2gics per la millora dels resultats acad\u00e8mics i el professorat de l\u2019escola s\u2019ha format, durant aquest temps, per&hellip;  <a href=\"https:\/\/agora.xtec.cat\/escola-josep-orriols-i-roca\/escola\/\" title=\"Read ESCOLA\">Llegeix m\u00e9s\u00bb<\/a><\/p>\n","protected":false},"author":1,"featured_media":0,"parent":0,"menu_order":0,"comment_status":"closed","ping_status":"closed","template":"page-templates\/side-menu.php","meta":{"_bbp_topic_count":0,"_bbp_reply_count":0,"_bbp_total_topic_count":0,"_bbp_total_reply_count":0,"_bbp_voice_count":0,"_bbp_anonymous_reply_count":0,"_bbp_topic_count_hidden":0,"_bbp_reply_count_hidden":0,"_bbp_forum_subforum_count":0,"footnotes":""},"class_list":["post-3036","page","type-page","status-publish","hentry"],"post_mailing_queue_ids":[],"_links":{"self":[{"href":"https:\/\/agora.xtec.cat\/escola-josep-orriols-i-roca\/wp-json\/wp\/v2\/pages\/3036","targetHints":{"allow":["GET"]}}],"collection":[{"href":"https:\/\/agora.xtec.cat\/escola-josep-orriols-i-roca\/wp-json\/wp\/v2\/pages"}],"about":[{"href":"https:\/\/agora.xtec.cat\/escola-josep-orriols-i-roca\/wp-json\/wp\/v2\/types\/page"}],"author":[{"embeddable":true,"href":"https:\/\/agora.xtec.cat\/escola-josep-orriols-i-roca\/wp-json\/wp\/v2\/users\/1"}],"replies":[{"embeddable":true,"href":"https:\/\/agora.xtec.cat\/escola-josep-orriols-i-roca\/wp-json\/wp\/v2\/comments?post=3036"}],"version-history":[{"count":1,"href":"https:\/\/agora.xtec.cat\/escola-josep-orriols-i-roca\/wp-json\/wp\/v2\/pages\/3036\/revisions"}],"predecessor-version":[{"id":3042,"href":"https:\/\/agora.xtec.cat\/escola-josep-orriols-i-roca\/wp-json\/wp\/v2\/pages\/3036\/revisions\/3042"}],"wp:attachment":[{"href":"https:\/\/agora.xtec.cat\/escola-josep-orriols-i-roca\/wp-json\/wp\/v2\/media?parent=3036"}],"curies":[{"name":"wp","href":"https:\/\/api.w.org\/{rel}","templated":true}]}}