{"id":77,"date":"2014-09-18T10:29:25","date_gmt":"2014-09-18T09:29:25","guid":{"rendered":"http:\/\/agora.xtec.cat\/escola-hostaleria-osona\/\/?page_id=77"},"modified":"2026-03-10T09:24:54","modified_gmt":"2026-03-10T08:24:54","slug":"transport-escolar","status":"publish","type":"page","link":"https:\/\/agora.xtec.cat\/escola-hostaleria-osona\/serveis\/transport-escolar\/","title":{"rendered":"Transport escolar"},"content":{"rendered":"\n<p>L&#8217;Escola d&#8217;hostaleria d&#8217;Osona, est\u00e0 situada en el municipi de Tona,<\/p>\n\n\n\n<p>amb una comunicaci\u00f3 d&#8217;autobusos provinents de Vic, Moi\u00e0 i el Vall\u00e8s Oriental. Tamb\u00e9 disposa d&#8217;una estaci\u00f3 de trens a una dist\u00e0ncia de 5 km de l&#8217;escola, amb comunicaci\u00f3 amb la l\u00ednia R3 entre Vic i Granollers<\/p>\n\n\n\n<p><a href=\"https:\/\/www.tona.cat\/descobrir-tona\/el-poble\/informacio-practica\/com-arribar-hi\" data-type=\"link\" data-id=\"https:\/\/www.tona.cat\/descobrir-tona\/el-poble\/informacio-practica\/com-arribar-hi\">Informaci\u00f3 Busos i trens<\/a><\/p>\n","protected":false},"excerpt":{"rendered":"<p>L&#8217;Escola d&#8217;hostaleria d&#8217;Osona, est\u00e0 situada en el municipi de Tona, amb una comunicaci\u00f3 d&#8217;autobusos provinents de Vic, Moi\u00e0 i el Vall\u00e8s Oriental. Tamb\u00e9 disposa d&#8217;una estaci\u00f3 de trens a una dist\u00e0ncia de 5 km de l&#8217;escola, amb comunicaci\u00f3 amb la l\u00ednia R3 entre Vic i Granollers Informaci\u00f3 Busos i trens<\/p>\n","protected":false},"author":1,"featured_media":0,"parent":63,"menu_order":50,"comment_status":"closed","ping_status":"closed","template":"","meta":{"site-sidebar-layout":"default","site-content-layout":"","ast-site-content-layout":"default","site-content-style":"default","site-sidebar-style":"default","ast-global-header-display":"","ast-banner-title-visibility":"","ast-main-header-display":"","ast-hfb-above-header-display":"","ast-hfb-below-header-display":"","ast-hfb-mobile-header-display":"","site-post-title":"","ast-breadcrumbs-content":"","ast-featured-img":"","footer-sml-layout":"","theme-transparent-header-meta":"","adv-header-id-meta":"","stick-header-meta":"","header-above-stick-meta":"","header-main-stick-meta":"","header-below-stick-meta":"","astra-migrate-meta-layouts":"set","ast-page-background-enabled":"default","ast-page-background-meta":{"desktop":{"background-color":"var(--ast-global-color-4)","background-image":"","background-repeat":"repeat","background-position":"center center","background-size":"auto","background-attachment":"scroll","background-type":"","background-media":"","overlay-type":"","overlay-color":"","overlay-opacity":"","overlay-gradient":""},"tablet":{"background-color":"","background-image":"","background-repeat":"repeat","background-position":"center center","background-size":"auto","background-attachment":"scroll","background-type":"","background-media":"","overlay-type":"","overlay-color":"","overlay-opacity":"","overlay-gradient":""},"mobile":{"background-color":"","background-image":"","background-repeat":"repeat","background-position":"center center","background-size":"auto","background-attachment":"scroll","background-type":"","background-media":"","overlay-type":"","overlay-color":"","overlay-opacity":"","overlay-gradient":""}},"ast-content-background-meta":{"desktop":{"background-color":"var(--ast-global-color-5)","background-image":"","background-repeat":"repeat","background-position":"center center","background-size":"auto","background-attachment":"scroll","background-type":"","background-media":"","overlay-type":"","overlay-color":"","overlay-opacity":"","overlay-gradient":""},"tablet":{"background-color":"var(--ast-global-color-5)","background-image":"","background-repeat":"repeat","background-position":"center center","background-size":"auto","background-attachment":"scroll","background-type":"","background-media":"","overlay-type":"","overlay-color":"","overlay-opacity":"","overlay-gradient":""},"mobile":{"background-color":"var(--ast-global-color-5)","background-image":"","background-repeat":"repeat","background-position":"center center","background-size":"auto","background-attachment":"scroll","background-type":"","background-media":"","overlay-type":"","overlay-color":"","overlay-opacity":"","overlay-gradient":""}},"footnotes":""},"class_list":["post-77","page","type-page","status-publish","hentry"],"post_mailing_queue_ids":[],"_links":{"self":[{"href":"https:\/\/agora.xtec.cat\/escola-hostaleria-osona\/wp-json\/wp\/v2\/pages\/77","targetHints":{"allow":["GET"]}}],"collection":[{"href":"https:\/\/agora.xtec.cat\/escola-hostaleria-osona\/wp-json\/wp\/v2\/pages"}],"about":[{"href":"https:\/\/agora.xtec.cat\/escola-hostaleria-osona\/wp-json\/wp\/v2\/types\/page"}],"author":[{"embeddable":true,"href":"https:\/\/agora.xtec.cat\/escola-hostaleria-osona\/wp-json\/wp\/v2\/users\/1"}],"replies":[{"embeddable":true,"href":"https:\/\/agora.xtec.cat\/escola-hostaleria-osona\/wp-json\/wp\/v2\/comments?post=77"}],"version-history":[{"count":3,"href":"https:\/\/agora.xtec.cat\/escola-hostaleria-osona\/wp-json\/wp\/v2\/pages\/77\/revisions"}],"predecessor-version":[{"id":995,"href":"https:\/\/agora.xtec.cat\/escola-hostaleria-osona\/wp-json\/wp\/v2\/pages\/77\/revisions\/995"}],"up":[{"embeddable":true,"href":"https:\/\/agora.xtec.cat\/escola-hostaleria-osona\/wp-json\/wp\/v2\/pages\/63"}],"wp:attachment":[{"href":"https:\/\/agora.xtec.cat\/escola-hostaleria-osona\/wp-json\/wp\/v2\/media?parent=77"}],"curies":[{"name":"wp","href":"https:\/\/api.w.org\/{rel}","templated":true}]}}