{"id":38,"date":"2014-09-18T12:34:08","date_gmt":"2014-09-18T11:34:08","guid":{"rendered":"http:\/\/agora.xtec.cat\/ceipheura\/?page_id=38"},"modified":"2022-10-04T10:36:01","modified_gmt":"2022-10-04T08:36:01","slug":"salut","status":"publish","type":"page","link":"https:\/\/agora.xtec.cat\/escola-heura\/lescola\/salut\/","title":{"rendered":"Salut"},"content":{"rendered":"<h4 style=\"text-align: center;\"><span style=\"color: #000080;\">Els polls: com es poden detectar i eliminar.<\/span><\/h4>\n<p><span style=\"color: #000080;\">Els polls s\u00f3n insectes parasitaris que viuen entre els cabells de les persones i s&#8217;alimenten de la seva sang. S\u00f3n de color grisenc, sense ales, fan uns dos mil\u00b7l\u00edmetres de longitud i sobreviuen fins a trenta dies en una persona. S\u00f3n molt contagiosos i es reprodueixen r\u00e0pidament. El contacte proper o l&#8217;\u00fas compartit d&#8217;efectes personals implica un risc de contagi.<\/span><\/p>\n<p><span style=\"color: #000080;\">En aquest v\u00eddeo podem veure com detectar-los i com poder fer per eliminar-los.<\/span><\/p>\n<p><a href=\"https:\/\/canalsalut.gencat.cat\/ca\/detalls\/article\/Polls-00001\" target=\"_blank\" rel=\"noopener\"><img loading=\"lazy\" decoding=\"async\" class=\"alignnone size-large wp-image-2150\" src=\"https:\/\/agora.xtec.cat\/escola-heura\/wp-content\/uploads\/usu2926\/2022\/10\/els-polls-1024x483.jpg\" alt=\"\" width=\"1024\" height=\"483\" srcset=\"https:\/\/agora.xtec.cat\/escola-heura\/wp-content\/uploads\/usu2926\/2022\/10\/els-polls-1024x483.jpg 1024w, https:\/\/agora.xtec.cat\/escola-heura\/wp-content\/uploads\/usu2926\/2022\/10\/els-polls-300x141.jpg 300w, https:\/\/agora.xtec.cat\/escola-heura\/wp-content\/uploads\/usu2926\/2022\/10\/els-polls-768x362.jpg 768w, https:\/\/agora.xtec.cat\/escola-heura\/wp-content\/uploads\/usu2926\/2022\/10\/els-polls-1536x724.jpg 1536w, https:\/\/agora.xtec.cat\/escola-heura\/wp-content\/uploads\/usu2926\/2022\/10\/els-polls.jpg 1876w\" sizes=\"auto, (max-width: 1024px) 100vw, 1024px\" \/><\/a><\/p>\n<p>&nbsp;<\/p>\n<p>&nbsp;<\/p>\n<p>&nbsp;<\/p>\n<p>&nbsp;<\/p>\n","protected":false},"excerpt":{"rendered":"<p>Els polls: com es poden detectar i eliminar. Els polls s\u00f3n insectes parasitaris que viuen entre els cabells de les persones i s&#8217;alimenten de la seva sang. S\u00f3n de color grisenc, sense ales, fan uns dos mil\u00b7l\u00edmetres de longitud i sobreviuen fins a trenta dies en una persona. S\u00f3n molt contagiosos i es reprodueixen r\u00e0pidament. [&hellip;]<\/p>\n","protected":false},"author":1,"featured_media":0,"parent":22,"menu_order":80,"comment_status":"closed","ping_status":"closed","template":"page-templates\/side-menu.php","meta":{"_bbp_topic_count":0,"_bbp_reply_count":0,"_bbp_total_topic_count":0,"_bbp_total_reply_count":0,"_bbp_voice_count":0,"_bbp_anonymous_reply_count":0,"_bbp_topic_count_hidden":0,"_bbp_reply_count_hidden":0,"_bbp_forum_subforum_count":0,"site-sidebar-layout":"default","site-content-layout":"","ast-site-content-layout":"","site-content-style":"default","site-sidebar-style":"default","ast-global-header-display":"","ast-banner-title-visibility":"","ast-main-header-display":"","ast-hfb-above-header-display":"","ast-hfb-below-header-display":"","ast-hfb-mobile-header-display":"","site-post-title":"","ast-breadcrumbs-content":"","ast-featured-img":"","footer-sml-layout":"","theme-transparent-header-meta":"","adv-header-id-meta":"","stick-header-meta":"","header-above-stick-meta":"","header-main-stick-meta":"","header-below-stick-meta":"","astra-migrate-meta-layouts":"default","ast-page-background-enabled":"default","ast-page-background-meta":{"desktop":{"background-color":"var(--ast-global-color-4)","background-image":"","background-repeat":"repeat","background-position":"center center","background-size":"auto","background-attachment":"scroll","background-type":"","background-media":"","overlay-type":"","overlay-color":"","overlay-opacity":"","overlay-gradient":""},"tablet":{"background-color":"","background-image":"","background-repeat":"repeat","background-position":"center center","background-size":"auto","background-attachment":"scroll","background-type":"","background-media":"","overlay-type":"","overlay-color":"","overlay-opacity":"","overlay-gradient":""},"mobile":{"background-color":"","background-image":"","background-repeat":"repeat","background-position":"center center","background-size":"auto","background-attachment":"scroll","background-type":"","background-media":"","overlay-type":"","overlay-color":"","overlay-opacity":"","overlay-gradient":""}},"ast-content-background-meta":{"desktop":{"background-color":"var(--ast-global-color-5)","background-image":"","background-repeat":"repeat","background-position":"center center","background-size":"auto","background-attachment":"scroll","background-type":"","background-media":"","overlay-type":"","overlay-color":"","overlay-opacity":"","overlay-gradient":""},"tablet":{"background-color":"var(--ast-global-color-5)","background-image":"","background-repeat":"repeat","background-position":"center center","background-size":"auto","background-attachment":"scroll","background-type":"","background-media":"","overlay-type":"","overlay-color":"","overlay-opacity":"","overlay-gradient":""},"mobile":{"background-color":"var(--ast-global-color-5)","background-image":"","background-repeat":"repeat","background-position":"center center","background-size":"auto","background-attachment":"scroll","background-type":"","background-media":"","overlay-type":"","overlay-color":"","overlay-opacity":"","overlay-gradient":""}},"footnotes":""},"class_list":["post-38","page","type-page","status-publish","hentry"],"post_mailing_queue_ids":[],"_links":{"self":[{"href":"https:\/\/agora.xtec.cat\/escola-heura\/wp-json\/wp\/v2\/pages\/38","targetHints":{"allow":["GET"]}}],"collection":[{"href":"https:\/\/agora.xtec.cat\/escola-heura\/wp-json\/wp\/v2\/pages"}],"about":[{"href":"https:\/\/agora.xtec.cat\/escola-heura\/wp-json\/wp\/v2\/types\/page"}],"author":[{"embeddable":true,"href":"https:\/\/agora.xtec.cat\/escola-heura\/wp-json\/wp\/v2\/users\/1"}],"replies":[{"embeddable":true,"href":"https:\/\/agora.xtec.cat\/escola-heura\/wp-json\/wp\/v2\/comments?post=38"}],"version-history":[{"count":3,"href":"https:\/\/agora.xtec.cat\/escola-heura\/wp-json\/wp\/v2\/pages\/38\/revisions"}],"predecessor-version":[{"id":2153,"href":"https:\/\/agora.xtec.cat\/escola-heura\/wp-json\/wp\/v2\/pages\/38\/revisions\/2153"}],"up":[{"embeddable":true,"href":"https:\/\/agora.xtec.cat\/escola-heura\/wp-json\/wp\/v2\/pages\/22"}],"wp:attachment":[{"href":"https:\/\/agora.xtec.cat\/escola-heura\/wp-json\/wp\/v2\/media?parent=38"}],"curies":[{"name":"wp","href":"https:\/\/api.w.org\/{rel}","templated":true}]}}