{"id":80,"date":"2014-09-18T14:09:48","date_gmt":"2014-09-18T13:09:48","guid":{"rendered":"http:\/\/agora.xtec.cat\/escola-giroi\/?page_id=80"},"modified":"2026-02-10T08:32:58","modified_gmt":"2026-02-10T07:32:58","slug":"socialitzacio","status":"publish","type":"page","link":"https:\/\/agora.xtec.cat\/escola-giroi\/lescola\/serveis\/socialitzacio\/","title":{"rendered":"Socialitzaci\u00f3"},"content":{"rendered":"<p>Treballar amb llibres socialitzats vol dir que els vostres fills\/es tindran els seus llibres per utilitzar-los durant el curs. Per\u00f2 un cop acabat el curs escolar, aquells llibres de text en els quals no s\u2019hagi d\u2019escriure, es queden a l\u2019escola per a ser reutilitzats per l&#8217;alumnat del curs seg\u00fcent. Els llibres en els quals si s\u2019ha d\u2019escriure seran d\u2019un sol \u00fas per part de cada infant.<\/p>\n<p>Amb aquest projecte es pret\u00e9n:<\/p>\n<ul>\n<li>Aconseguir una reducci\u00f3 for\u00e7a important en la despesa familiar en concepte de llibre de text<\/li>\n<li>Fomentar la responsabilitat i cura pel material did\u00e0ctic<\/li>\n<li>Fomentar el respecte pels bens comuns de l\u2019escola<\/li>\n<li>Promoure la cultura del reciclatge i la reutilitzaci\u00f3<\/li>\n<li>Fomentar la cooperaci\u00f3 entre l\u2019alumnat, les fam\u00edlies i el professorat<\/li>\n<\/ul>\n<h4><strong><u>QUOTA DE MATERIAL I LLIBRES SOCIALITZATS<\/u><\/strong><\/h4>\n<p>Es pagar\u00e0 una quota anual que inclour\u00e0 el preu dels llibres, el material escolar, les sortides pedag\u00f2giques, les activitats culturals de l\u2019Ajuntament i la quota de l\u2019AFA.<\/p>\n<p><em>Si alguna fam\u00edlia no participa en la socialitzaci\u00f3 de llibres i\/o material caldr\u00e0 que durant tota l\u2019escolaritzaci\u00f3 de l\u2019alumne\/a (cada curs) compri tots els llibres de text del seu curs, tots els llibres de consulta, les fotoc\u00f2pies i el material fungible i did\u00e0ctic (caldr\u00e0 demanar el llistat a l\u2019escola).<\/em><\/p>\n<h4>Quota curs 2025-2026<\/h4>\n<h5>EDUCACI\u00d3 INFANTIL:<\/h5>\n<p><span style=\"text-decoration: underline;\">MATERIAL<\/span>: 120,00\u20ac<\/p>\n<p><span style=\"text-decoration: underline;\">LLIBRES I FITXES PEDAG\u00d2GIQUES<\/span>: 30,00\u20ac<\/p>\n<p><span style=\"text-decoration: underline;\">ACE<\/span> (activitats culturals escolars, de l&#8217;Ajuntament): 9,00\u20ac<\/p>\n<p><span style=\"text-decoration: underline;\">SORTIDES PEDAG\u00d2GIQUES:<\/span> 42,00\u20ac<\/p>\n<p><span style=\"text-decoration: underline;\">AFA<\/span>: 35,00\u20ac (per fam\u00edlia)<\/p>\n<h5>EDUCACI\u00d3 PRIM\u00c0RIA:<\/h5>\n<p><span style=\"text-decoration: underline;\">MATERIAL: 120,00\u20ac<\/span><\/p>\n<p><span style=\"text-decoration: underline;\">LLIBRES I FITXES PEDAG\u00d2GIQUES<\/span>: 30,00\u20ac<\/p>\n<p><u>QUOTA DIGITAL<\/u>(Educaci\u00f3 Prim\u00e0ria): 10,00\u20ac<\/p>\n<p><span style=\"text-decoration: underline;\">ACE<\/span> (activitats culturals escolars, de l&#8217;Ajuntament): 9,00\u20ac<\/p>\n<p><span style=\"text-decoration: underline;\">SORTIDES PEDAG\u00d2GIQUES:<\/span> 42,00\u20ac<\/p>\n<p><span style=\"text-decoration: underline;\">AFA<\/span>: 35,00\u20ac (per fam\u00edlia)<\/p>\n","protected":false},"excerpt":{"rendered":"<p>Treballar amb llibres socialitzats vol dir que els vostres fills\/es tindran els seus llibres per utilitzar-los durant el curs. Per\u00f2 [&hellip;]<\/p>\n","protected":false},"author":1,"featured_media":0,"parent":36,"menu_order":40,"comment_status":"closed","ping_status":"closed","template":"","meta":{"_bbp_topic_count":0,"_bbp_reply_count":0,"_bbp_total_topic_count":0,"_bbp_total_reply_count":0,"_bbp_voice_count":0,"_bbp_anonymous_reply_count":0,"_bbp_topic_count_hidden":0,"_bbp_reply_count_hidden":0,"_bbp_forum_subforum_count":0,"site-sidebar-layout":"default","site-content-layout":"","ast-site-content-layout":"default","site-content-style":"default","site-sidebar-style":"default","ast-global-header-display":"","ast-banner-title-visibility":"","ast-main-header-display":"","ast-hfb-above-header-display":"","ast-hfb-below-header-display":"","ast-hfb-mobile-header-display":"","site-post-title":"","ast-breadcrumbs-content":"","ast-featured-img":"","footer-sml-layout":"","theme-transparent-header-meta":"","adv-header-id-meta":"","stick-header-meta":"","header-above-stick-meta":"","header-main-stick-meta":"","header-below-stick-meta":"","astra-migrate-meta-layouts":"set","ast-page-background-enabled":"default","ast-page-background-meta":{"desktop":{"background-color":"var(--ast-global-color-4)","background-image":"","background-repeat":"repeat","background-position":"center center","background-size":"auto","background-attachment":"scroll","background-type":"","background-media":"","overlay-type":"","overlay-color":"","overlay-opacity":"","overlay-gradient":""},"tablet":{"background-color":"","background-image":"","background-repeat":"repeat","background-position":"center center","background-size":"auto","background-attachment":"scroll","background-type":"","background-media":"","overlay-type":"","overlay-color":"","overlay-opacity":"","overlay-gradient":""},"mobile":{"background-color":"","background-image":"","background-repeat":"repeat","background-position":"center center","background-size":"auto","background-attachment":"scroll","background-type":"","background-media":"","overlay-type":"","overlay-color":"","overlay-opacity":"","overlay-gradient":""}},"ast-content-background-meta":{"desktop":{"background-color":"var(--ast-global-color-5)","background-image":"","background-repeat":"repeat","background-position":"center center","background-size":"auto","background-attachment":"scroll","background-type":"","background-media":"","overlay-type":"","overlay-color":"","overlay-opacity":"","overlay-gradient":""},"tablet":{"background-color":"var(--ast-global-color-5)","background-image":"","background-repeat":"repeat","background-position":"center center","background-size":"auto","background-attachment":"scroll","background-type":"","background-media":"","overlay-type":"","overlay-color":"","overlay-opacity":"","overlay-gradient":""},"mobile":{"background-color":"var(--ast-global-color-5)","background-image":"","background-repeat":"repeat","background-position":"center center","background-size":"auto","background-attachment":"scroll","background-type":"","background-media":"","overlay-type":"","overlay-color":"","overlay-opacity":"","overlay-gradient":""}},"footnotes":""},"class_list":["post-80","page","type-page","status-publish","hentry"],"post_mailing_queue_ids":[],"_links":{"self":[{"href":"https:\/\/agora.xtec.cat\/escola-giroi\/wp-json\/wp\/v2\/pages\/80","targetHints":{"allow":["GET"]}}],"collection":[{"href":"https:\/\/agora.xtec.cat\/escola-giroi\/wp-json\/wp\/v2\/pages"}],"about":[{"href":"https:\/\/agora.xtec.cat\/escola-giroi\/wp-json\/wp\/v2\/types\/page"}],"author":[{"embeddable":true,"href":"https:\/\/agora.xtec.cat\/escola-giroi\/wp-json\/wp\/v2\/users\/1"}],"replies":[{"embeddable":true,"href":"https:\/\/agora.xtec.cat\/escola-giroi\/wp-json\/wp\/v2\/comments?post=80"}],"version-history":[{"count":5,"href":"https:\/\/agora.xtec.cat\/escola-giroi\/wp-json\/wp\/v2\/pages\/80\/revisions"}],"predecessor-version":[{"id":21011,"href":"https:\/\/agora.xtec.cat\/escola-giroi\/wp-json\/wp\/v2\/pages\/80\/revisions\/21011"}],"up":[{"embeddable":true,"href":"https:\/\/agora.xtec.cat\/escola-giroi\/wp-json\/wp\/v2\/pages\/36"}],"wp:attachment":[{"href":"https:\/\/agora.xtec.cat\/escola-giroi\/wp-json\/wp\/v2\/media?parent=80"}],"curies":[{"name":"wp","href":"https:\/\/api.w.org\/{rel}","templated":true}]}}