{"id":484,"date":"2016-11-15T16:58:18","date_gmt":"2016-11-15T15:58:18","guid":{"rendered":"http:\/\/agora.xtec.cat\/escola-giroi\/?page_id=484"},"modified":"2021-03-08T13:02:26","modified_gmt":"2021-03-08T12:02:26","slug":"sabeu-que","status":"publish","type":"page","link":"https:\/\/agora.xtec.cat\/escola-giroi\/lescola\/sabeu-que\/","title":{"rendered":"Sabeu que&#8230;"},"content":{"rendered":"<p>&nbsp;<\/p>\n<p style=\"padding-left: 80px;\"><a href=\"https:\/\/agora.xtec.cat\/escola-giroi\/wp-content\/uploads\/usu1526\/2021\/02\/recursos-digitals.jpg\"><img loading=\"lazy\" decoding=\"async\" class=\"size-thumbnail wp-image-19554 alignnone\" src=\"https:\/\/agora.xtec.cat\/escola-giroi\/wp-content\/uploads\/usu1526\/2021\/02\/recursos-digitals-150x150.jpg\" alt=\"\" width=\"150\" height=\"150\" \/><\/a><\/p>\n<p>El nostre coordinador digital, i mentor digital del Servei Educatiu del Vall\u00e8s Oriental IV, ha ofert un cicle de confer\u00e8ncies titulat &#8220;Eines per a la creaci\u00f3 de continguts digitals&#8221; adre\u00e7ades a professorat d&#8217;Infantil, Prim\u00e0ria i Secund\u00e0ria&#8221;, durant el 2n trimestre de 2021.<\/p>\n<p style=\"padding-left: 40px;\"><a href=\"https:\/\/agora.xtec.cat\/escola-giroi\/wp-content\/uploads\/usu1526\/2021\/02\/c2em2020.png\"><img loading=\"lazy\" decoding=\"async\" class=\"wp-image-19546 size-medium alignnone\" src=\"https:\/\/agora.xtec.cat\/escola-giroi\/wp-content\/uploads\/usu1526\/2021\/02\/c2em2020-300x131.png\" alt=\"\" width=\"300\" height=\"131\" srcset=\"https:\/\/agora.xtec.cat\/escola-giroi\/wp-content\/uploads\/usu1526\/2021\/02\/c2em2020-300x131.png 300w, https:\/\/agora.xtec.cat\/escola-giroi\/wp-content\/uploads\/usu1526\/2021\/02\/c2em2020-768x335.png 768w, https:\/\/agora.xtec.cat\/escola-giroi\/wp-content\/uploads\/usu1526\/2021\/02\/c2em2020-1024x447.png 1024w, https:\/\/agora.xtec.cat\/escola-giroi\/wp-content\/uploads\/usu1526\/2021\/02\/c2em2020.png 1144w\" sizes=\"auto, (max-width: 300px) 100vw, 300px\" \/><\/a><\/p>\n<p>Vam participar al Congr\u00e9s Catal\u00e0 d&#8217;Educaci\u00f3 Matem\u00e0tica celebrat a Reus i Tarragona (virtualment) el 13, 14 i 15 de novembre de 2020. Amb la comunicaci\u00f3 titulada &#8220;<a href=\"https:\/\/www.youtube.com\/watch?t=1623&amp;v=G_qPK655rNo&amp;feature=youtu.be\" target=\"_blank\" rel=\"noopener noreferrer\">Espai i forma, de la manipulaci\u00f3 a l&#8217;abstracci\u00f3<\/a>&#8221; a c\u00e0rrec de Llu\u00efsa Vigas, directora del centre.<\/p>\n<p style=\"padding-left: 80px;\"><img loading=\"lazy\" decoding=\"async\" class=\"wp-image-19853 alignnone\" src=\"https:\/\/agora.xtec.cat\/escola-giroi\/wp-content\/uploads\/usu1526\/2021\/03\/WhatsApp-Image-2021-03-08-at-12.52.00-e1615204596487-300x216.jpeg\" alt=\"\" width=\"224\" height=\"161\" srcset=\"https:\/\/agora.xtec.cat\/escola-giroi\/wp-content\/uploads\/usu1526\/2021\/03\/WhatsApp-Image-2021-03-08-at-12.52.00-e1615204596487-300x216.jpeg 300w, https:\/\/agora.xtec.cat\/escola-giroi\/wp-content\/uploads\/usu1526\/2021\/03\/WhatsApp-Image-2021-03-08-at-12.52.00-e1615204596487-768x553.jpeg 768w, https:\/\/agora.xtec.cat\/escola-giroi\/wp-content\/uploads\/usu1526\/2021\/03\/WhatsApp-Image-2021-03-08-at-12.52.00-e1615204596487-1024x737.jpeg 1024w, https:\/\/agora.xtec.cat\/escola-giroi\/wp-content\/uploads\/usu1526\/2021\/03\/WhatsApp-Image-2021-03-08-at-12.52.00-e1615204596487.jpeg 2048w\" sizes=\"auto, (max-width: 224px) 100vw, 224px\" \/><\/p>\n<p>El 22 de mar\u00e7 de 2019 vam participar al <em><a href=\"https:\/\/sites.google.com\/view\/participaire\/congr%C3%A9s-infantil?authuser=0\" target=\"_blank\" rel=\"noopener noreferrer\">Primer Congr\u00e9s Cient\u00edfic d&#8217;alumnat de prim\u00e0ria sobre qualitat de l&#8217;aire, contaminaci\u00f3 i salut<\/a>. <\/em>Us deixem l&#8217;enlla\u00e7 a la p\u00e0gina del Congr\u00e9s, on podreu trobar les presentacions de les escoles participants, entre d&#8217;altres documents.<\/p>\n<p style=\"padding-left: 80px;\"><a href=\"https:\/\/agora.xtec.cat\/escola-giroi\/wp-content\/uploads\/usu1526\/2021\/02\/Escola.png\"><img loading=\"lazy\" decoding=\"async\" class=\"size-full wp-image-19547 alignnone\" src=\"https:\/\/agora.xtec.cat\/escola-giroi\/wp-content\/uploads\/usu1526\/2021\/02\/Escola.png\" alt=\"\" width=\"225\" height=\"165\" \/><\/a><\/p>\n<p>Vam poder fer una molt bona remodelaci\u00f3 del pati de l&#8217;escola gr\u00e0cies a la participaci\u00f3 de les fam\u00edlies als Pressupostos Participatius<\/p>\n<ul>\n<li style=\"list-style-type: none;\">\n<ul>\n<li style=\"list-style-type: none;\">\n<ul>\n<li style=\"list-style-type: none;\">\n<ul>\n<li><a href=\"https:\/\/www.lagarriga.cat\/actualitat\/noticies\/treballs-de-millora-a-les-escoles-de-la-garriga\" target=\"_blank\" rel=\"noopener noreferrer\">https:\/\/www.lagarriga.cat\/actualitat\/noticies\/treballs-de-millora-a-les-escoles-de-la-garriga<\/a><\/li>\n<li><a href=\"https:\/\/photos.app.goo.gl\/5EoqrQjDU9zNuPkz7\" target=\"_blank\" rel=\"noopener noreferrer\">https:\/\/photos.app.goo.gl\/5EoqrQjDU9zNuPkz7\u00a0 <\/a>(l&#8217;abans i el despr\u00e9s del pati)<\/li>\n<\/ul>\n<\/li>\n<\/ul>\n<\/li>\n<\/ul>\n<\/li>\n<\/ul>\n<p style=\"padding-left: 80px;\"><a href=\"https:\/\/agora.xtec.cat\/escola-giroi\/wp-content\/uploads\/usu1526\/2021\/02\/WhatsApp-Image-2021-02-09-at-16.59.34.jpeg\"><img loading=\"lazy\" decoding=\"async\" class=\"size-thumbnail wp-image-19549 alignnone\" src=\"https:\/\/agora.xtec.cat\/escola-giroi\/wp-content\/uploads\/usu1526\/2021\/02\/WhatsApp-Image-2021-02-09-at-16.59.34-150x150.jpeg\" alt=\"\" width=\"150\" height=\"150\" \/><\/a><\/p>\n<p>Hem fet un disc de can\u00e7ons i contes:<\/p>\n<ul>\n<li style=\"list-style-type: none;\">\n<ul>\n<li style=\"list-style-type: none;\">\n<ul>\n<li style=\"list-style-type: none;\">\n<ul>\n<li><a href=\"https:\/\/www.youtube.com\/watch?v=NSAKrn6Z5pg\" target=\"_blank\" rel=\"noopener noreferrer\">https:\/\/www.youtube.com\/watch?v=NSAKrn6Z5pg<\/a><\/li>\n<\/ul>\n<\/li>\n<\/ul>\n<\/li>\n<\/ul>\n<\/li>\n<\/ul>\n<p style=\"padding-left: 80px;\"><a href=\"https:\/\/agora.xtec.cat\/escola-giroi\/wp-content\/uploads\/usu1526\/2021\/02\/3627crispetes.jpg\"><img loading=\"lazy\" decoding=\"async\" class=\"wp-image-19548 alignnone\" src=\"https:\/\/agora.xtec.cat\/escola-giroi\/wp-content\/uploads\/usu1526\/2021\/02\/3627crispetes-219x300.jpg\" alt=\"\" width=\"137\" height=\"188\" srcset=\"https:\/\/agora.xtec.cat\/escola-giroi\/wp-content\/uploads\/usu1526\/2021\/02\/3627crispetes-219x300.jpg 219w, https:\/\/agora.xtec.cat\/escola-giroi\/wp-content\/uploads\/usu1526\/2021\/02\/3627crispetes.jpg 400w\" sizes=\"auto, (max-width: 137px) 100vw, 137px\" \/><\/a><\/p>\n<p>Hem fet una pel\u00b7l\u00edcula: &#8220;CRISPETES&#8221; i vam guanyar un premi del Consell Audiovisual de Catalunya<\/p>\n<p style=\"padding-left: 40px;\">Aqu\u00ed hi ha alguns enlla\u00e7os que en parlen:<\/p>\n<ul>\n<li style=\"list-style-type: none;\">\n<ul>\n<li style=\"list-style-type: none;\">\n<ul>\n<li style=\"list-style-type: none;\">\n<ul>\n<li><a href=\"https:\/\/lagarrigadigital.cat\/2012\/07\/02\/propera-estrena-de-qcrispetesq-una-pelmlicula-de-lescola-giroi\/\" target=\"_blank\" rel=\"noopener noreferrer\">https:\/\/lagarrigadigital.cat\/2012\/07\/02\/propera-estrena-de-qcrispetesq-una-pelmlicula-de-lescola-giroi\/<\/a><\/li>\n<li><a href=\"https:\/\/es-es.facebook.com\/pel.lidelgiroi\" target=\"_blank\" rel=\"noopener noreferrer\">https:\/\/es-es.facebook.com\/pel.lidelgiroi<\/a><\/li>\n<li><a href=\"http:\/\/votv.alacarta.cat\/la-garriga\/capitol\/l-escola-giroi-rodara-la-pellicula-crispetes\" target=\"_blank\" rel=\"noopener noreferrer\">http:\/\/votv.alacarta.cat\/la-garriga\/capitol\/l-escola-giroi-rodara-la-pellicula-crispetes<\/a><\/li>\n<li><a href=\"https:\/\/www.educac.cat\/sites\/default\/files\/arxiusanteriors\/X\/1r_Premi_Giroi_Crispetes.pdf\" target=\"_blank\" rel=\"noopener noreferrer\">https:\/\/www.educac.cat\/sites\/default\/files\/arxiusanteriors\/X\/1r_Premi_Giroi_Crispetes.pdf<\/a><\/li>\n<li><a href=\"http:\/\/www.cdh.lagarriga.cat\/contingut\/crispetes-i-artristras-suneixen-salvar-el-cine-alhambra\" target=\"_blank\" rel=\"noopener noreferrer\">http:\/\/www.cdh.lagarriga.cat\/contingut\/crispetes-i-artristras-suneixen-salvar-el-cine-alhambra<\/a><\/li>\n<li><a href=\"http:\/\/cineclub-lagarriga.blogspot.com\/2013\/07\/aquest-dijous-doble-sessio-crispetes-i.html\" target=\"_blank\" rel=\"noopener noreferrer\">http:\/\/cineclub-lagarriga.blogspot.com\/2013\/07\/aquest-dijous-doble-sessio-crispetes-i.html<\/a><\/li>\n<li><a href=\"https:\/\/www.educac.cat\/premis-cac-lescola\/edicions-anteriors\/x-premis-cac-lescola\" target=\"_blank\" rel=\"noopener noreferrer\">https:\/\/www.educac.cat\/premis-cac-lescola\/edicions-anteriors\/x-premis-cac-lescola<\/a><\/li>\n<\/ul>\n<\/li>\n<\/ul>\n<\/li>\n<\/ul>\n<\/li>\n<\/ul>\n<ul>\n<li style=\"list-style-type: none;\">\n<ul>\n<li style=\"list-style-type: none;\">\n<ul>\n<li style=\"list-style-type: none;\"><\/li>\n<\/ul>\n<\/li>\n<\/ul>\n<\/li>\n<\/ul>\n","protected":false},"excerpt":{"rendered":"<p>&nbsp; El nostre coordinador digital, i mentor digital del Servei Educatiu del Vall\u00e8s Oriental IV, ha ofert un cicle de [&hellip;]<\/p>\n","protected":false},"author":1,"featured_media":0,"parent":22,"menu_order":90,"comment_status":"closed","ping_status":"closed","template":"","meta":{"_bbp_topic_count":0,"_bbp_reply_count":0,"_bbp_total_topic_count":0,"_bbp_total_reply_count":0,"_bbp_voice_count":0,"_bbp_anonymous_reply_count":0,"_bbp_topic_count_hidden":0,"_bbp_reply_count_hidden":0,"_bbp_forum_subforum_count":0,"site-sidebar-layout":"default","site-content-layout":"","ast-site-content-layout":"","site-content-style":"default","site-sidebar-style":"default","ast-global-header-display":"","ast-banner-title-visibility":"","ast-main-header-display":"","ast-hfb-above-header-display":"","ast-hfb-below-header-display":"","ast-hfb-mobile-header-display":"","site-post-title":"","ast-breadcrumbs-content":"","ast-featured-img":"","footer-sml-layout":"","theme-transparent-header-meta":"","adv-header-id-meta":"","stick-header-meta":"","header-above-stick-meta":"","header-main-stick-meta":"","header-below-stick-meta":"","astra-migrate-meta-layouts":"default","ast-page-background-enabled":"default","ast-page-background-meta":{"desktop":{"background-color":"var(--ast-global-color-4)","background-image":"","background-repeat":"repeat","background-position":"center center","background-size":"auto","background-attachment":"scroll","background-type":"","background-media":"","overlay-type":"","overlay-color":"","overlay-opacity":"","overlay-gradient":""},"tablet":{"background-color":"","background-image":"","background-repeat":"repeat","background-position":"center center","background-size":"auto","background-attachment":"scroll","background-type":"","background-media":"","overlay-type":"","overlay-color":"","overlay-opacity":"","overlay-gradient":""},"mobile":{"background-color":"","background-image":"","background-repeat":"repeat","background-position":"center center","background-size":"auto","background-attachment":"scroll","background-type":"","background-media":"","overlay-type":"","overlay-color":"","overlay-opacity":"","overlay-gradient":""}},"ast-content-background-meta":{"desktop":{"background-color":"var(--ast-global-color-5)","background-image":"","background-repeat":"repeat","background-position":"center center","background-size":"auto","background-attachment":"scroll","background-type":"","background-media":"","overlay-type":"","overlay-color":"","overlay-opacity":"","overlay-gradient":""},"tablet":{"background-color":"var(--ast-global-color-5)","background-image":"","background-repeat":"repeat","background-position":"center center","background-size":"auto","background-attachment":"scroll","background-type":"","background-media":"","overlay-type":"","overlay-color":"","overlay-opacity":"","overlay-gradient":""},"mobile":{"background-color":"var(--ast-global-color-5)","background-image":"","background-repeat":"repeat","background-position":"center center","background-size":"auto","background-attachment":"scroll","background-type":"","background-media":"","overlay-type":"","overlay-color":"","overlay-opacity":"","overlay-gradient":""}},"footnotes":""},"class_list":["post-484","page","type-page","status-publish","hentry"],"post_mailing_queue_ids":[],"_links":{"self":[{"href":"https:\/\/agora.xtec.cat\/escola-giroi\/wp-json\/wp\/v2\/pages\/484","targetHints":{"allow":["GET"]}}],"collection":[{"href":"https:\/\/agora.xtec.cat\/escola-giroi\/wp-json\/wp\/v2\/pages"}],"about":[{"href":"https:\/\/agora.xtec.cat\/escola-giroi\/wp-json\/wp\/v2\/types\/page"}],"author":[{"embeddable":true,"href":"https:\/\/agora.xtec.cat\/escola-giroi\/wp-json\/wp\/v2\/users\/1"}],"replies":[{"embeddable":true,"href":"https:\/\/agora.xtec.cat\/escola-giroi\/wp-json\/wp\/v2\/comments?post=484"}],"version-history":[{"count":3,"href":"https:\/\/agora.xtec.cat\/escola-giroi\/wp-json\/wp\/v2\/pages\/484\/revisions"}],"predecessor-version":[{"id":19854,"href":"https:\/\/agora.xtec.cat\/escola-giroi\/wp-json\/wp\/v2\/pages\/484\/revisions\/19854"}],"up":[{"embeddable":true,"href":"https:\/\/agora.xtec.cat\/escola-giroi\/wp-json\/wp\/v2\/pages\/22"}],"wp:attachment":[{"href":"https:\/\/agora.xtec.cat\/escola-giroi\/wp-json\/wp\/v2\/media?parent=484"}],"curies":[{"name":"wp","href":"https:\/\/api.w.org\/{rel}","templated":true}]}}