{"id":20822,"date":"2025-02-26T12:01:41","date_gmt":"2025-02-26T11:01:41","guid":{"rendered":"https:\/\/agora.xtec.cat\/escola-giroi\/?page_id=20822"},"modified":"2025-02-27T21:06:26","modified_gmt":"2025-02-27T20:06:26","slug":"programa-florence","status":"publish","type":"page","link":"https:\/\/agora.xtec.cat\/escola-giroi\/programa-florence\/","title":{"rendered":"PROGRAMA FLORENCE"},"content":{"rendered":"\n<figure class=\"wp-block-image alignleft size-full\"><a href=\"https:\/\/agora.xtec.cat\/escola-giroi\/wp-content\/uploads\/usu1526\/2025\/02\/baixa-8.jpg\"><img loading=\"lazy\" decoding=\"async\" width=\"386\" height=\"142\" src=\"https:\/\/agora.xtec.cat\/escola-giroi\/wp-content\/uploads\/usu1526\/2025\/02\/baixa-8.jpg\" alt=\"\" class=\"wp-image-20765\" srcset=\"https:\/\/agora.xtec.cat\/escola-giroi\/wp-content\/uploads\/usu1526\/2025\/02\/baixa-8.jpg 386w, https:\/\/agora.xtec.cat\/escola-giroi\/wp-content\/uploads\/usu1526\/2025\/02\/baixa-8-300x110.jpg 300w\" sizes=\"auto, (max-width: 386px) 100vw, 386px\" \/><\/a><\/figure>\n\n\n\n<p>La finalitat del programa Florence \u00e9s millorar l\u2019aprenentatge de les matem\u00e0tiques de l\u2019alumnat, reduir el nombre d\u2019alumnes que obtenen resultats baixos en les proves de compet\u00e8ncies matem\u00e0tiques, millorar i actualitzar les compet\u00e8ncies docents en matem\u00e0tiques, i oferir formaci\u00f3, assessorament i material de suport al centre.<\/p>\n\n\n\n<p>Promou treballar utilitzant escenaris que l\u2019alumnat troba a la vida real, en un ambient de resoluci\u00f3 de problemes, amb activitats inclusives a l\u2019abast de tot l\u2019alumnat, de llindar baix, sostre alt i parets amples, promovent la descoberta i la investigaci\u00f3 a partir de l\u2019experimentaci\u00f3.<br>L\u2019objectiu, en finalitzar el programa, \u00e9s assolir uns resultats competencials superiors a la mitjana dels centres de la mateixa tipologia.<\/p>\n\n\n\n<p>Les actuacions i els recursos de suport del Departament d\u2019Educaci\u00f3 i Formaci\u00f3 Professional en el mar del Programa Florence s\u00f3n els seg\u00fcents:<br>a) Orientaci\u00f3, assessorament i acompanyament.<br>b) Suport documental i de recursos pedag\u00f2gics.<br>c) Formaci\u00f3 espec\u00edfica.<br>d) Difusi\u00f3 d\u2019experi\u00e8ncies innovadores i pr\u00e0ctiques educatives de refer\u00e8ncia avaluades i consolidades.<br>e) Acompanyament en l\u2019avaluaci\u00f3.<br>f) Altres actuacions complement\u00e0ries.<\/p>\n\n\n\n<p>Comptem amb l\u2019acompanyament d\u2019una persona referent de matem\u00e0tiques que ofereix formaci\u00f3 i assessorament al claustre i fa modelatge dins les aules de l\u2019alumnat de 4t i 5\u00e8 d\u2019educaci\u00f3 prim\u00e0ria. Tamb\u00e9 impulsa la reflexi\u00f3 sobre el funcionament de la gesti\u00f3 de l\u2019aula en aspectes com la codoc\u00e8ncia i la retroacci\u00f3, entre altres.<\/p>\n\n\n\n<figure class=\"wp-block-gallery has-nested-images columns-default is-cropped wp-block-gallery-1 is-layout-flex wp-block-gallery-is-layout-flex\">\n<figure class=\"wp-block-image size-large\"><a href=\"https:\/\/agora.xtec.cat\/escola-giroi\/wp-content\/uploads\/usu1526\/2025\/02\/20250206_113518-scaled.jpg\"><img loading=\"lazy\" decoding=\"async\" width=\"1024\" height=\"768\" data-id=\"20855\" src=\"https:\/\/agora.xtec.cat\/escola-giroi\/wp-content\/uploads\/usu1526\/2025\/02\/20250206_113518-1024x768.jpg\" alt=\"\" class=\"wp-image-20855\" srcset=\"https:\/\/agora.xtec.cat\/escola-giroi\/wp-content\/uploads\/usu1526\/2025\/02\/20250206_113518-1024x768.jpg 1024w, https:\/\/agora.xtec.cat\/escola-giroi\/wp-content\/uploads\/usu1526\/2025\/02\/20250206_113518-300x225.jpg 300w, https:\/\/agora.xtec.cat\/escola-giroi\/wp-content\/uploads\/usu1526\/2025\/02\/20250206_113518-768x576.jpg 768w, https:\/\/agora.xtec.cat\/escola-giroi\/wp-content\/uploads\/usu1526\/2025\/02\/20250206_113518-1536x1152.jpg 1536w, https:\/\/agora.xtec.cat\/escola-giroi\/wp-content\/uploads\/usu1526\/2025\/02\/20250206_113518-2048x1536.jpg 2048w\" sizes=\"auto, (max-width: 1024px) 100vw, 1024px\" \/><\/a><figcaption class=\"wp-element-caption\">Patrons de creixement 5\u00e8<\/figcaption><\/figure>\n\n\n\n<figure class=\"wp-block-image size-large\"><a href=\"https:\/\/agora.xtec.cat\/escola-giroi\/wp-content\/uploads\/usu1526\/2025\/02\/WhatsApp-Image-2025-02-27-at-20.45.29.jpeg\"><img loading=\"lazy\" decoding=\"async\" width=\"1024\" height=\"768\" data-id=\"20856\" src=\"https:\/\/agora.xtec.cat\/escola-giroi\/wp-content\/uploads\/usu1526\/2025\/02\/WhatsApp-Image-2025-02-27-at-20.45.29-1024x768.jpeg\" alt=\"\" class=\"wp-image-20856\" srcset=\"https:\/\/agora.xtec.cat\/escola-giroi\/wp-content\/uploads\/usu1526\/2025\/02\/WhatsApp-Image-2025-02-27-at-20.45.29-1024x768.jpeg 1024w, https:\/\/agora.xtec.cat\/escola-giroi\/wp-content\/uploads\/usu1526\/2025\/02\/WhatsApp-Image-2025-02-27-at-20.45.29-300x225.jpeg 300w, https:\/\/agora.xtec.cat\/escola-giroi\/wp-content\/uploads\/usu1526\/2025\/02\/WhatsApp-Image-2025-02-27-at-20.45.29-768x576.jpeg 768w, https:\/\/agora.xtec.cat\/escola-giroi\/wp-content\/uploads\/usu1526\/2025\/02\/WhatsApp-Image-2025-02-27-at-20.45.29-1536x1152.jpeg 1536w, https:\/\/agora.xtec.cat\/escola-giroi\/wp-content\/uploads\/usu1526\/2025\/02\/WhatsApp-Image-2025-02-27-at-20.45.29.jpeg 1600w\" sizes=\"auto, (max-width: 1024px) 100vw, 1024px\" \/><\/a><figcaption class=\"wp-element-caption\">Joc daus 5\u00e8<\/figcaption><\/figure>\n\n\n\n<figure class=\"wp-block-image size-large\"><a href=\"https:\/\/agora.xtec.cat\/escola-giroi\/wp-content\/uploads\/usu1526\/2025\/02\/20250123_160150-scaled.jpg\"><img loading=\"lazy\" decoding=\"async\" width=\"1024\" height=\"768\" data-id=\"20857\" src=\"https:\/\/agora.xtec.cat\/escola-giroi\/wp-content\/uploads\/usu1526\/2025\/02\/20250123_160150-1024x768.jpg\" alt=\"\" class=\"wp-image-20857\" srcset=\"https:\/\/agora.xtec.cat\/escola-giroi\/wp-content\/uploads\/usu1526\/2025\/02\/20250123_160150-1024x768.jpg 1024w, https:\/\/agora.xtec.cat\/escola-giroi\/wp-content\/uploads\/usu1526\/2025\/02\/20250123_160150-300x225.jpg 300w, https:\/\/agora.xtec.cat\/escola-giroi\/wp-content\/uploads\/usu1526\/2025\/02\/20250123_160150-768x576.jpg 768w, https:\/\/agora.xtec.cat\/escola-giroi\/wp-content\/uploads\/usu1526\/2025\/02\/20250123_160150-1536x1152.jpg 1536w, https:\/\/agora.xtec.cat\/escola-giroi\/wp-content\/uploads\/usu1526\/2025\/02\/20250123_160150-2048x1536.jpg 2048w\" sizes=\"auto, (max-width: 1024px) 100vw, 1024px\" \/><\/a><figcaption class=\"wp-element-caption\">Subititzaci\u00f3 4t<\/figcaption><\/figure>\n\n\n\n<figure class=\"wp-block-image size-large\"><a href=\"https:\/\/agora.xtec.cat\/escola-giroi\/wp-content\/uploads\/usu1526\/2025\/02\/IMG_8241-1-scaled.jpg\"><img loading=\"lazy\" decoding=\"async\" width=\"1024\" height=\"576\" data-id=\"20851\" src=\"https:\/\/agora.xtec.cat\/escola-giroi\/wp-content\/uploads\/usu1526\/2025\/02\/IMG_8241-1-1024x576.jpg\" alt=\"\" class=\"wp-image-20851\" srcset=\"https:\/\/agora.xtec.cat\/escola-giroi\/wp-content\/uploads\/usu1526\/2025\/02\/IMG_8241-1-1024x576.jpg 1024w, https:\/\/agora.xtec.cat\/escola-giroi\/wp-content\/uploads\/usu1526\/2025\/02\/IMG_8241-1-300x169.jpg 300w, https:\/\/agora.xtec.cat\/escola-giroi\/wp-content\/uploads\/usu1526\/2025\/02\/IMG_8241-1-768x432.jpg 768w, https:\/\/agora.xtec.cat\/escola-giroi\/wp-content\/uploads\/usu1526\/2025\/02\/IMG_8241-1-1536x864.jpg 1536w, https:\/\/agora.xtec.cat\/escola-giroi\/wp-content\/uploads\/usu1526\/2025\/02\/IMG_8241-1-2048x1152.jpg 2048w\" sizes=\"auto, (max-width: 1024px) 100vw, 1024px\" \/><\/a><figcaption class=\"wp-element-caption\">Patrons de repetici\u00f3 4t<\/figcaption><\/figure>\n\n\n\n<figure class=\"wp-block-image size-large\"><a href=\"https:\/\/agora.xtec.cat\/escola-giroi\/wp-content\/uploads\/usu1526\/2025\/02\/IMG_8340-1-scaled.jpg\"><img loading=\"lazy\" decoding=\"async\" width=\"576\" height=\"1024\" data-id=\"20852\" src=\"https:\/\/agora.xtec.cat\/escola-giroi\/wp-content\/uploads\/usu1526\/2025\/02\/IMG_8340-1-576x1024.jpg\" alt=\"\" class=\"wp-image-20852\" srcset=\"https:\/\/agora.xtec.cat\/escola-giroi\/wp-content\/uploads\/usu1526\/2025\/02\/IMG_8340-1-576x1024.jpg 576w, https:\/\/agora.xtec.cat\/escola-giroi\/wp-content\/uploads\/usu1526\/2025\/02\/IMG_8340-1-169x300.jpg 169w, https:\/\/agora.xtec.cat\/escola-giroi\/wp-content\/uploads\/usu1526\/2025\/02\/IMG_8340-1-768x1365.jpg 768w, https:\/\/agora.xtec.cat\/escola-giroi\/wp-content\/uploads\/usu1526\/2025\/02\/IMG_8340-1-864x1536.jpg 864w, https:\/\/agora.xtec.cat\/escola-giroi\/wp-content\/uploads\/usu1526\/2025\/02\/IMG_8340-1-1152x2048.jpg 1152w, https:\/\/agora.xtec.cat\/escola-giroi\/wp-content\/uploads\/usu1526\/2025\/02\/IMG_8340-1-scaled.jpg 1440w\" sizes=\"auto, (max-width: 576px) 100vw, 576px\" \/><\/a><figcaption class=\"wp-element-caption\">Pol\u00edgons al geopl\u00e0 4t<\/figcaption><\/figure>\n\n\n\n<figure class=\"wp-block-image size-large\"><a href=\"https:\/\/agora.xtec.cat\/escola-giroi\/wp-content\/uploads\/usu1526\/2025\/02\/20250220_120317-scaled.jpg\"><img loading=\"lazy\" decoding=\"async\" width=\"768\" height=\"1024\" data-id=\"20854\" src=\"https:\/\/agora.xtec.cat\/escola-giroi\/wp-content\/uploads\/usu1526\/2025\/02\/20250220_120317-768x1024.jpg\" alt=\"\" class=\"wp-image-20854\" srcset=\"https:\/\/agora.xtec.cat\/escola-giroi\/wp-content\/uploads\/usu1526\/2025\/02\/20250220_120317-768x1024.jpg 768w, https:\/\/agora.xtec.cat\/escola-giroi\/wp-content\/uploads\/usu1526\/2025\/02\/20250220_120317-225x300.jpg 225w, https:\/\/agora.xtec.cat\/escola-giroi\/wp-content\/uploads\/usu1526\/2025\/02\/20250220_120317-1152x1536.jpg 1152w, https:\/\/agora.xtec.cat\/escola-giroi\/wp-content\/uploads\/usu1526\/2025\/02\/20250220_120317-1536x2048.jpg 1536w, https:\/\/agora.xtec.cat\/escola-giroi\/wp-content\/uploads\/usu1526\/2025\/02\/20250220_120317-scaled.jpg 1920w\" sizes=\"auto, (max-width: 768px) 100vw, 768px\" \/><\/a><figcaption class=\"wp-element-caption\">Meitats de rajoles 5\u00e8<\/figcaption><\/figure>\n<\/figure>\n\n\n\n<figure class=\"wp-block-image size-large is-resized\"><a href=\"https:\/\/agora.xtec.cat\/escola-giroi\/wp-content\/uploads\/usu1526\/2025\/02\/20250123_163610-scaled.jpg\"><img loading=\"lazy\" decoding=\"async\" width=\"2560\" height=\"1440\" src=\"https:\/\/agora.xtec.cat\/escola-giroi\/wp-content\/uploads\/usu1526\/2025\/02\/20250123_163610-edited-2-scaled.jpg\" alt=\"\" class=\"wp-image-20865\" style=\"width:350px;height:auto\" srcset=\"https:\/\/agora.xtec.cat\/escola-giroi\/wp-content\/uploads\/usu1526\/2025\/02\/20250123_163610-edited-2-scaled.jpg 2560w, https:\/\/agora.xtec.cat\/escola-giroi\/wp-content\/uploads\/usu1526\/2025\/02\/20250123_163610-edited-2-300x169.jpg 300w, https:\/\/agora.xtec.cat\/escola-giroi\/wp-content\/uploads\/usu1526\/2025\/02\/20250123_163610-edited-2-1024x576.jpg 1024w, https:\/\/agora.xtec.cat\/escola-giroi\/wp-content\/uploads\/usu1526\/2025\/02\/20250123_163610-edited-2-768x432.jpg 768w, https:\/\/agora.xtec.cat\/escola-giroi\/wp-content\/uploads\/usu1526\/2025\/02\/20250123_163610-edited-2-1536x864.jpg 1536w, https:\/\/agora.xtec.cat\/escola-giroi\/wp-content\/uploads\/usu1526\/2025\/02\/20250123_163610-edited-2-2048x1152.jpg 2048w\" sizes=\"auto, (max-width: 2560px) 100vw, 2560px\" \/><\/a><figcaption class=\"wp-element-caption\">Autoavaluaci\u00f3 4t<\/figcaption><\/figure>\n\n\n\n<p><\/p>\n","protected":false},"excerpt":{"rendered":"<p>La finalitat del programa Florence \u00e9s millorar l\u2019aprenentatge de les matem\u00e0tiques de l\u2019alumnat, reduir el nombre d\u2019alumnes que obtenen resultats [&hellip;]<\/p>\n","protected":false},"author":1,"featured_media":0,"parent":0,"menu_order":0,"comment_status":"closed","ping_status":"close","template":"","meta":{"_bbp_topic_count":0,"_bbp_reply_count":0,"_bbp_total_topic_count":0,"_bbp_total_reply_count":0,"_bbp_voice_count":0,"_bbp_anonymous_reply_count":0,"_bbp_topic_count_hidden":0,"_bbp_reply_count_hidden":0,"_bbp_forum_subforum_count":0,"site-sidebar-layout":"default","site-content-layout":"","ast-site-content-layout":"default","site-content-style":"default","site-sidebar-style":"default","ast-global-header-display":"","ast-banner-title-visibility":"","ast-main-header-display":"","ast-hfb-above-header-display":"","ast-hfb-below-header-display":"","ast-hfb-mobile-header-display":"","site-post-title":"","ast-breadcrumbs-content":"","ast-featured-img":"","footer-sml-layout":"","theme-transparent-header-meta":"","adv-header-id-meta":"","stick-header-meta":"","header-above-stick-meta":"","header-main-stick-meta":"","header-below-stick-meta":"","astra-migrate-meta-layouts":"set","ast-page-background-enabled":"default","ast-page-background-meta":{"desktop":{"background-color":"var(--ast-global-color-4)","background-image":"","background-repeat":"repeat","background-position":"center center","background-size":"auto","background-attachment":"scroll","background-type":"","background-media":"","overlay-type":"","overlay-color":"","overlay-opacity":"","overlay-gradient":""},"tablet":{"background-color":"","background-image":"","background-repeat":"repeat","background-position":"center center","background-size":"auto","background-attachment":"scroll","background-type":"","background-media":"","overlay-type":"","overlay-color":"","overlay-opacity":"","overlay-gradient":""},"mobile":{"background-color":"","background-image":"","background-repeat":"repeat","background-position":"center center","background-size":"auto","background-attachment":"scroll","background-type":"","background-media":"","overlay-type":"","overlay-color":"","overlay-opacity":"","overlay-gradient":""}},"ast-content-background-meta":{"desktop":{"background-color":"var(--ast-global-color-5)","background-image":"","background-repeat":"repeat","background-position":"center center","background-size":"auto","background-attachment":"scroll","background-type":"","background-media":"","overlay-type":"","overlay-color":"","overlay-opacity":"","overlay-gradient":""},"tablet":{"background-color":"var(--ast-global-color-5)","background-image":"","background-repeat":"repeat","background-position":"center center","background-size":"auto","background-attachment":"scroll","background-type":"","background-media":"","overlay-type":"","overlay-color":"","overlay-opacity":"","overlay-gradient":""},"mobile":{"background-color":"var(--ast-global-color-5)","background-image":"","background-repeat":"repeat","background-position":"center center","background-size":"auto","background-attachment":"scroll","background-type":"","background-media":"","overlay-type":"","overlay-color":"","overlay-opacity":"","overlay-gradient":""}},"footnotes":""},"class_list":["post-20822","page","type-page","status-publish","hentry"],"post_mailing_queue_ids":[],"_links":{"self":[{"href":"https:\/\/agora.xtec.cat\/escola-giroi\/wp-json\/wp\/v2\/pages\/20822","targetHints":{"allow":["GET"]}}],"collection":[{"href":"https:\/\/agora.xtec.cat\/escola-giroi\/wp-json\/wp\/v2\/pages"}],"about":[{"href":"https:\/\/agora.xtec.cat\/escola-giroi\/wp-json\/wp\/v2\/types\/page"}],"author":[{"embeddable":true,"href":"https:\/\/agora.xtec.cat\/escola-giroi\/wp-json\/wp\/v2\/users\/1"}],"replies":[{"embeddable":true,"href":"https:\/\/agora.xtec.cat\/escola-giroi\/wp-json\/wp\/v2\/comments?post=20822"}],"version-history":[{"count":6,"href":"https:\/\/agora.xtec.cat\/escola-giroi\/wp-json\/wp\/v2\/pages\/20822\/revisions"}],"predecessor-version":[{"id":20869,"href":"https:\/\/agora.xtec.cat\/escola-giroi\/wp-json\/wp\/v2\/pages\/20822\/revisions\/20869"}],"wp:attachment":[{"href":"https:\/\/agora.xtec.cat\/escola-giroi\/wp-json\/wp\/v2\/media?parent=20822"}],"curies":[{"name":"wp","href":"https:\/\/api.w.org\/{rel}","templated":true}]}}