{"id":15559,"date":"2020-02-17T08:53:19","date_gmt":"2020-02-17T07:53:19","guid":{"rendered":"http:\/\/agora.xtec.cat\/escola-giroi\/?page_id=15559"},"modified":"2026-02-08T20:09:59","modified_gmt":"2026-02-08T19:09:59","slug":"glifing","status":"publish","type":"page","link":"https:\/\/agora.xtec.cat\/escola-giroi\/projectesescola\/glifing\/","title":{"rendered":"\u00c0mbit ling\u00fc\u00edstic"},"content":{"rendered":"<p>Treballem l&#8217;\u00e0mbit ling\u00fc\u00edstic amb projectes d&#8217;efic\u00e0cia lectora, comprensi\u00f3 i expressi\u00f3 oral i escrita. I promovem l&#8217;expressi\u00f3 oral en angl\u00e8s del nostre alumnat.<\/p>\n<p>Per poder atendre millor els nostres infants, potenciem el treball en grups redu\u00efts:<\/p>\n<ul>\n<li style=\"list-style-type: none;\">\n<ul>\n<li style=\"list-style-type: none;\">\n<ul>\n<li>A Educaci\u00f3 Infantil: l&#8217;\u00e0rea d&#8217;intercomunicaci\u00f3 i llenguatges es realitza a partir de les propostes de racons, amb un m\u00e0xim de 4 infants per grup.<\/li>\n<li>A Educaci\u00f3 Prim\u00e0ria: l&#8217;expressi\u00f3 oral i escrita (catal\u00e0, castell\u00e0 i angl\u00e8s) la treballem amb mig grup (12-13 infants), de manera que tot l&#8217;alumnat pugui participar de la conversa i tingui millor atenci\u00f3 a l&#8217;hora d&#8217;elaborar textos.<\/li>\n<li>Formem part del projecte ILEC per impulsar la lectura a tots els \u00e0mbits d&#8217;aprenentatge. Cada dia hi dediquem mitja hora.<\/li>\n<li><a href=\"https:\/\/agora.xtec.cat\/escola-giroi\/categoria\/lecxit\/\" target=\"_blank\" rel=\"noopener noreferrer\">Lecxit<\/a> \u00e9s un programa que t\u00e9 per objectiu incrementar l&#8217;\u00e8xit educatiu dels infants a trav\u00e9s del treball per la millora de la seva comprensi\u00f3 lectora. Fora de l&#8217;horari lectiu els alumnes van a la Biblioteca Municipal i, acompanyats individualment per persones volunt\u00e0ries, fan activitats per per promoure l&#8217;\u00e8xit lector.<\/li>\n<li>Participem en el <strong>Concurs literari &#8220;Murs&#8221;<\/strong> que promociona l&#8217;associaci\u00f3 &#8220;La Garriga societat civil&#8221;.<\/li>\n<li>Participem en el <strong>Certamen de lectura en veu alta<\/strong> que s&#8217;organitza des del Servei Educatiu de la Vall del Tenes.<\/li>\n<li>Participem en els <strong>Jocs Florals Escolars<\/strong> que organitza el Departament d&#8217;Educaci\u00f3 i gestionen els serveis educatius.<\/li>\n<\/ul>\n<\/li>\n<\/ul>\n<\/li>\n<\/ul>\n<ul>\n<li style=\"list-style-type: none;\">\n<ul>\n<li style=\"list-style-type: none;\"><\/li>\n<\/ul>\n<\/li>\n<\/ul>\n<ul>\n<li style=\"list-style-type: none;\">\n<ul>\n<li style=\"list-style-type: none;\"><\/li>\n<\/ul>\n<\/li>\n<\/ul>\n<ul>\n<li style=\"list-style-type: none;\">\n<ul>\n<li style=\"list-style-type: none;\"><\/li>\n<\/ul>\n<\/li>\n<\/ul>\n","protected":false},"excerpt":{"rendered":"<p>Treballem l&#8217;\u00e0mbit ling\u00fc\u00edstic amb projectes d&#8217;efic\u00e0cia lectora, comprensi\u00f3 i expressi\u00f3 oral i escrita. I promovem l&#8217;expressi\u00f3 oral en angl\u00e8s del [&hellip;]<\/p>\n","protected":false},"author":1,"featured_media":0,"parent":30,"menu_order":0,"comment_status":"closed","ping_status":"closed","template":"","meta":{"_bbp_topic_count":0,"_bbp_reply_count":0,"_bbp_total_topic_count":0,"_bbp_total_reply_count":0,"_bbp_voice_count":0,"_bbp_anonymous_reply_count":0,"_bbp_topic_count_hidden":0,"_bbp_reply_count_hidden":0,"_bbp_forum_subforum_count":0,"site-sidebar-layout":"default","site-content-layout":"","ast-site-content-layout":"default","site-content-style":"default","site-sidebar-style":"default","ast-global-header-display":"","ast-banner-title-visibility":"","ast-main-header-display":"","ast-hfb-above-header-display":"","ast-hfb-below-header-display":"","ast-hfb-mobile-header-display":"","site-post-title":"","ast-breadcrumbs-content":"","ast-featured-img":"","footer-sml-layout":"","theme-transparent-header-meta":"","adv-header-id-meta":"","stick-header-meta":"","header-above-stick-meta":"","header-main-stick-meta":"","header-below-stick-meta":"","astra-migrate-meta-layouts":"set","ast-page-background-enabled":"default","ast-page-background-meta":{"desktop":{"background-color":"var(--ast-global-color-4)","background-image":"","background-repeat":"repeat","background-position":"center center","background-size":"auto","background-attachment":"scroll","background-type":"","background-media":"","overlay-type":"","overlay-color":"","overlay-opacity":"","overlay-gradient":""},"tablet":{"background-color":"","background-image":"","background-repeat":"repeat","background-position":"center center","background-size":"auto","background-attachment":"scroll","background-type":"","background-media":"","overlay-type":"","overlay-color":"","overlay-opacity":"","overlay-gradient":""},"mobile":{"background-color":"","background-image":"","background-repeat":"repeat","background-position":"center center","background-size":"auto","background-attachment":"scroll","background-type":"","background-media":"","overlay-type":"","overlay-color":"","overlay-opacity":"","overlay-gradient":""}},"ast-content-background-meta":{"desktop":{"background-color":"var(--ast-global-color-5)","background-image":"","background-repeat":"repeat","background-position":"center center","background-size":"auto","background-attachment":"scroll","background-type":"","background-media":"","overlay-type":"","overlay-color":"","overlay-opacity":"","overlay-gradient":""},"tablet":{"background-color":"var(--ast-global-color-5)","background-image":"","background-repeat":"repeat","background-position":"center center","background-size":"auto","background-attachment":"scroll","background-type":"","background-media":"","overlay-type":"","overlay-color":"","overlay-opacity":"","overlay-gradient":""},"mobile":{"background-color":"var(--ast-global-color-5)","background-image":"","background-repeat":"repeat","background-position":"center center","background-size":"auto","background-attachment":"scroll","background-type":"","background-media":"","overlay-type":"","overlay-color":"","overlay-opacity":"","overlay-gradient":""}},"footnotes":""},"class_list":["post-15559","page","type-page","status-publish","hentry"],"post_mailing_queue_ids":[],"_links":{"self":[{"href":"https:\/\/agora.xtec.cat\/escola-giroi\/wp-json\/wp\/v2\/pages\/15559","targetHints":{"allow":["GET"]}}],"collection":[{"href":"https:\/\/agora.xtec.cat\/escola-giroi\/wp-json\/wp\/v2\/pages"}],"about":[{"href":"https:\/\/agora.xtec.cat\/escola-giroi\/wp-json\/wp\/v2\/types\/page"}],"author":[{"embeddable":true,"href":"https:\/\/agora.xtec.cat\/escola-giroi\/wp-json\/wp\/v2\/users\/1"}],"replies":[{"embeddable":true,"href":"https:\/\/agora.xtec.cat\/escola-giroi\/wp-json\/wp\/v2\/comments?post=15559"}],"version-history":[{"count":4,"href":"https:\/\/agora.xtec.cat\/escola-giroi\/wp-json\/wp\/v2\/pages\/15559\/revisions"}],"predecessor-version":[{"id":21001,"href":"https:\/\/agora.xtec.cat\/escola-giroi\/wp-json\/wp\/v2\/pages\/15559\/revisions\/21001"}],"up":[{"embeddable":true,"href":"https:\/\/agora.xtec.cat\/escola-giroi\/wp-json\/wp\/v2\/pages\/30"}],"wp:attachment":[{"href":"https:\/\/agora.xtec.cat\/escola-giroi\/wp-json\/wp\/v2\/media?parent=15559"}],"curies":[{"name":"wp","href":"https:\/\/api.w.org\/{rel}","templated":true}]}}