{"id":15486,"date":"2020-02-14T11:55:35","date_gmt":"2020-02-14T10:55:35","guid":{"rendered":"http:\/\/agora.xtec.cat\/escola-giroi\/?page_id=15486"},"modified":"2026-02-10T17:02:37","modified_gmt":"2026-02-10T16:02:37","slug":"collaboracio-amb-lentorn","status":"publish","type":"page","link":"https:\/\/agora.xtec.cat\/escola-giroi\/projectesescola\/collaboracio-amb-lentorn\/","title":{"rendered":"Cuidem l&#8217;entorn"},"content":{"rendered":"<p>Des de l&#8217;escola Giroi volem transmetre i treballem per a millorar l&#8217;entorn, tant a escala mediambiental com solidari i col\u00b7laborador.<\/p>\n<table class=\" alignleft\" style=\"height: 953px; width: 100%; border-collapse: collapse;\">\n<tbody>\n<tr style=\"height: 187px;\">\n<td style=\"width: 25%; height: 187px;\"><img loading=\"lazy\" decoding=\"async\" class=\"aligncenter\" src=\"https:\/\/static.vecteezy.com\/system\/resources\/previews\/010\/313\/165\/non_2x\/notebook-sheet-white-blank-page-paper-list-from-notepad-flat-cartoon-icon-vector.jpg\" alt=\"hoja de cuaderno Hoja en blanco. lista de papel del bloc de notas. icono de  dibujos animados plana 10313165 Vector en Vecteezy\" width=\"129\" height=\"129\" \/><\/td>\n<td style=\"width: 25%; height: 187px;\"><img loading=\"lazy\" decoding=\"async\" class=\"aligncenter\" src=\"https:\/\/rolleat.com\/wp-content\/uploads\/2022\/01\/rainbow2-500x482.jpg\" alt=\"Boc'n'Roll Icons | By Roll'eat \u00ae - Roll'eat\u00ae\" width=\"194\" height=\"187\" \/><\/td>\n<td style=\"width: 25%; height: 187px;\"><img loading=\"lazy\" decoding=\"async\" class=\"aligncenter\" src=\"https:\/\/media.istockphoto.com\/id\/2191778496\/es\/vector\/iconos-de-clasificaci%C3%B3n-de-residuos-conjunto-vector-de-dibujos-animados-clasificaci%C3%B3n-de.jpg?s=612x612&amp;w=0&amp;k=20&amp;c=2oZN7IcWppD7RMOKSfchwaEbnRnsS3IBpcIF51RE1cM=\" alt=\"1.000+ Recogida Selectiva De Basura Ilustraciones Fotograf\u00edas de stock,  fotos e im\u00e1genes libres de derechos - iStock\" width=\"229\" height=\"151\" \/><\/td>\n<td style=\"width: 25%; height: 187px;\"><a href=\"https:\/\/agora.xtec.cat\/escola-giroi\/wp-content\/uploads\/usu1526\/2017\/02\/Apilo-2.jpg\"><img loading=\"lazy\" decoding=\"async\" class=\"size-full wp-image-1053 aligncenter\" src=\"https:\/\/agora.xtec.cat\/escola-giroi\/wp-content\/uploads\/usu1526\/2017\/02\/Apilo-2.jpg\" alt=\"\" width=\"143\" height=\"174\" \/><\/a><\/td>\n<\/tr>\n<tr style=\"height: 388px;\">\n<td style=\"width: 25%; height: 388px;\">\n<p><strong>Redu\u00efm la quantitat de paper<\/strong><\/p>\n<ul>\n<li>Evitem la comunicaci\u00f3 en paper i hem aplicat la comunicaci\u00f3 via correu electr\u00f2nic amb les fam\u00edlies.<\/li>\n<li>Enviem els informes trimestrals per correu electr\u00f2nic.<\/li>\n<\/ul>\n<\/td>\n<td style=\"width: 25%; height: 388px;\">\n<p>Hem fet tallers de<strong> &#8220;boc&#8217;n&#8217;roll&#8221;<\/strong> per a afavorir el consum d&#8217;embolcalls no contaminants per als esmorzars.<\/p>\n<p>\u00a0<\/p>\n<p>\u00a0<\/p>\n<\/td>\n<td style=\"width: 25%; height: 388px;\">\n<p><strong>Recollida selectiva<\/strong> des de les aules\u00a0<\/p>\n<p>\u00a0<\/p>\n<p>\u00a0<\/p>\n<p>\u00a0<\/p>\n<\/td>\n<td style=\"width: 25%; height: 388px;\">\n<p>Projecte <a href=\"http:\/\/www.apilo.cat\/\" target=\"_blank\" rel=\"noopener noreferrer\">Apilo XII<\/a>, per a la recollida de piles.<\/p>\n<p>\u00a0<\/p>\n<p>\u00a0<\/p>\n<p>\u00a0<\/p>\n<\/td>\n<\/tr>\n<tr style=\"height: 206px;\">\n<td style=\"width: 25%; height: 206px;\">\n<p><strong><a href=\"https:\/\/agora.xtec.cat\/escola-giroi\/wp-content\/uploads\/usu1526\/2021\/02\/CKLAKI_amb_Seny.jpg\"><img loading=\"lazy\" decoding=\"async\" class=\"wp-image-19636 aligncenter\" src=\"https:\/\/agora.xtec.cat\/escola-giroi\/wp-content\/uploads\/usu1526\/2021\/02\/CKLAKI_amb_Seny-300x200.jpg\" alt=\"\" width=\"239\" height=\"159\" srcset=\"https:\/\/agora.xtec.cat\/escola-giroi\/wp-content\/uploads\/usu1526\/2021\/02\/CKLAKI_amb_Seny-300x200.jpg 300w, https:\/\/agora.xtec.cat\/escola-giroi\/wp-content\/uploads\/usu1526\/2021\/02\/CKLAKI_amb_Seny-768x512.jpg 768w, https:\/\/agora.xtec.cat\/escola-giroi\/wp-content\/uploads\/usu1526\/2021\/02\/CKLAKI_amb_Seny-1024x683.jpg 1024w\" sizes=\"auto, (max-width: 239px) 100vw, 239px\" \/><\/a><\/strong><\/p>\n<\/td>\n<td style=\"width: 25%; height: 206px;\"><a href=\"https:\/\/agora.xtec.cat\/escola-giroi\/wp-content\/uploads\/usu1526\/2021\/02\/rius-logo.jpg\"><img loading=\"lazy\" decoding=\"async\" class=\"wp-image-19641 aligncenter\" src=\"https:\/\/agora.xtec.cat\/escola-giroi\/wp-content\/uploads\/usu1526\/2021\/02\/rius-logo-300x236.jpg\" alt=\"\" width=\"144\" height=\"113\" srcset=\"https:\/\/agora.xtec.cat\/escola-giroi\/wp-content\/uploads\/usu1526\/2021\/02\/rius-logo-300x236.jpg 300w, https:\/\/agora.xtec.cat\/escola-giroi\/wp-content\/uploads\/usu1526\/2021\/02\/rius-logo.jpg 404w\" sizes=\"auto, (max-width: 144px) 100vw, 144px\" \/><\/a><\/td>\n<td style=\"width: 25%; height: 206px;\"><strong>\u00a0<\/strong><\/td>\n<td style=\"width: 25%; height: 206px;\">\n<p>\u00a0<\/p>\n<\/td>\n<\/tr>\n<tr style=\"height: 172px;\">\n<td style=\"width: 25%; height: 172px;\">\n<p>Servei de recollida i reciclatge d&#8217;oli usat, amb el projecte <a href=\"https:\/\/claki.es\/?lang=ca\" target=\"_blank\" rel=\"noopener noreferrer\">Claki<\/a>,<\/p>\n<p>\u00a0<\/p>\n<\/td>\n<td style=\"width: 25%; height: 172px;\">\n<p>Conjuntament amb l&#8217;AFA ens impliquem en el <a href=\"http:\/\/www.projecterius.cat\/\" target=\"_blank\" rel=\"noopener noreferrer\">Projecte Rius<\/a>.<\/p>\n<p>\u00a0<\/p>\n<\/td>\n<td style=\"width: 25%; height: 172px;\"><strong>\u00a0<\/strong><\/td>\n<td style=\"width: 25%; height: 172px;\">\n<p>\u00a0<\/p>\n<\/td>\n<\/tr>\n<\/tbody>\n<\/table>\n<p>\u00a0<\/p>\n<p>\u00a0<\/p>\n<p>\u00a0<\/p>\n<p>\u00a0<\/p>\n<p>\u00a0<\/p>\n<p>\u00a0<\/p>\n<p>\u00a0<\/p>\n<p>\u00a0<\/p>\n<p>\u00a0<\/p>\n<p>\u00a0<\/p>\n<p>\u00a0<\/p>\n","protected":false},"excerpt":{"rendered":"<p>Des de l&#8217;escola Giroi volem transmetre i treballem per a millorar l&#8217;entorn, tant a escala mediambiental com solidari i col\u00b7laborador. [&hellip;]<\/p>\n","protected":false},"author":1,"featured_media":0,"parent":30,"menu_order":0,"comment_status":"closed","ping_status":"closed","template":"","meta":{"_bbp_topic_count":0,"_bbp_reply_count":0,"_bbp_total_topic_count":0,"_bbp_total_reply_count":0,"_bbp_voice_count":0,"_bbp_anonymous_reply_count":0,"_bbp_topic_count_hidden":0,"_bbp_reply_count_hidden":0,"_bbp_forum_subforum_count":0,"site-sidebar-layout":"default","site-content-layout":"","ast-site-content-layout":"default","site-content-style":"default","site-sidebar-style":"default","ast-global-header-display":"","ast-banner-title-visibility":"","ast-main-header-display":"","ast-hfb-above-header-display":"","ast-hfb-below-header-display":"","ast-hfb-mobile-header-display":"","site-post-title":"","ast-breadcrumbs-content":"","ast-featured-img":"","footer-sml-layout":"","theme-transparent-header-meta":"","adv-header-id-meta":"","stick-header-meta":"","header-above-stick-meta":"","header-main-stick-meta":"","header-below-stick-meta":"","astra-migrate-meta-layouts":"set","ast-page-background-enabled":"default","ast-page-background-meta":{"desktop":{"background-color":"var(--ast-global-color-4)","background-image":"","background-repeat":"repeat","background-position":"center center","background-size":"auto","background-attachment":"scroll","background-type":"","background-media":"","overlay-type":"","overlay-color":"","overlay-opacity":"","overlay-gradient":""},"tablet":{"background-color":"","background-image":"","background-repeat":"repeat","background-position":"center center","background-size":"auto","background-attachment":"scroll","background-type":"","background-media":"","overlay-type":"","overlay-color":"","overlay-opacity":"","overlay-gradient":""},"mobile":{"background-color":"","background-image":"","background-repeat":"repeat","background-position":"center center","background-size":"auto","background-attachment":"scroll","background-type":"","background-media":"","overlay-type":"","overlay-color":"","overlay-opacity":"","overlay-gradient":""}},"ast-content-background-meta":{"desktop":{"background-color":"var(--ast-global-color-5)","background-image":"","background-repeat":"repeat","background-position":"center center","background-size":"auto","background-attachment":"scroll","background-type":"","background-media":"","overlay-type":"","overlay-color":"","overlay-opacity":"","overlay-gradient":""},"tablet":{"background-color":"var(--ast-global-color-5)","background-image":"","background-repeat":"repeat","background-position":"center center","background-size":"auto","background-attachment":"scroll","background-type":"","background-media":"","overlay-type":"","overlay-color":"","overlay-opacity":"","overlay-gradient":""},"mobile":{"background-color":"var(--ast-global-color-5)","background-image":"","background-repeat":"repeat","background-position":"center center","background-size":"auto","background-attachment":"scroll","background-type":"","background-media":"","overlay-type":"","overlay-color":"","overlay-opacity":"","overlay-gradient":""}},"footnotes":""},"class_list":["post-15486","page","type-page","status-publish","hentry"],"post_mailing_queue_ids":[],"_links":{"self":[{"href":"https:\/\/agora.xtec.cat\/escola-giroi\/wp-json\/wp\/v2\/pages\/15486","targetHints":{"allow":["GET"]}}],"collection":[{"href":"https:\/\/agora.xtec.cat\/escola-giroi\/wp-json\/wp\/v2\/pages"}],"about":[{"href":"https:\/\/agora.xtec.cat\/escola-giroi\/wp-json\/wp\/v2\/types\/page"}],"author":[{"embeddable":true,"href":"https:\/\/agora.xtec.cat\/escola-giroi\/wp-json\/wp\/v2\/users\/1"}],"replies":[{"embeddable":true,"href":"https:\/\/agora.xtec.cat\/escola-giroi\/wp-json\/wp\/v2\/comments?post=15486"}],"version-history":[{"count":6,"href":"https:\/\/agora.xtec.cat\/escola-giroi\/wp-json\/wp\/v2\/pages\/15486\/revisions"}],"predecessor-version":[{"id":21018,"href":"https:\/\/agora.xtec.cat\/escola-giroi\/wp-json\/wp\/v2\/pages\/15486\/revisions\/21018"}],"up":[{"embeddable":true,"href":"https:\/\/agora.xtec.cat\/escola-giroi\/wp-json\/wp\/v2\/pages\/30"}],"wp:attachment":[{"href":"https:\/\/agora.xtec.cat\/escola-giroi\/wp-json\/wp\/v2\/media?parent=15486"}],"curies":[{"name":"wp","href":"https:\/\/api.w.org\/{rel}","templated":true}]}}