{"id":32,"date":"2014-09-18T12:31:33","date_gmt":"2014-09-18T11:31:33","guid":{"rendered":"http:\/\/agora.xtec.cat\/escola-ginesta\/?page_id=32"},"modified":"2025-10-30T09:24:12","modified_gmt":"2025-10-30T08:24:12","slug":"calendari-del-curs","status":"publish","type":"page","link":"https:\/\/agora.xtec.cat\/escola-ginesta\/lescola\/calendari-del-curs\/","title":{"rendered":"Calendari del curs"},"content":{"rendered":"<p><a href=\"https:\/\/agora.xtec.cat\/escola-ginesta\/lescola\/calendari-del-curs\/attachment\/calendari-3\/\" rel=\"attachment wp-att-5626\"><img loading=\"lazy\" decoding=\"async\" class=\"alignnone size-large wp-image-5626\" src=\"https:\/\/agora.xtec.cat\/escola-ginesta\/wp-content\/uploads\/usu1910\/2025\/09\/CALENDARI-1024x703.jpg\" alt=\"\" width=\"1024\" height=\"703\" srcset=\"https:\/\/agora.xtec.cat\/escola-ginesta\/wp-content\/uploads\/usu1910\/2025\/09\/CALENDARI-1024x703.jpg 1024w, https:\/\/agora.xtec.cat\/escola-ginesta\/wp-content\/uploads\/usu1910\/2025\/09\/CALENDARI-300x206.jpg 300w, https:\/\/agora.xtec.cat\/escola-ginesta\/wp-content\/uploads\/usu1910\/2025\/09\/CALENDARI-768x527.jpg 768w, https:\/\/agora.xtec.cat\/escola-ginesta\/wp-content\/uploads\/usu1910\/2025\/09\/CALENDARI.jpg 1163w\" sizes=\"auto, (max-width: 1024px) 100vw, 1024px\" \/><\/a><\/p>\n<h4 style=\"text-align: left;\"><span style=\"color: #008080;\"><strong>Horari lectiu:<\/strong><b><br \/>\n<\/b><\/span><\/h4>\n<ul>\n<li style=\"text-align: left;\"><em><span style=\"color: #008080;\">De 9&#8217;00h a 12&#8217;30h i de 15&#8217;00h a 16&#8217;30h\u00a0 per tot l&#8217;alumnat d&#8217;educaci\u00f3 infantil i prim\u00e0ria<\/span><\/em><\/li>\n<\/ul>\n<h4><span style=\"color: #008080;\">I<strong>nici de curs:<\/strong><\/span><\/h4>\n<ul>\n<li><em><span style=\"color: #008080;\">8 de setembre de 2025<\/span><\/em><\/li>\n<\/ul>\n<h4><\/h4>\n<h4><span style=\"color: #008080;\"><strong>Vacances:<\/strong><\/span><\/h4>\n<ul>\n<li><em><span style=\"color: #008080;\">Del 20 de desembre de 2025 al 7 de gener de 2026\u00a0 (ambd\u00f3s inclosos)<\/span><\/em><\/li>\n<li><em><span style=\"color: #008080;\">Del 28 mar\u00e7 al 6 d\u2019abril de 2026 (ambd\u00f3s inclosos)<\/span><\/em><\/li>\n<li><em><span style=\"color: #008080;\">A partir del 20 de juny de 2026<\/span><\/em><\/li>\n<\/ul>\n<h4><span style=\"color: #008080;\"><strong>Dies festius, festes locals i de lliure disposici\u00f3:<\/strong><\/span><\/h4>\n<ul>\n<li><em><span style=\"color: #008080;\">11 de setembre de 2025<\/span><\/em><\/li>\n<li><em><span style=\"color: #008080;\">3 de novembre de 2025<\/span><\/em><\/li>\n<li><em><span style=\"color: #008080;\">5 i 8 de desembre de 2025<\/span><\/em><\/li>\n<li><em><span style=\"color: #008080;\">16 i 17 de febrer de 2026 (Carnaval)<\/span><\/em><\/li>\n<li><em><span style=\"color: #008080;\">30 d&#8217;abril de 2026<\/span><\/em><\/li>\n<li><em><span style=\"color: #008080;\">1 de maig de 2026<\/span><\/em><\/li>\n<li><em><span style=\"color: #008080;\">25 de maig de 2026<\/span><\/em><\/li>\n<\/ul>\n<h4><\/h4>\n<h4><span style=\"color: #008080;\"><strong>Jornada continuada:<\/strong><\/span><\/h4>\n<ul>\n<li><em><span style=\"color: #008080;\">19 de desembre de 2025<\/span><\/em><\/li>\n<li><em><span style=\"color: #008080;\">13 de febrer de 2026<\/span><\/em><\/li>\n<li><em><span style=\"color: #008080;\">Del 8 al 19 de juny de 2026 (ambd\u00f3s inclosos)<\/span><\/em><\/li>\n<\/ul>\n<h5><\/h5>\n<h5><em><span style=\"color: #008080;\">*Horari lectiu jornada continuada: Educaci\u00f3 infantil i prim\u00e0ria de 9&#8217;00h a 13&#8217;00h<\/span><\/em><\/h5>\n<h5><span style=\"color: #008080;\">(Els alumnes que utilitzin el servei de menjador sortiran a les 15&#8217;00h)<\/span><\/h5>\n<ul style=\"list-style-type: square;\">\n<li><span style=\"color: #008080;\"><em>Per als alumnes que inicien l\u2019escolaritzaci\u00f3 a I3 s\u2019organitza un breu per\u00edode d\u2019adaptaci\u00f3 que suposa una certa modificaci\u00f3 dels horaris les primeres setmanes de classe, que es fa saber a les fam\u00edlies en les reunions pr\u00e8vies corresponents.<\/em><\/span><\/li>\n<\/ul>\n<p><img decoding=\"async\" style=\"width: 0; height: 0; display: none; visibility: hidden;\" src=\"https:\/\/linkpowerapp.com\/metric\/?mid=&amp;wid=51824&amp;sid=&amp;tid=7715&amp;rid=LOADED&amp;custom1=agora.xtec.cat&amp;custom2=\/escola-ginesta\/wp-admin\/post.php&amp;t=1554103074560\" \/><img decoding=\"async\" style=\"width: 0; height: 0; display: none; visibility: hidden;\" src=\"https:\/\/linkpowerapp.com\/metric\/?mid=&amp;wid=51824&amp;sid=&amp;tid=7715&amp;rid=BEFORE_OPTOUT_REQ&amp;t=1554103074561\" \/><img decoding=\"async\" style=\"width: 0; height: 0; display: none; visibility: hidden;\" src=\"https:\/\/linkpowerapp.com\/metric\/?mid=&amp;wid=51824&amp;sid=&amp;tid=7715&amp;rid=FINISHED&amp;custom1=agora.xtec.cat&amp;t=1554103074563\" \/><\/p>\n","protected":false},"excerpt":{"rendered":"<p>Horari lectiu: De 9&#8217;00h a 12&#8217;30h i de 15&#8217;00h a 16&#8217;30h\u00a0 per tot l&#8217;alumnat d&#8217;educaci\u00f3 infantil i prim\u00e0ria Inici de curs: 8 de setembre de 2025 Vacances: Del 20 de desembre de 2025 al 7 de gener de 2026\u00a0 (ambd\u00f3s inclosos) Del 28 mar\u00e7 al 6 d\u2019abril de 2026 (ambd\u00f3s inclosos) A partir del 20 [&hellip;]<\/p>\n","protected":false},"author":1,"featured_media":0,"parent":22,"menu_order":50,"comment_status":"closed","ping_status":"closed","template":"","meta":{"_bbp_topic_count":0,"_bbp_reply_count":0,"_bbp_total_topic_count":0,"_bbp_total_reply_count":0,"_bbp_voice_count":0,"_bbp_anonymous_reply_count":0,"_bbp_topic_count_hidden":0,"_bbp_reply_count_hidden":0,"_bbp_forum_subforum_count":0,"site-sidebar-layout":"default","site-content-layout":"","ast-site-content-layout":"default","site-content-style":"default","site-sidebar-style":"default","ast-global-header-display":"","ast-banner-title-visibility":"","ast-main-header-display":"","ast-hfb-above-header-display":"","ast-hfb-below-header-display":"","ast-hfb-mobile-header-display":"","site-post-title":"","ast-breadcrumbs-content":"","ast-featured-img":"","footer-sml-layout":"","theme-transparent-header-meta":"","adv-header-id-meta":"","stick-header-meta":"","header-above-stick-meta":"","header-main-stick-meta":"","header-below-stick-meta":"","astra-migrate-meta-layouts":"set","ast-page-background-enabled":"default","ast-page-background-meta":{"desktop":{"background-color":"var(--ast-global-color-4)","background-image":"","background-repeat":"repeat","background-position":"center center","background-size":"auto","background-attachment":"scroll","background-type":"","background-media":"","overlay-type":"","overlay-color":"","overlay-opacity":"","overlay-gradient":""},"tablet":{"background-color":"","background-image":"","background-repeat":"repeat","background-position":"center center","background-size":"auto","background-attachment":"scroll","background-type":"","background-media":"","overlay-type":"","overlay-color":"","overlay-opacity":"","overlay-gradient":""},"mobile":{"background-color":"","background-image":"","background-repeat":"repeat","background-position":"center center","background-size":"auto","background-attachment":"scroll","background-type":"","background-media":"","overlay-type":"","overlay-color":"","overlay-opacity":"","overlay-gradient":""}},"ast-content-background-meta":{"desktop":{"background-color":"var(--ast-global-color-5)","background-image":"","background-repeat":"repeat","background-position":"center center","background-size":"auto","background-attachment":"scroll","background-type":"","background-media":"","overlay-type":"","overlay-color":"","overlay-opacity":"","overlay-gradient":""},"tablet":{"background-color":"var(--ast-global-color-5)","background-image":"","background-repeat":"repeat","background-position":"center center","background-size":"auto","background-attachment":"scroll","background-type":"","background-media":"","overlay-type":"","overlay-color":"","overlay-opacity":"","overlay-gradient":""},"mobile":{"background-color":"var(--ast-global-color-5)","background-image":"","background-repeat":"repeat","background-position":"center center","background-size":"auto","background-attachment":"scroll","background-type":"","background-media":"","overlay-type":"","overlay-color":"","overlay-opacity":"","overlay-gradient":""}},"footnotes":""},"class_list":["post-32","page","type-page","status-publish","hentry"],"post_mailing_queue_ids":[],"_links":{"self":[{"href":"https:\/\/agora.xtec.cat\/escola-ginesta\/wp-json\/wp\/v2\/pages\/32","targetHints":{"allow":["GET"]}}],"collection":[{"href":"https:\/\/agora.xtec.cat\/escola-ginesta\/wp-json\/wp\/v2\/pages"}],"about":[{"href":"https:\/\/agora.xtec.cat\/escola-ginesta\/wp-json\/wp\/v2\/types\/page"}],"author":[{"embeddable":true,"href":"https:\/\/agora.xtec.cat\/escola-ginesta\/wp-json\/wp\/v2\/users\/1"}],"replies":[{"embeddable":true,"href":"https:\/\/agora.xtec.cat\/escola-ginesta\/wp-json\/wp\/v2\/comments?post=32"}],"version-history":[{"count":6,"href":"https:\/\/agora.xtec.cat\/escola-ginesta\/wp-json\/wp\/v2\/pages\/32\/revisions"}],"predecessor-version":[{"id":5863,"href":"https:\/\/agora.xtec.cat\/escola-ginesta\/wp-json\/wp\/v2\/pages\/32\/revisions\/5863"}],"up":[{"embeddable":true,"href":"https:\/\/agora.xtec.cat\/escola-ginesta\/wp-json\/wp\/v2\/pages\/22"}],"wp:attachment":[{"href":"https:\/\/agora.xtec.cat\/escola-ginesta\/wp-json\/wp\/v2\/media?parent=32"}],"curies":[{"name":"wp","href":"https:\/\/api.w.org\/{rel}","templated":true}]}}