{"id":8085,"date":"2025-11-23T15:45:30","date_gmt":"2025-11-23T14:45:30","guid":{"rendered":"https:\/\/agora.xtec.cat\/escola-gassoividal\/?page_id=8085"},"modified":"2025-11-23T16:14:30","modified_gmt":"2025-11-23T15:14:30","slug":"escola-inclusiva","status":"publish","type":"page","link":"https:\/\/agora.xtec.cat\/escola-gassoividal\/escola-inclusiva\/","title":{"rendered":"Escola Inclusiva"},"content":{"rendered":"\n<figure class=\"wp-block-image size-large\"><a href=\"https:\/\/agora.xtec.cat\/escola-gassoividal\/wp-content\/uploads\/usu2061\/2025\/11\/Captura-de-pantalla-2025-11-23-160933.png\"><img loading=\"lazy\" decoding=\"async\" width=\"1024\" height=\"496\" src=\"https:\/\/agora.xtec.cat\/escola-gassoividal\/wp-content\/uploads\/usu2061\/2025\/11\/Captura-de-pantalla-2025-11-23-160933-1024x496.png\" alt=\"\" class=\"wp-image-8090\" srcset=\"https:\/\/agora.xtec.cat\/escola-gassoividal\/wp-content\/uploads\/usu2061\/2025\/11\/Captura-de-pantalla-2025-11-23-160933-1024x496.png 1024w, https:\/\/agora.xtec.cat\/escola-gassoividal\/wp-content\/uploads\/usu2061\/2025\/11\/Captura-de-pantalla-2025-11-23-160933-300x145.png 300w, https:\/\/agora.xtec.cat\/escola-gassoividal\/wp-content\/uploads\/usu2061\/2025\/11\/Captura-de-pantalla-2025-11-23-160933-768x372.png 768w, https:\/\/agora.xtec.cat\/escola-gassoividal\/wp-content\/uploads\/usu2061\/2025\/11\/Captura-de-pantalla-2025-11-23-160933.png 1393w\" sizes=\"auto, (max-width: 1024px) 100vw, 1024px\" \/><\/a><\/figure>\n\n\n\n<p class=\"has-text-align-center has-medium-font-size\">L<strong>&#8216;educaci\u00f3 inclusiva<\/strong>&nbsp;\u00e9s un dels fonaments del sistema educatiu catal\u00e0 que t\u00e9 com a objectiu&nbsp;<strong>vetllar per les oportunitats d&#8217;aprenentatge de totes les persones, independentment de les seves capacitats, de la condici\u00f3 social o cultural, la religi\u00f3, la diversitat sexual o la d&#8217;identitat de g\u00e8nere<\/strong>.<\/p>\n\n\n\n<p class=\"has-text-align-center has-medium-font-size\">El respecte de les difer\u00e8ncies individuals i l&#8217;acceptaci\u00f3 de la diversitat com un fet que enriqueix les persones \u00e9s l&#8217;ideari d&#8217;una societat avan\u00e7ada i el principi de l&#8217;educaci\u00f3 inclusiva.<\/p>\n\n\n\n<p><\/p>\n","protected":false},"excerpt":{"rendered":"<p>L&#8216;educaci\u00f3 inclusiva&nbsp;\u00e9s un dels fonaments del sistema educatiu catal\u00e0 que t\u00e9 com a objectiu&nbsp;vetllar per les oportunitats d&#8217;aprenentatge de totes [&hellip;]<\/p>\n","protected":false},"author":3,"featured_media":0,"parent":0,"menu_order":0,"comment_status":"closed","ping_status":"close","template":"","meta":{"_bbp_topic_count":0,"_bbp_reply_count":0,"_bbp_total_topic_count":0,"_bbp_total_reply_count":0,"_bbp_voice_count":0,"_bbp_anonymous_reply_count":0,"_bbp_topic_count_hidden":0,"_bbp_reply_count_hidden":0,"_bbp_forum_subforum_count":0,"site-sidebar-layout":"default","site-content-layout":"","ast-site-content-layout":"default","site-content-style":"default","site-sidebar-style":"default","ast-global-header-display":"","ast-banner-title-visibility":"","ast-main-header-display":"","ast-hfb-above-header-display":"","ast-hfb-below-header-display":"","ast-hfb-mobile-header-display":"","site-post-title":"","ast-breadcrumbs-content":"","ast-featured-img":"","footer-sml-layout":"","theme-transparent-header-meta":"","adv-header-id-meta":"","stick-header-meta":"","header-above-stick-meta":"","header-main-stick-meta":"","header-below-stick-meta":"","astra-migrate-meta-layouts":"set","ast-page-background-enabled":"default","ast-page-background-meta":{"desktop":{"background-color":"var(--ast-global-color-4)","background-image":"","background-repeat":"repeat","background-position":"center center","background-size":"auto","background-attachment":"scroll","background-type":"","background-media":"","overlay-type":"","overlay-color":"","overlay-opacity":"","overlay-gradient":""},"tablet":{"background-color":"","background-image":"","background-repeat":"repeat","background-position":"center center","background-size":"auto","background-attachment":"scroll","background-type":"","background-media":"","overlay-type":"","overlay-color":"","overlay-opacity":"","overlay-gradient":""},"mobile":{"background-color":"","background-image":"","background-repeat":"repeat","background-position":"center center","background-size":"auto","background-attachment":"scroll","background-type":"","background-media":"","overlay-type":"","overlay-color":"","overlay-opacity":"","overlay-gradient":""}},"ast-content-background-meta":{"desktop":{"background-color":"var(--ast-global-color-5)","background-image":"","background-repeat":"repeat","background-position":"center center","background-size":"auto","background-attachment":"scroll","background-type":"","background-media":"","overlay-type":"","overlay-color":"","overlay-opacity":"","overlay-gradient":""},"tablet":{"background-color":"var(--ast-global-color-5)","background-image":"","background-repeat":"repeat","background-position":"center center","background-size":"auto","background-attachment":"scroll","background-type":"","background-media":"","overlay-type":"","overlay-color":"","overlay-opacity":"","overlay-gradient":""},"mobile":{"background-color":"var(--ast-global-color-5)","background-image":"","background-repeat":"repeat","background-position":"center center","background-size":"auto","background-attachment":"scroll","background-type":"","background-media":"","overlay-type":"","overlay-color":"","overlay-opacity":"","overlay-gradient":""}},"footnotes":""},"class_list":["post-8085","page","type-page","status-publish","hentry"],"post_mailing_queue_ids":[],"_links":{"self":[{"href":"https:\/\/agora.xtec.cat\/escola-gassoividal\/wp-json\/wp\/v2\/pages\/8085","targetHints":{"allow":["GET"]}}],"collection":[{"href":"https:\/\/agora.xtec.cat\/escola-gassoividal\/wp-json\/wp\/v2\/pages"}],"about":[{"href":"https:\/\/agora.xtec.cat\/escola-gassoividal\/wp-json\/wp\/v2\/types\/page"}],"author":[{"embeddable":true,"href":"https:\/\/agora.xtec.cat\/escola-gassoividal\/wp-json\/wp\/v2\/users\/3"}],"replies":[{"embeddable":true,"href":"https:\/\/agora.xtec.cat\/escola-gassoividal\/wp-json\/wp\/v2\/comments?post=8085"}],"version-history":[{"count":4,"href":"https:\/\/agora.xtec.cat\/escola-gassoividal\/wp-json\/wp\/v2\/pages\/8085\/revisions"}],"predecessor-version":[{"id":8092,"href":"https:\/\/agora.xtec.cat\/escola-gassoividal\/wp-json\/wp\/v2\/pages\/8085\/revisions\/8092"}],"wp:attachment":[{"href":"https:\/\/agora.xtec.cat\/escola-gassoividal\/wp-json\/wp\/v2\/media?parent=8085"}],"curies":[{"name":"wp","href":"https:\/\/api.w.org\/{rel}","templated":true}]}}

<figure class="wp-block-image size-large"><a href="https://agora.xtec.cat/escola-gassoividal/wp-content/uploads/usu2061/2025/11/Captura-de-pantalla-2025-11-23-160933.png"><img loading="lazy" decoding="async" width="1024" height="496" src="https://agora.xtec.cat/escola-gassoividal/wp-content/uploads/usu2061/2025/11/Captura-de-pantalla-2025-11-23-160933-1024x496.png" alt="" class="wp-image-8090" srcset="https://agora.xtec.cat/escola-gassoividal/wp-content/uploads/usu2061/2025/11/Captura-de-pantalla-2025-11-23-160933-1024x496.png 1024w, https://agora.xtec.cat/escola-gassoividal/wp-content/uploads/usu2061/2025/11/Captura-de-pantalla-2025-11-23-160933-300x145.png 300w, https://agora.xtec.cat/escola-gassoividal/wp-content/uploads/usu2061/2025/11/Captura-de-pantalla-2025-11-23-160933-768x372.png 768w, https://agora.xtec.cat/escola-gassoividal/wp-content/uploads/usu2061/2025/11/Captura-de-pantalla-2025-11-23-160933.png 1393w" sizes="auto, (max-width: 1024px) 100vw, 1024px" /></a></figure>



<p class="has-text-align-center has-medium-font-size">L<strong>&#8216;educació inclusiva</strong>&nbsp;és un dels fonaments del sistema educatiu català que té com a objectiu&nbsp;<strong>vetllar per les oportunitats d&#8217;aprenentatge de totes les persones, independentment de les seves capacitats, de la condició social o cultural, la religió, la diversitat sexual o la d&#8217;identitat de gènere</strong>.</p>



<p class="has-text-align-center has-medium-font-size">El respecte de les diferències individuals i l&#8217;acceptació de la diversitat com un fet que enriqueix les persones és l&#8217;ideari d&#8217;una societat avançada i el principi de l&#8217;educació inclusiva.</p>



<p></p>

<p>L&#8216;educació inclusiva&nbsp;és un dels fonaments del sistema educatiu català que té com a objectiu&nbsp;vetllar per les oportunitats d&#8217;aprenentatge de totes [&hellip;]</p>
