{"id":64,"date":"2014-09-18T12:39:08","date_gmt":"2014-09-18T11:39:08","guid":{"rendered":"http:\/\/agora.xtec.cat\/escola-gassoividal\/?page_id=64"},"modified":"2020-03-25T11:53:10","modified_gmt":"2020-03-25T10:53:10","slug":"projecte-educatiu","status":"publish","type":"page","link":"https:\/\/agora.xtec.cat\/escola-gassoividal\/projecte-educatiu\/","title":{"rendered":"Projectes"},"content":{"rendered":"<p>L\u2019escola <strong>Gass\u00f3 i Vidal<\/strong>\u00a0 \u00e9s una escola p\u00fablica, acollidora, d\u2019una <strong>sola l\u00ednia<\/strong>, on hi ha un sol grup de cada curs i vinculada amb el barri.<\/p>\n<p>Tots ens coneixem pel nostre nom i ens movem per l\u2019espai amb seguretat i confian\u00e7a.<\/p>\n<p>El nostre gran objectiu \u00e9s seguir construint una escola oberta, participativa, amb una metodologia de treball activa i respectuosa amb les necessitats dels infants. Volem que tot els nens i nenes esdevinguin individus capa\u00e7os, competents, cr\u00edtics i feli\u00e7os.<\/p>\n<p>Ens proposem aprendre a ser, a con\u00e8ixer, a fer i a conviure fomentant l\u2019<strong>autoestima<\/strong>, la <strong>cooperaci\u00f3<\/strong>, la <strong>toler\u00e0ncia<\/strong>, l\u2019<strong>empatia<\/strong>, l\u2019<strong>assertivitat<\/strong>, l\u2019<strong>aprendre a aprendre&#8230; <\/strong>i afavorim els <strong>vincles<\/strong> per donar import\u00e0ncia a la <strong>cohesi\u00f3 de grup<\/strong>.<\/p>\n<p>Apostem pel comprom\u00eds, el respecte i el <strong>treball cooperatiu <\/strong>i <strong>conjunt<\/strong> de tota la comunitat educativa.<\/p>\n<p>A l\u2019escola els infants <strong>cooperen i es relacionen <\/strong>entre ells<strong> i gaudeixen <\/strong>en diferents <strong>espais<\/strong>, en un <strong>ambient acollidor<\/strong> i <strong>l\u00fadic<\/strong> que afavoreix altres capacitats com ajudar, acceptar les difer\u00e8ncies dels altres, saber esperar, compartir, conversar, raonar&#8230;<\/p>\n<p>Cada nen i nena segueix el seu <strong>propi ritme<\/strong> acompanyat de l\u2019adult, que d\u00f3na suport i el guia en tot aquest proc\u00e9s quan l\u2019infant ho requereix.<\/p>\n<p>El ambients, els espais d\u2019aprenentatge, els projectes &#8230; s\u00f3n entorns d\u2019aprenentatge globalitzat que respecten la diversitat, que tenen en compte els interessos i el ritme individual de cada infant.<\/p>\n<p>&nbsp;<\/p>\n","protected":false},"excerpt":{"rendered":"<p>L\u2019escola Gass\u00f3 i Vidal\u00a0 \u00e9s una escola p\u00fablica, acollidora, d\u2019una sola l\u00ednia, on hi ha un sol grup de cada [&hellip;]<\/p>\n","protected":false},"author":1,"featured_media":0,"parent":0,"menu_order":0,"comment_status":"closed","ping_status":"closed","template":"page-templates\/side-menu.php","meta":{"_bbp_topic_count":0,"_bbp_reply_count":0,"_bbp_total_topic_count":0,"_bbp_total_reply_count":0,"_bbp_voice_count":0,"_bbp_anonymous_reply_count":0,"_bbp_topic_count_hidden":0,"_bbp_reply_count_hidden":0,"_bbp_forum_subforum_count":0,"site-sidebar-layout":"default","site-content-layout":"","ast-site-content-layout":"","site-content-style":"default","site-sidebar-style":"default","ast-global-header-display":"","ast-banner-title-visibility":"","ast-main-header-display":"","ast-hfb-above-header-display":"","ast-hfb-below-header-display":"","ast-hfb-mobile-header-display":"","site-post-title":"","ast-breadcrumbs-content":"","ast-featured-img":"","footer-sml-layout":"","theme-transparent-header-meta":"","adv-header-id-meta":"","stick-header-meta":"","header-above-stick-meta":"","header-main-stick-meta":"","header-below-stick-meta":"","astra-migrate-meta-layouts":"default","ast-page-background-enabled":"default","ast-page-background-meta":{"desktop":{"background-color":"var(--ast-global-color-4)","background-image":"","background-repeat":"repeat","background-position":"center center","background-size":"auto","background-attachment":"scroll","background-type":"","background-media":"","overlay-type":"","overlay-color":"","overlay-opacity":"","overlay-gradient":""},"tablet":{"background-color":"","background-image":"","background-repeat":"repeat","background-position":"center center","background-size":"auto","background-attachment":"scroll","background-type":"","background-media":"","overlay-type":"","overlay-color":"","overlay-opacity":"","overlay-gradient":""},"mobile":{"background-color":"","background-image":"","background-repeat":"repeat","background-position":"center center","background-size":"auto","background-attachment":"scroll","background-type":"","background-media":"","overlay-type":"","overlay-color":"","overlay-opacity":"","overlay-gradient":""}},"ast-content-background-meta":{"desktop":{"background-color":"var(--ast-global-color-5)","background-image":"","background-repeat":"repeat","background-position":"center center","background-size":"auto","background-attachment":"scroll","background-type":"","background-media":"","overlay-type":"","overlay-color":"","overlay-opacity":"","overlay-gradient":""},"tablet":{"background-color":"var(--ast-global-color-5)","background-image":"","background-repeat":"repeat","background-position":"center center","background-size":"auto","background-attachment":"scroll","background-type":"","background-media":"","overlay-type":"","overlay-color":"","overlay-opacity":"","overlay-gradient":""},"mobile":{"background-color":"var(--ast-global-color-5)","background-image":"","background-repeat":"repeat","background-position":"center center","background-size":"auto","background-attachment":"scroll","background-type":"","background-media":"","overlay-type":"","overlay-color":"","overlay-opacity":"","overlay-gradient":""}},"footnotes":""},"class_list":["post-64","page","type-page","status-publish","hentry"],"post_mailing_queue_ids":[],"_links":{"self":[{"href":"https:\/\/agora.xtec.cat\/escola-gassoividal\/wp-json\/wp\/v2\/pages\/64","targetHints":{"allow":["GET"]}}],"collection":[{"href":"https:\/\/agora.xtec.cat\/escola-gassoividal\/wp-json\/wp\/v2\/pages"}],"about":[{"href":"https:\/\/agora.xtec.cat\/escola-gassoividal\/wp-json\/wp\/v2\/types\/page"}],"author":[{"embeddable":true,"href":"https:\/\/agora.xtec.cat\/escola-gassoividal\/wp-json\/wp\/v2\/users\/1"}],"replies":[{"embeddable":true,"href":"https:\/\/agora.xtec.cat\/escola-gassoividal\/wp-json\/wp\/v2\/comments?post=64"}],"version-history":[{"count":4,"href":"https:\/\/agora.xtec.cat\/escola-gassoividal\/wp-json\/wp\/v2\/pages\/64\/revisions"}],"predecessor-version":[{"id":695,"href":"https:\/\/agora.xtec.cat\/escola-gassoividal\/wp-json\/wp\/v2\/pages\/64\/revisions\/695"}],"wp:attachment":[{"href":"https:\/\/agora.xtec.cat\/escola-gassoividal\/wp-json\/wp\/v2\/media?parent=64"}],"curies":[{"name":"wp","href":"https:\/\/api.w.org\/{rel}","templated":true}]}}

<p>L’escola <strong>Gassó i Vidal</strong>  és una escola pública, acollidora, d’una <strong>sola línia</strong>, on hi ha un sol grup de cada curs i vinculada amb el barri.</p>
<p>Tots ens coneixem pel nostre nom i ens movem per l’espai amb seguretat i confiança.</p>
<p>El nostre gran objectiu és seguir construint una escola oberta, participativa, amb una metodologia de treball activa i respectuosa amb les necessitats dels infants. Volem que tot els nens i nenes esdevinguin individus capaços, competents, crítics i feliços.</p>
<p>Ens proposem aprendre a ser, a conèixer, a fer i a conviure fomentant l’<strong>autoestima</strong>, la <strong>cooperació</strong>, la <strong>tolerància</strong>, l’<strong>empatia</strong>, l’<strong>assertivitat</strong>, l’<strong>aprendre a aprendre&#8230; </strong>i afavorim els <strong>vincles</strong> per donar importància a la <strong>cohesió de grup</strong>.</p>
<p>Apostem pel compromís, el respecte i el <strong>treball cooperatiu </strong>i <strong>conjunt</strong> de tota la comunitat educativa.</p>
<p>A l’escola els infants <strong>cooperen i es relacionen </strong>entre ells<strong> i gaudeixen </strong>en diferents <strong>espais</strong>, en un <strong>ambient acollidor</strong> i <strong>lúdic</strong> que afavoreix altres capacitats com ajudar, acceptar les diferències dels altres, saber esperar, compartir, conversar, raonar&#8230;</p>
<p>Cada nen i nena segueix el seu <strong>propi ritme</strong> acompanyat de l’adult, que dóna suport i el guia en tot aquest procés quan l’infant ho requereix.</p>
<p>El ambients, els espais d’aprenentatge, els projectes &#8230; són entorns d’aprenentatge globalitzat que respecten la diversitat, que tenen en compte els interessos i el ritme individual de cada infant.</p>
<p>&nbsp;</p>

<p>L’escola Gassó i Vidal  és una escola pública, acollidora, d’una sola línia, on hi ha un sol grup de cada [&hellip;]</p>
