{"id":32,"date":"2014-09-18T12:31:33","date_gmt":"2014-09-18T11:31:33","guid":{"rendered":"http:\/\/agora.xtec.cat\/escola-gassoividal\/?page_id=32"},"modified":"2025-11-28T15:15:41","modified_gmt":"2025-11-28T14:15:41","slug":"calendari-del-curs","status":"publish","type":"page","link":"https:\/\/agora.xtec.cat\/escola-gassoividal\/lescola\/calendari-del-curs\/","title":{"rendered":"Calendari del curs"},"content":{"rendered":"<h4><strong>Inici de curs:<\/strong><\/h4>\n<p>8 de setembre de 2025<\/p>\n<h4><strong>Vacances:<\/strong><\/h4>\n<p>Del 20 de desembre de 2025 al 7 de gener de 2026\u00a0 (ambd\u00f3s inclosos)<\/p>\n<p>Del 28 de mar\u00e7\u00a0 al 6 d&#8217;abril de 2026 (ambd\u00f3s inclosos)<\/p>\n<p>Darrer dia de classe el 19 de juny de 2026<\/p>\n<h4><strong>Dies de lliure disposici\u00f3:<\/strong><\/h4>\n<p>5 de desembre<\/p>\n<p>16 de febrer<\/p>\n<p>4 de maig<\/p>\n<p>26 de maig<\/p>\n<h4><strong>Dies festius:<\/strong><\/h4>\n<p>11 de setembre (Diada)<\/p>\n<div>\n<p>12 d&#8217;octubre (Festa Nacional)<\/p>\n<p>1 de novembre (Tots Sants)<\/p>\n<p>6 de desembre (la Constituci\u00f3)<\/p>\n<p>8 de desembre (Immaculada Concepci\u00f3)<\/p>\n<p>1 de maig (Dia del treballador)<\/p>\n<p>25\u00a0 de maig (Segona Pasqua) pendent de confirmaci\u00f3<\/p>\n<p><em style=\"font-size: 1.4375em; font-weight: bold;\"><strong>Jornada continuada:<\/strong><\/em><\/p>\n<\/div>\n<p>19 de desembre<\/p>\n<p>del 8 al 19 de juny de 2026 (ambd\u00f3s inclosos) * pendent de confirmaci\u00f3<\/p>\n<p>L\u2019<b>horari lectiu<\/b> del centre \u00e9s de 9 a 12,30 h i de 15,00 a 16,30 h per a tots els alumnes del centre\u00a0 El dia 19 de desembre de 2025,\u00a0 i a partir del 8 de juny de 2026 es realitza horari compactat de 9 a 13h. (Els alumnes que utilitzen el servei de menjador surten a patir de les 15:20 fins les 15:30.)<\/p>\n<p>Per als alumnes que inicien l\u2019escolaritzaci\u00f3 a I3 s\u2019organitza un breu per\u00edode d\u2019adaptaci\u00f3 que suposa una certa modificaci\u00f3 dels horaris dels tres primers dies de classe, i que es fa saber a les fam\u00edlies en les reunions pr\u00e8vies corresponents.<\/p>\n<p>CLIQUEU A L&#8217;ENLLA\u00c7 PER DESCARREGAR EL CALENDARI:<\/p>\n<p><a href=\"https:\/\/drive.google.com\/file\/d\/1YCqQNamnqj-4ktwkz9PV35S9g268G09y\/view?usp=drive_link\" target=\"_blank\" rel=\"noopener\">Calendari curs 25-26<\/a><\/p>\n","protected":false},"excerpt":{"rendered":"<p>Inici de curs: 8 de setembre de 2025 Vacances: Del 20 de desembre de 2025 al 7 de gener de [&hellip;]<\/p>\n","protected":false},"author":1,"featured_media":0,"parent":22,"menu_order":6,"comment_status":"closed","ping_status":"closed","template":"","meta":{"_bbp_topic_count":0,"_bbp_reply_count":0,"_bbp_total_topic_count":0,"_bbp_total_reply_count":0,"_bbp_voice_count":0,"_bbp_anonymous_reply_count":0,"_bbp_topic_count_hidden":0,"_bbp_reply_count_hidden":0,"_bbp_forum_subforum_count":0,"site-sidebar-layout":"default","site-content-layout":"","ast-site-content-layout":"default","site-content-style":"default","site-sidebar-style":"default","ast-global-header-display":"","ast-banner-title-visibility":"","ast-main-header-display":"","ast-hfb-above-header-display":"","ast-hfb-below-header-display":"","ast-hfb-mobile-header-display":"","site-post-title":"","ast-breadcrumbs-content":"","ast-featured-img":"","footer-sml-layout":"","theme-transparent-header-meta":"default","adv-header-id-meta":"","stick-header-meta":"","header-above-stick-meta":"","header-main-stick-meta":"","header-below-stick-meta":"","astra-migrate-meta-layouts":"set","ast-page-background-enabled":"default","ast-page-background-meta":{"desktop":{"background-color":"var(--ast-global-color-4)","background-image":"","background-repeat":"repeat","background-position":"center center","background-size":"auto","background-attachment":"scroll","background-type":"","background-media":"","overlay-type":"","overlay-color":"","overlay-opacity":"","overlay-gradient":""},"tablet":{"background-color":"","background-image":"","background-repeat":"repeat","background-position":"center center","background-size":"auto","background-attachment":"scroll","background-type":"","background-media":"","overlay-type":"","overlay-color":"","overlay-opacity":"","overlay-gradient":""},"mobile":{"background-color":"","background-image":"","background-repeat":"repeat","background-position":"center center","background-size":"auto","background-attachment":"scroll","background-type":"","background-media":"","overlay-type":"","overlay-color":"","overlay-opacity":"","overlay-gradient":""}},"ast-content-background-meta":{"desktop":{"background-color":"var(--ast-global-color-5)","background-image":"","background-repeat":"repeat","background-position":"center center","background-size":"auto","background-attachment":"scroll","background-type":"","background-media":"","overlay-type":"","overlay-color":"","overlay-opacity":"","overlay-gradient":""},"tablet":{"background-color":"var(--ast-global-color-5)","background-image":"","background-repeat":"repeat","background-position":"center center","background-size":"auto","background-attachment":"scroll","background-type":"","background-media":"","overlay-type":"","overlay-color":"","overlay-opacity":"","overlay-gradient":""},"mobile":{"background-color":"var(--ast-global-color-5)","background-image":"","background-repeat":"repeat","background-position":"center center","background-size":"auto","background-attachment":"scroll","background-type":"","background-media":"","overlay-type":"","overlay-color":"","overlay-opacity":"","overlay-gradient":""}},"footnotes":""},"class_list":["post-32","page","type-page","status-publish","hentry"],"post_mailing_queue_ids":[],"_links":{"self":[{"href":"https:\/\/agora.xtec.cat\/escola-gassoividal\/wp-json\/wp\/v2\/pages\/32","targetHints":{"allow":["GET"]}}],"collection":[{"href":"https:\/\/agora.xtec.cat\/escola-gassoividal\/wp-json\/wp\/v2\/pages"}],"about":[{"href":"https:\/\/agora.xtec.cat\/escola-gassoividal\/wp-json\/wp\/v2\/types\/page"}],"author":[{"embeddable":true,"href":"https:\/\/agora.xtec.cat\/escola-gassoividal\/wp-json\/wp\/v2\/users\/1"}],"replies":[{"embeddable":true,"href":"https:\/\/agora.xtec.cat\/escola-gassoividal\/wp-json\/wp\/v2\/comments?post=32"}],"version-history":[{"count":6,"href":"https:\/\/agora.xtec.cat\/escola-gassoividal\/wp-json\/wp\/v2\/pages\/32\/revisions"}],"predecessor-version":[{"id":8126,"href":"https:\/\/agora.xtec.cat\/escola-gassoividal\/wp-json\/wp\/v2\/pages\/32\/revisions\/8126"}],"up":[{"embeddable":true,"href":"https:\/\/agora.xtec.cat\/escola-gassoividal\/wp-json\/wp\/v2\/pages\/22"}],"wp:attachment":[{"href":"https:\/\/agora.xtec.cat\/escola-gassoividal\/wp-json\/wp\/v2\/media?parent=32"}],"curies":[{"name":"wp","href":"https:\/\/api.w.org\/{rel}","templated":true}]}}

<h4><strong>Inici de curs:</strong></h4>
<p>8 de setembre de 2025</p>
<h4><strong>Vacances:</strong></h4>
<p>Del 20 de desembre de 2025 al 7 de gener de 2026  (ambdós inclosos)</p>
<p>Del 28 de març  al 6 d&#8217;abril de 2026 (ambdós inclosos)</p>
<p>Darrer dia de classe el 19 de juny de 2026</p>
<h4><strong>Dies de lliure disposició:</strong></h4>
<p>5 de desembre</p>
<p>16 de febrer</p>
<p>4 de maig</p>
<p>26 de maig</p>
<h4><strong>Dies festius:</strong></h4>
<p>11 de setembre (Diada)</p>
<div>
<p>12 d&#8217;octubre (Festa Nacional)</p>
<p>1 de novembre (Tots Sants)</p>
<p>6 de desembre (la Constitució)</p>
<p>8 de desembre (Immaculada Concepció)</p>
<p>1 de maig (Dia del treballador)</p>
<p>25  de maig (Segona Pasqua) pendent de confirmació</p>
<p><em style="font-size: 1.4375em; font-weight: bold;"><strong>Jornada continuada:</strong></em></p>
</div>
<p>19 de desembre</p>
<p>del 8 al 19 de juny de 2026 (ambdós inclosos) * pendent de confirmació</p>
<p>L’<b>horari lectiu</b> del centre és de 9 a 12,30 h i de 15,00 a 16,30 h per a tots els alumnes del centre  El dia 19 de desembre de 2025,  i a partir del 8 de juny de 2026 es realitza horari compactat de 9 a 13h. (Els alumnes que utilitzen el servei de menjador surten a patir de les 15:20 fins les 15:30.)</p>
<p>Per als alumnes que inicien l’escolarització a I3 s’organitza un breu període d’adaptació que suposa una certa modificació dels horaris dels tres primers dies de classe, i que es fa saber a les famílies en les reunions prèvies corresponents.</p>
<p>CLIQUEU A L&#8217;ENLLAÇ PER DESCARREGAR EL CALENDARI:</p>
<p><a href="https://drive.google.com/file/d/1YCqQNamnqj-4ktwkz9PV35S9g268G09y/view?usp=drive_link" target="_blank" rel="noopener">Calendari curs 25-26</a></p>
