{"id":1834,"date":"2020-01-13T15:34:40","date_gmt":"2020-01-13T14:34:40","guid":{"rendered":"http:\/\/agora.xtec.cat\/escola-francescmacia\/?page_id=1834"},"modified":"2020-01-13T15:34:40","modified_gmt":"2020-01-13T14:34:40","slug":"consell-de-families","status":"publish","type":"page","link":"https:\/\/agora.xtec.cat\/escola-francescmacia\/lescola\/els-nostres-projectes\/amb-les-families\/consell-de-families\/","title":{"rendered":"Consell de fam\u00edlies"},"content":{"rendered":"<p>Un cop al trimestre es celebra el Consell de Fam\u00edlies.<\/p>\n<p>Aquest Consell est\u00e0 format per 2 pares o mares delegats\/des de cadascuna de les classes de l&#8217;escola (des de P3 fins a 6\u00e8).<\/p>\n<p>L&#8217;objectiu d&#8217;aquestes trobades\/assemblees \u00e9s el de contar, explicar i compartir qu\u00e8 \u00e9s el que s&#8217;est\u00e0 fent a l&#8217;escola. Per\u00f2 la funci\u00f3 m\u00e9s important \u00e9s la d&#8217;intercanviar opinions amb l&#8217;objectiu de millorar l&#8217;escola dia a dia.<\/p>\n<p>Els pares\/mares delegats\/des s\u00f3n voluntaris i tenen la funci\u00f3 de participar en les diferents assemblees i traspassar el que es fa a la resta de mares i pares de les classes.<\/p>\n<p>Aquest Consell est\u00e0 format pels pares\/mares delegats\/des i l&#8217;equip directiu del centre.<\/p>\n<p><a href=\"https:\/\/agora.xtec.cat\/escola-francescmacia\/wp-content\/uploads\/usu1684\/2019\/03\/IMG-20190227-WA0011.jpg\"><img loading=\"lazy\" decoding=\"async\" class=\"alignnone size-full wp-image-1425\" src=\"https:\/\/agora.xtec.cat\/escola-francescmacia\/wp-content\/uploads\/usu1684\/2019\/03\/IMG-20190227-WA0011.jpg\" alt=\"\" width=\"1599\" height=\"1200\" srcset=\"https:\/\/agora.xtec.cat\/escola-francescmacia\/wp-content\/uploads\/usu1684\/2019\/03\/IMG-20190227-WA0011.jpg 1599w, https:\/\/agora.xtec.cat\/escola-francescmacia\/wp-content\/uploads\/usu1684\/2019\/03\/IMG-20190227-WA0011-300x225.jpg 300w, https:\/\/agora.xtec.cat\/escola-francescmacia\/wp-content\/uploads\/usu1684\/2019\/03\/IMG-20190227-WA0011-768x576.jpg 768w, https:\/\/agora.xtec.cat\/escola-francescmacia\/wp-content\/uploads\/usu1684\/2019\/03\/IMG-20190227-WA0011-1024x768.jpg 1024w, https:\/\/agora.xtec.cat\/escola-francescmacia\/wp-content\/uploads\/usu1684\/2019\/03\/IMG-20190227-WA0011-200x150.jpg 200w\" sizes=\"auto, (max-width: 1599px) 100vw, 1599px\" \/><\/a><\/p>\n","protected":false},"excerpt":{"rendered":"<p>Un cop al trimestre es celebra el Consell de Fam\u00edlies.<br \/>\nAquest Consell est\u00e0 format per 2 pares o mares delegats\/des de cadascuna de les classes de l&#8217;escola (des de P3 fins a 6\u00e8).<br \/>\nL&#8217;objectiu d&#8217;aquestes trobades\/assemblees \u00e9s el de contar, explicar i compartir qu\u00e8 \u00e9s el que&hellip;  <a href=\"https:\/\/agora.xtec.cat\/escola-francescmacia\/lescola\/els-nostres-projectes\/amb-les-families\/consell-de-families\/\" title=\"Read Consell de fam\u00edlies\">Llegeix m\u00e9s\u00bb<\/a><\/p>\n","protected":false},"author":1,"featured_media":0,"parent":1825,"menu_order":0,"comment_status":"closed","ping_status":"closed","template":"","meta":{"_bbp_topic_count":0,"_bbp_reply_count":0,"_bbp_total_topic_count":0,"_bbp_total_reply_count":0,"_bbp_voice_count":0,"_bbp_anonymous_reply_count":0,"_bbp_topic_count_hidden":0,"_bbp_reply_count_hidden":0,"_bbp_forum_subforum_count":0,"footnotes":""},"class_list":["post-1834","page","type-page","status-publish","hentry"],"post_mailing_queue_ids":[],"_links":{"self":[{"href":"https:\/\/agora.xtec.cat\/escola-francescmacia\/wp-json\/wp\/v2\/pages\/1834","targetHints":{"allow":["GET"]}}],"collection":[{"href":"https:\/\/agora.xtec.cat\/escola-francescmacia\/wp-json\/wp\/v2\/pages"}],"about":[{"href":"https:\/\/agora.xtec.cat\/escola-francescmacia\/wp-json\/wp\/v2\/types\/page"}],"author":[{"embeddable":true,"href":"https:\/\/agora.xtec.cat\/escola-francescmacia\/wp-json\/wp\/v2\/users\/1"}],"replies":[{"embeddable":true,"href":"https:\/\/agora.xtec.cat\/escola-francescmacia\/wp-json\/wp\/v2\/comments?post=1834"}],"version-history":[{"count":1,"href":"https:\/\/agora.xtec.cat\/escola-francescmacia\/wp-json\/wp\/v2\/pages\/1834\/revisions"}],"predecessor-version":[{"id":1835,"href":"https:\/\/agora.xtec.cat\/escola-francescmacia\/wp-json\/wp\/v2\/pages\/1834\/revisions\/1835"}],"up":[{"embeddable":true,"href":"https:\/\/agora.xtec.cat\/escola-francescmacia\/wp-json\/wp\/v2\/pages\/1825"}],"wp:attachment":[{"href":"https:\/\/agora.xtec.cat\/escola-francescmacia\/wp-json\/wp\/v2\/media?parent=1834"}],"curies":[{"name":"wp","href":"https:\/\/api.w.org\/{rel}","templated":true}]}}