{"id":1829,"date":"2020-01-13T15:01:54","date_gmt":"2020-01-13T14:01:54","guid":{"rendered":"http:\/\/agora.xtec.cat\/escola-francescmacia\/?page_id=1829"},"modified":"2020-01-15T15:51:18","modified_gmt":"2020-01-15T14:51:18","slug":"transformacio-educativa","status":"publish","type":"page","link":"https:\/\/agora.xtec.cat\/escola-francescmacia\/lescola\/els-nostres-projectes\/transformacio-educativa\/","title":{"rendered":"Transformaci\u00f3 educativa"},"content":{"rendered":"<p>Els projectes que duem a terme a nivell de transformaci\u00f3 educativa s\u00f3n els seg\u00fcents:<\/p>\n<ul>\n<li><a href=\"https:\/\/agora.xtec.cat\/escola-francescmacia\/lescola\/els-nostres-projectes\/transformacio-educativa\/xarxes-pel-canvi\/\">Xarxes per al Canvi<\/a><\/li>\n<li><a href=\"https:\/\/agora.xtec.cat\/escola-francescmacia\/lescola\/els-nostres-projectes\/transformacio-educativa\/eines-per-al-canvi\/\">Eines per al canvi<\/a><\/li>\n<\/ul>\n<p>&nbsp;<\/p>\n","protected":false},"excerpt":{"rendered":"<p>Els projectes que duem a terme a nivell de transformaci\u00f3 educativa s\u00f3n els seg\u00fcents:<\/p>\n<ul>\n<li><a href=\"https:\/\/agora.xtec.cat\/escola-francescmacia\/lescola\/els-nostres-projectes\/transformacio-educativa\/xarxes-pel-canvi\/\">Xarxes per al Canvi<\/a><\/li>\n<li><a href=\"https:\/\/agora.xtec.cat\/escola-francescmacia\/lescola\/els-nostres-projectes\/transformacio-educativa\/eines-per-al-canvi\/\">Eines per al canvi<\/a><\/li>\n<\/ul>\n<p>&nbsp;<\/p>\n","protected":false},"author":1,"featured_media":0,"parent":1317,"menu_order":0,"comment_status":"closed","ping_status":"closed","template":"","meta":{"_bbp_topic_count":0,"_bbp_reply_count":0,"_bbp_total_topic_count":0,"_bbp_total_reply_count":0,"_bbp_voice_count":0,"_bbp_anonymous_reply_count":0,"_bbp_topic_count_hidden":0,"_bbp_reply_count_hidden":0,"_bbp_forum_subforum_count":0,"footnotes":""},"class_list":["post-1829","page","type-page","status-publish","hentry"],"post_mailing_queue_ids":[],"_links":{"self":[{"href":"https:\/\/agora.xtec.cat\/escola-francescmacia\/wp-json\/wp\/v2\/pages\/1829","targetHints":{"allow":["GET"]}}],"collection":[{"href":"https:\/\/agora.xtec.cat\/escola-francescmacia\/wp-json\/wp\/v2\/pages"}],"about":[{"href":"https:\/\/agora.xtec.cat\/escola-francescmacia\/wp-json\/wp\/v2\/types\/page"}],"author":[{"embeddable":true,"href":"https:\/\/agora.xtec.cat\/escola-francescmacia\/wp-json\/wp\/v2\/users\/1"}],"replies":[{"embeddable":true,"href":"https:\/\/agora.xtec.cat\/escola-francescmacia\/wp-json\/wp\/v2\/comments?post=1829"}],"version-history":[{"count":2,"href":"https:\/\/agora.xtec.cat\/escola-francescmacia\/wp-json\/wp\/v2\/pages\/1829\/revisions"}],"predecessor-version":[{"id":1854,"href":"https:\/\/agora.xtec.cat\/escola-francescmacia\/wp-json\/wp\/v2\/pages\/1829\/revisions\/1854"}],"up":[{"embeddable":true,"href":"https:\/\/agora.xtec.cat\/escola-francescmacia\/wp-json\/wp\/v2\/pages\/1317"}],"wp:attachment":[{"href":"https:\/\/agora.xtec.cat\/escola-francescmacia\/wp-json\/wp\/v2\/media?parent=1829"}],"curies":[{"name":"wp","href":"https:\/\/api.w.org\/{rel}","templated":true}]}}