{"id":1748,"date":"2019-12-04T13:15:39","date_gmt":"2019-12-04T12:15:39","guid":{"rendered":"http:\/\/agora.xtec.cat\/escola-francescmacia\/?page_id=1748"},"modified":"2023-11-13T13:31:44","modified_gmt":"2023-11-13T12:31:44","slug":"nofc-normes-dorganitzacio-i-funcionament-de-centre","status":"publish","type":"page","link":"https:\/\/agora.xtec.cat\/escola-francescmacia\/lescola\/historia\/nofc-normes-dorganitzacio-i-funcionament-de-centre\/","title":{"rendered":"Normes d&#8217;Organitzaci\u00f3 i Funcionament de Centre (NOFC)"},"content":{"rendered":"<p>En el seg\u00fcent enlla\u00e7 podreu veure les NOFC (Normes d&#8217;Organitzaci\u00f3 i Funcionament de Centre) de l&#8217;escola.<\/p>\n<p><a href=\"https:\/\/agora.xtec.cat\/escola-francescmacia\/wp-content\/uploads\/usu1684\/2022\/09\/nofc-escola-francesc-macia.setembre-2022.pdf\">NOFC escola Francesc Maci\u00e0. Setembre 2022<\/a><\/p>\n","protected":false},"excerpt":{"rendered":"<p>En el seg\u00fcent enlla\u00e7 podreu veure les NOFC (Normes d&#8217;Organitzaci\u00f3 i Funcionament de Centre) de l&#8217;escola.<br \/>\n<a href=\"https:\/\/agora.xtec.cat\/escola-francescmacia\/wp-content\/uploads\/usu1684\/2022\/09\/nofc-escola-francesc-macia.setembre-2022.pdf\">NOFC escola Francesc Maci\u00e0. Setembre 2022<\/a><\/p>\n","protected":false},"author":1,"featured_media":0,"parent":26,"menu_order":0,"comment_status":"closed","ping_status":"closed","template":"page-templates\/side-menu.php","meta":{"_bbp_topic_count":0,"_bbp_reply_count":0,"_bbp_total_topic_count":0,"_bbp_total_reply_count":0,"_bbp_voice_count":0,"_bbp_anonymous_reply_count":0,"_bbp_topic_count_hidden":0,"_bbp_reply_count_hidden":0,"_bbp_forum_subforum_count":0,"footnotes":""},"class_list":["post-1748","page","type-page","status-publish","hentry"],"post_mailing_queue_ids":[],"_links":{"self":[{"href":"https:\/\/agora.xtec.cat\/escola-francescmacia\/wp-json\/wp\/v2\/pages\/1748","targetHints":{"allow":["GET"]}}],"collection":[{"href":"https:\/\/agora.xtec.cat\/escola-francescmacia\/wp-json\/wp\/v2\/pages"}],"about":[{"href":"https:\/\/agora.xtec.cat\/escola-francescmacia\/wp-json\/wp\/v2\/types\/page"}],"author":[{"embeddable":true,"href":"https:\/\/agora.xtec.cat\/escola-francescmacia\/wp-json\/wp\/v2\/users\/1"}],"replies":[{"embeddable":true,"href":"https:\/\/agora.xtec.cat\/escola-francescmacia\/wp-json\/wp\/v2\/comments?post=1748"}],"version-history":[{"count":5,"href":"https:\/\/agora.xtec.cat\/escola-francescmacia\/wp-json\/wp\/v2\/pages\/1748\/revisions"}],"predecessor-version":[{"id":3674,"href":"https:\/\/agora.xtec.cat\/escola-francescmacia\/wp-json\/wp\/v2\/pages\/1748\/revisions\/3674"}],"up":[{"embeddable":true,"href":"https:\/\/agora.xtec.cat\/escola-francescmacia\/wp-json\/wp\/v2\/pages\/26"}],"wp:attachment":[{"href":"https:\/\/agora.xtec.cat\/escola-francescmacia\/wp-json\/wp\/v2\/media?parent=1748"}],"curies":[{"name":"wp","href":"https:\/\/api.w.org\/{rel}","templated":true}]}}

Normes d&#8217;Organització i Funcionament de Centre (NOFC)

<p>En el següent enllaç podreu veure les NOFC (Normes d&#8217;Organització i Funcionament de Centre) de l&#8217;escola.</p>
<p><a href="https://agora.xtec.cat/escola-francescmacia/wp-content/uploads/usu1684/2022/09/nofc-escola-francesc-macia.setembre-2022.pdf">NOFC escola Francesc Macià. Setembre 2022</a></p>

<p>En el següent enllaç podreu veure les NOFC (Normes d&#8217;Organització i Funcionament de Centre) de l&#8217;escola.<br />
<a href="https://agora.xtec.cat/escola-francescmacia/wp-content/uploads/usu1684/2022/09/nofc-escola-francesc-macia.setembre-2022.pdf">NOFC escola Francesc Macià. Setembre 2022</a></p>
