{"id":1334,"date":"2019-02-25T13:21:36","date_gmt":"2019-02-25T12:21:36","guid":{"rendered":"http:\/\/agora.xtec.cat\/escola-francescmacia\/?page_id=1334"},"modified":"2020-01-13T15:45:22","modified_gmt":"2020-01-13T14:45:22","slug":"vincular-x-educar","status":"publish","type":"page","link":"https:\/\/agora.xtec.cat\/escola-francescmacia\/lescola\/els-nostres-projectes\/amb-la-comunitat\/vincular-x-educar\/","title":{"rendered":"Vincular x Educar (PREMI RECONEIXEMENT BARCELONA INNOVACI\u00d3 EDUCATIVA 2019)"},"content":{"rendered":"<p><strong>Vincular X educar<\/strong> \u00e9s un projecte comunitari per afavorir el proc\u00e9s educatiu dels infants millorant la vinculaci\u00f3 de les fam\u00edlies amb l&#8217;escola i les entitats de lleure educatiu del barri. Consisteix en posar en contacte infants d&#8217;una escola amb els esplais i caus del territori. Com diu un proverbi afric\u00e0, &#8220;cal tota la tribu per educar un infant&#8221;, i la comunitat es transforma aix\u00ed en una font d&#8217;oportunitats per a tots els que participen en aquest projecte: infants, fam\u00edlies, escola, entitats i, finalment, serveis socials.<\/p>\n<p>Per als infants, \u00e9s l&#8217;oportunitat d&#8217;establir bons lligams amb el seu barri i desenvolupar bons vincles de futur per al seu creixement, aix\u00ed com per millorar els seus aprenentatges. Per a les fam\u00edlies, \u00e9s una oportunitat per millorar la seva relaci\u00f3 positiva amb l&#8217;escola i l&#8217;entorn del barri, desenvolupar la seva xarxa relacional i potenciar la cohesi\u00f3 social. Per a l&#8217;escola, \u00e9s una oportunitat per obrir-se al barri, ser reconeguda i recon\u00e8ixer altres agents educatius que col\u00b7laboren: la pr\u00f2pia fam\u00edlia i altres entitats del barri.<\/p>\n<p>Per aquestes entitats, \u00e9s una oportunitat de significar-se com agents actius del lleure educatiu i viure una experi\u00e8ncia de treball col\u00b7laboratiu directe amb l&#8217;escola i les fam\u00edlies, participant proactivament en l&#8217;educaci\u00f3 dels infants i el seu propi enfortiment com a organitzaci\u00f3.<\/p>\n<p><a href=\"https:\/\/agora.xtec.cat\/escola-francescmacia\/wp-content\/uploads\/usu1684\/2019\/03\/IMG-20190325-WA0096.jpg\"><img loading=\"lazy\" decoding=\"async\" class=\"alignnone size-large wp-image-1502\" src=\"https:\/\/agora.xtec.cat\/escola-francescmacia\/wp-content\/uploads\/usu1684\/2019\/03\/IMG-20190325-WA0096-1024x768.jpg\" alt=\"\" width=\"1024\" height=\"768\" srcset=\"https:\/\/agora.xtec.cat\/escola-francescmacia\/wp-content\/uploads\/usu1684\/2019\/03\/IMG-20190325-WA0096-1024x768.jpg 1024w, https:\/\/agora.xtec.cat\/escola-francescmacia\/wp-content\/uploads\/usu1684\/2019\/03\/IMG-20190325-WA0096-300x225.jpg 300w, https:\/\/agora.xtec.cat\/escola-francescmacia\/wp-content\/uploads\/usu1684\/2019\/03\/IMG-20190325-WA0096-768x576.jpg 768w, https:\/\/agora.xtec.cat\/escola-francescmacia\/wp-content\/uploads\/usu1684\/2019\/03\/IMG-20190325-WA0096-200x150.jpg 200w, https:\/\/agora.xtec.cat\/escola-francescmacia\/wp-content\/uploads\/usu1684\/2019\/03\/IMG-20190325-WA0096.jpg 1600w\" sizes=\"auto, (max-width: 1024px) 100vw, 1024px\" \/><\/a><\/p>\n<p><a href=\"https:\/\/agora.xtec.cat\/escola-francescmacia\/wp-content\/uploads\/usu1684\/2019\/02\/baixa.jpg\"><img loading=\"lazy\" decoding=\"async\" class=\" wp-image-1360 aligncenter\" src=\"https:\/\/agora.xtec.cat\/escola-francescmacia\/wp-content\/uploads\/usu1684\/2019\/02\/baixa.jpg\" alt=\"\" width=\"316\" height=\"105\" \/><\/a><\/p>\n","protected":false},"excerpt":{"rendered":"<p>Vincular X educar \u00e9s un projecte comunitari per afavorir el proc\u00e9s educatiu dels infants millorant la vinculaci\u00f3 de les fam\u00edlies amb l&#8217;escola i les entitats de lleure educatiu del barri. Consisteix en posar en contacte infants d&#8217;una escola amb els esplais i caus del territori.&hellip;  <a href=\"https:\/\/agora.xtec.cat\/escola-francescmacia\/lescola\/els-nostres-projectes\/amb-la-comunitat\/vincular-x-educar\/\" title=\"Read Vincular x Educar (PREMI RECONEIXEMENT BARCELONA INNOVACI\u00d3 EDUCATIVA 2019)\">Llegeix m\u00e9s\u00bb<\/a><\/p>\n","protected":false},"author":1,"featured_media":0,"parent":1827,"menu_order":0,"comment_status":"closed","ping_status":"closed","template":"","meta":{"_bbp_topic_count":0,"_bbp_reply_count":0,"_bbp_total_topic_count":0,"_bbp_total_reply_count":0,"_bbp_voice_count":0,"_bbp_anonymous_reply_count":0,"_bbp_topic_count_hidden":0,"_bbp_reply_count_hidden":0,"_bbp_forum_subforum_count":0,"footnotes":""},"class_list":["post-1334","page","type-page","status-publish","hentry"],"post_mailing_queue_ids":[],"_links":{"self":[{"href":"https:\/\/agora.xtec.cat\/escola-francescmacia\/wp-json\/wp\/v2\/pages\/1334","targetHints":{"allow":["GET"]}}],"collection":[{"href":"https:\/\/agora.xtec.cat\/escola-francescmacia\/wp-json\/wp\/v2\/pages"}],"about":[{"href":"https:\/\/agora.xtec.cat\/escola-francescmacia\/wp-json\/wp\/v2\/types\/page"}],"author":[{"embeddable":true,"href":"https:\/\/agora.xtec.cat\/escola-francescmacia\/wp-json\/wp\/v2\/users\/1"}],"replies":[{"embeddable":true,"href":"https:\/\/agora.xtec.cat\/escola-francescmacia\/wp-json\/wp\/v2\/comments?post=1334"}],"version-history":[{"count":3,"href":"https:\/\/agora.xtec.cat\/escola-francescmacia\/wp-json\/wp\/v2\/pages\/1334\/revisions"}],"predecessor-version":[{"id":1507,"href":"https:\/\/agora.xtec.cat\/escola-francescmacia\/wp-json\/wp\/v2\/pages\/1334\/revisions\/1507"}],"up":[{"embeddable":true,"href":"https:\/\/agora.xtec.cat\/escola-francescmacia\/wp-json\/wp\/v2\/pages\/1827"}],"wp:attachment":[{"href":"https:\/\/agora.xtec.cat\/escola-francescmacia\/wp-json\/wp\/v2\/media?parent=1334"}],"curies":[{"name":"wp","href":"https:\/\/api.w.org\/{rel}","templated":true}]}}

Vincular x Educar (PREMI RECONEIXEMENT BARCELONA INNOVACIÓ EDUCATIVA 2019)

<p><strong>Vincular X educar</strong> és un projecte comunitari per afavorir el procés educatiu dels infants millorant la vinculació de les famílies amb l&#8217;escola i les entitats de lleure educatiu del barri. Consisteix en posar en contacte infants d&#8217;una escola amb els esplais i caus del territori. Com diu un proverbi africà, &#8220;cal tota la tribu per educar un infant&#8221;, i la comunitat es transforma així en una font d&#8217;oportunitats per a tots els que participen en aquest projecte: infants, famílies, escola, entitats i, finalment, serveis socials.</p>
<p>Per als infants, és l&#8217;oportunitat d&#8217;establir bons lligams amb el seu barri i desenvolupar bons vincles de futur per al seu creixement, així com per millorar els seus aprenentatges. Per a les famílies, és una oportunitat per millorar la seva relació positiva amb l&#8217;escola i l&#8217;entorn del barri, desenvolupar la seva xarxa relacional i potenciar la cohesió social. Per a l&#8217;escola, és una oportunitat per obrir-se al barri, ser reconeguda i reconèixer altres agents educatius que col·laboren: la pròpia família i altres entitats del barri.</p>
<p>Per aquestes entitats, és una oportunitat de significar-se com agents actius del lleure educatiu i viure una experiència de treball col·laboratiu directe amb l&#8217;escola i les famílies, participant proactivament en l&#8217;educació dels infants i el seu propi enfortiment com a organització.</p>
<p><a href="https://agora.xtec.cat/escola-francescmacia/wp-content/uploads/usu1684/2019/03/IMG-20190325-WA0096.jpg"><img loading="lazy" decoding="async" class="alignnone size-large wp-image-1502" src="https://agora.xtec.cat/escola-francescmacia/wp-content/uploads/usu1684/2019/03/IMG-20190325-WA0096-1024x768.jpg" alt="" width="1024" height="768" srcset="https://agora.xtec.cat/escola-francescmacia/wp-content/uploads/usu1684/2019/03/IMG-20190325-WA0096-1024x768.jpg 1024w, https://agora.xtec.cat/escola-francescmacia/wp-content/uploads/usu1684/2019/03/IMG-20190325-WA0096-300x225.jpg 300w, https://agora.xtec.cat/escola-francescmacia/wp-content/uploads/usu1684/2019/03/IMG-20190325-WA0096-768x576.jpg 768w, https://agora.xtec.cat/escola-francescmacia/wp-content/uploads/usu1684/2019/03/IMG-20190325-WA0096-200x150.jpg 200w, https://agora.xtec.cat/escola-francescmacia/wp-content/uploads/usu1684/2019/03/IMG-20190325-WA0096.jpg 1600w" sizes="auto, (max-width: 1024px) 100vw, 1024px" /></a></p>
<p><a href="https://agora.xtec.cat/escola-francescmacia/wp-content/uploads/usu1684/2019/02/baixa.jpg"><img loading="lazy" decoding="async" class=" wp-image-1360 aligncenter" src="https://agora.xtec.cat/escola-francescmacia/wp-content/uploads/usu1684/2019/02/baixa.jpg" alt="" width="316" height="105" /></a></p>

<p>Vincular X educar és un projecte comunitari per afavorir el procés educatiu dels infants millorant la vinculació de les famílies amb l&#8217;escola i les entitats de lleure educatiu del barri. Consisteix en posar en contacte infants d&#8217;una escola amb els esplais i caus del territori.&hellip;  <a href="https://agora.xtec.cat/escola-francescmacia/lescola/els-nostres-projectes/amb-la-comunitat/vincular-x-educar/" title="Read Vincular x Educar (PREMI RECONEIXEMENT BARCELONA INNOVACIÓ EDUCATIVA 2019)">Llegeix més»</a></p>
