{"id":38,"date":"2014-09-18T12:34:08","date_gmt":"2014-09-18T11:34:08","guid":{"rendered":"http:\/\/agora.xtec.cat\/escola-espiga-lleida\/\/?page_id=38"},"modified":"2026-07-30T19:29:40","modified_gmt":"2026-07-30T17:29:40","slug":"salut","status":"publish","type":"page","link":"https:\/\/agora.xtec.cat\/escola-espiga-lleida\/lescola\/salut\/","title":{"rendered":"Salut"},"content":{"rendered":"\n<figure class=\"wp-block-image aligncenter is-resized\"><img loading=\"lazy\" decoding=\"async\" width=\"150\" height=\"150\" src=\"http:\/\/agora.xtec.cat\/escola-espiga-lleida\/wp-content\/uploads\/usu273\/2014\/09\/Salut-150x150.jpg\" alt=\"Doctor shaking hand with patient\" class=\"wp-image-649\" style=\"width:200px\" srcset=\"https:\/\/agora.xtec.cat\/escola-espiga-lleida\/wp-content\/uploads\/usu273\/2014\/09\/Salut-150x150.jpg 150w, https:\/\/agora.xtec.cat\/escola-espiga-lleida\/wp-content\/uploads\/usu273\/2014\/09\/Salut-300x300.jpg 300w, https:\/\/agora.xtec.cat\/escola-espiga-lleida\/wp-content\/uploads\/usu273\/2014\/09\/Salut.jpg 414w\" sizes=\"auto, (max-width: 150px) 100vw, 150px\" \/><\/figure>\n\n\n\n<p>El car\u00e0cter d&#8217;aquesta p\u00e0gina&nbsp;\u00e9s&nbsp;b\u00e0sicament informatiu.<\/p>\n\n\n\n<p>En aquesta secci\u00f3 es fa\u00a0una refer\u00e8ncia directa a q\u00fcestions de salut que afectin directament\u00a0l&#8217;alumnat de l&#8217;Escola.<\/p>\n\n\n\n<h2 class=\"wp-block-heading\"><strong>ADMINISTRACI\u00d3 DE MEDICACI\u00d3<\/strong><\/h2>\n\n\n\n<p>(1) <strong>Resoluci\u00f3 de 20 de juny de 2019,<\/strong> per la qual s\u2019aproven els documents per a l\u2019organitzaci\u00f3 i la gesti\u00f3 dels centres per al curs 2015-2016, diu textualment, al punt 1.2&nbsp;de l&#8217;apartat&nbsp;\u201cSeguretat i salut\u201d, el seg\u00fcent:<\/p>\n\n\n\n<p><em>\u201cPer poder administrar medicaments als alumnes, sempre que sigui imprescindible fer-ho\u00a0en horari lectiu, cal que els pares, mares o tutors legals aportin un informe m\u00e8dic on\u00a0consti el nom de l&#8217;alumne, el nom del medicament que ha de prendre i la pauta\u00a0d&#8217;administraci\u00f3. Aix\u00ed mateix, els pares, mares o tutors legals han d&#8217;aportar l&#8217;<\/em><strong><a href=\"https:\/\/drive.google.com\/file\/d\/1_788WaTyUgzugfQBsGNLJr4QTFnz7wGe\/view\" target=\"_blank\" rel=\"noopener noreferrer\">Autoritzaci\u00f3 de Medicaci\u00f3<\/a> <\/strong><em>on\u00a0es demani, al director o directora del centre educatiu, l&#8217;administraci\u00f3 al fill o filla del\u00a0medicament prescrit d&#8217;acord amb les pautes que constin en l&#8217;informe esmentat, i se\u00a0n&#8217;autoritzi l&#8217;administraci\u00f3 als docents del centre&#8230;\u00a0En aquest sentit, cal assenyalar que els docents nom\u00e9s podran fer accions que no\u00a0requereixen cap titulaci\u00f3 sanit\u00e0ria i que les poden fer els pares, mares, familiars o\u00a0cuidadors en general, sempre que hagin tingut un ensinistrament previ&#8221;.<\/em><\/p>\n\n\n\n<p>Us recordem tamb\u00e9 que, segons les NOFC&nbsp;de l\u2019Escola:<\/p>\n\n\n\n<ul class=\"wp-block-list\">\n<li>El\/la nen\/a amb febre, polls o amb malalties infeccioses no pot venir a l\u2019Escola.<\/li>\n\n\n\n<li>No podem guardar cap medicament a la nevera.<\/li>\n<\/ul>\n\n\n\n<h2 class=\"wp-block-heading\"><strong>TRACTAMENT DELS POLLS<\/strong><\/h2>\n\n\n\n<ul class=\"wp-block-list\">\n<li><a href=\"https:\/\/drive.google.com\/file\/d\/1p2i2DqwO3cJvPWQjxvluHZlx9ivWTxk-\/view\" target=\"_blank\" rel=\"noreferrer noopener\"><strong>Informaci\u00f3 polls.<\/strong><\/a><\/li>\n\n\n\n<li><a href=\"https:\/\/medicaments.gencat.cat\/ca\/ciutadania\/tractaments\/polls-consells-per-detectar-los-i-eliminar-los\/index.html\" target=\"_blank\" rel=\"noreferrer noopener\"><strong>Polls: consells per detectar-los i eliminar-los (GENCAT).<\/strong><\/a><\/li>\n<\/ul>\n\n\n\n<h2 class=\"wp-block-heading\"><strong>AL\u00b7L\u00c8RGIES I\/O INTOLER\u00c0NCIES<\/strong><\/h2>\n\n\n\n<ul class=\"wp-block-list\">\n<li>S\u2019ofereixen men\u00fas adaptats a les al\u00b7l\u00e8rgies i\/o intoler\u00e0ncies aliment\u00e0ries de l\u2019alumnat.<\/li>\n\n\n\n<li>\u00c9s imprescindible el certificat m\u00e8dic per poder atendre qualsevol mena d\u2019al\u00b7l\u00e8rgia i\/o intoler\u00e0ncia. Tamb\u00e9 caldr\u00e0 l&#8217;<a href=\"https:\/\/drive.google.com\/file\/d\/1_788WaTyUgzugfQBsGNLJr4QTFnz7wGe\/view\" target=\"_blank\" rel=\"noopener noreferrer\"><strong>Autoritzaci\u00f3 de Medicaci\u00f3<\/strong><\/a> de la fam\u00edlia si cal seguir un protocol espec\u00edfic o administrar alguna medicaci\u00f3.<\/li>\n<\/ul>\n","protected":false},"excerpt":{"rendered":"<p>El car\u00e0cter d&#8217;aquesta p\u00e0gina&nbsp;\u00e9s&nbsp;b\u00e0sicament informatiu. En aquesta secci\u00f3 es fa\u00a0una refer\u00e8ncia directa a q\u00fcestions de salut que afectin directament\u00a0l&#8217;alumnat de l&#8217;Escola. ADMINISTRACI\u00d3 DE MEDICACI\u00d3 (1) Resoluci\u00f3 de 20 de juny de 2019, per la qual s\u2019aproven els documents per a l\u2019organitzaci\u00f3 i la gesti\u00f3 dels centres per al curs 2015-2016, diu textualment, al punt 1.2&nbsp;de [&hellip;]<\/p>\n","protected":false},"author":1,"featured_media":0,"parent":22,"menu_order":110,"comment_status":"closed","ping_status":"closed","template":"","meta":{"_bbp_topic_count":0,"_bbp_reply_count":0,"_bbp_total_topic_count":0,"_bbp_total_reply_count":0,"_bbp_voice_count":0,"_bbp_anonymous_reply_count":0,"_bbp_topic_count_hidden":0,"_bbp_reply_count_hidden":0,"_bbp_forum_subforum_count":0,"site-sidebar-layout":"default","site-content-layout":"","ast-site-content-layout":"default","site-content-style":"default","site-sidebar-style":"default","ast-global-header-display":"","ast-banner-title-visibility":"","ast-main-header-display":"","ast-hfb-above-header-display":"","ast-hfb-below-header-display":"","ast-hfb-mobile-header-display":"","site-post-title":"","ast-breadcrumbs-content":"","ast-featured-img":"","footer-sml-layout":"","theme-transparent-header-meta":"","adv-header-id-meta":"","stick-header-meta":"","header-above-stick-meta":"","header-main-stick-meta":"","header-below-stick-meta":"","astra-migrate-meta-layouts":"set","ast-page-background-enabled":"default","ast-page-background-meta":{"desktop":{"background-color":"var(--ast-global-color-4)","background-image":"","background-repeat":"repeat","background-position":"center center","background-size":"auto","background-attachment":"scroll","background-type":"","background-media":"","overlay-type":"","overlay-color":"","overlay-opacity":"","overlay-gradient":""},"tablet":{"background-color":"","background-image":"","background-repeat":"repeat","background-position":"center center","background-size":"auto","background-attachment":"scroll","background-type":"","background-media":"","overlay-type":"","overlay-color":"","overlay-opacity":"","overlay-gradient":""},"mobile":{"background-color":"","background-image":"","background-repeat":"repeat","background-position":"center center","background-size":"auto","background-attachment":"scroll","background-type":"","background-media":"","overlay-type":"","overlay-color":"","overlay-opacity":"","overlay-gradient":""}},"ast-content-background-meta":{"desktop":{"background-color":"var(--ast-global-color-5)","background-image":"","background-repeat":"repeat","background-position":"center center","background-size":"auto","background-attachment":"scroll","background-type":"","background-media":"","overlay-type":"","overlay-color":"","overlay-opacity":"","overlay-gradient":""},"tablet":{"background-color":"var(--ast-global-color-5)","background-image":"","background-repeat":"repeat","background-position":"center center","background-size":"auto","background-attachment":"scroll","background-type":"","background-media":"","overlay-type":"","overlay-color":"","overlay-opacity":"","overlay-gradient":""},"mobile":{"background-color":"var(--ast-global-color-5)","background-image":"","background-repeat":"repeat","background-position":"center center","background-size":"auto","background-attachment":"scroll","background-type":"","background-media":"","overlay-type":"","overlay-color":"","overlay-opacity":"","overlay-gradient":""}},"footnotes":""},"class_list":["post-38","page","type-page","status-publish","hentry"],"post_mailing_queue_ids":[],"_links":{"self":[{"href":"https:\/\/agora.xtec.cat\/escola-espiga-lleida\/wp-json\/wp\/v2\/pages\/38","targetHints":{"allow":["GET"]}}],"collection":[{"href":"https:\/\/agora.xtec.cat\/escola-espiga-lleida\/wp-json\/wp\/v2\/pages"}],"about":[{"href":"https:\/\/agora.xtec.cat\/escola-espiga-lleida\/wp-json\/wp\/v2\/types\/page"}],"author":[{"embeddable":true,"href":"https:\/\/agora.xtec.cat\/escola-espiga-lleida\/wp-json\/wp\/v2\/users\/1"}],"replies":[{"embeddable":true,"href":"https:\/\/agora.xtec.cat\/escola-espiga-lleida\/wp-json\/wp\/v2\/comments?post=38"}],"version-history":[{"count":6,"href":"https:\/\/agora.xtec.cat\/escola-espiga-lleida\/wp-json\/wp\/v2\/pages\/38\/revisions"}],"predecessor-version":[{"id":5549,"href":"https:\/\/agora.xtec.cat\/escola-espiga-lleida\/wp-json\/wp\/v2\/pages\/38\/revisions\/5549"}],"up":[{"embeddable":true,"href":"https:\/\/agora.xtec.cat\/escola-espiga-lleida\/wp-json\/wp\/v2\/pages\/22"}],"wp:attachment":[{"href":"https:\/\/agora.xtec.cat\/escola-espiga-lleida\/wp-json\/wp\/v2\/media?parent=38"}],"curies":[{"name":"wp","href":"https:\/\/api.w.org\/{rel}","templated":true}]}}

<figure class="wp-block-image aligncenter is-resized"><img loading="lazy" decoding="async" width="150" height="150" src="http://agora.xtec.cat/escola-espiga-lleida/wp-content/uploads/usu273/2014/09/Salut-150x150.jpg" alt="Doctor shaking hand with patient" class="wp-image-649" style="width:200px" srcset="https://agora.xtec.cat/escola-espiga-lleida/wp-content/uploads/usu273/2014/09/Salut-150x150.jpg 150w, https://agora.xtec.cat/escola-espiga-lleida/wp-content/uploads/usu273/2014/09/Salut-300x300.jpg 300w, https://agora.xtec.cat/escola-espiga-lleida/wp-content/uploads/usu273/2014/09/Salut.jpg 414w" sizes="auto, (max-width: 150px) 100vw, 150px" /></figure>



<p>El caràcter d&#8217;aquesta pàgina&nbsp;és&nbsp;bàsicament informatiu.</p>



<p>En aquesta secció es fa una referència directa a qüestions de salut que afectin directament l&#8217;alumnat de l&#8217;Escola.</p>



<h2 class="wp-block-heading"><strong>ADMINISTRACIÓ DE MEDICACIÓ</strong></h2>



<p>(1) <strong>Resolució de 20 de juny de 2019,</strong> per la qual s’aproven els documents per a l’organització i la gestió dels centres per al curs 2015-2016, diu textualment, al punt 1.2&nbsp;de l&#8217;apartat&nbsp;“Seguretat i salut”, el següent:</p>



<p><em>“Per poder administrar medicaments als alumnes, sempre que sigui imprescindible fer-ho en horari lectiu, cal que els pares, mares o tutors legals aportin un informe mèdic on consti el nom de l&#8217;alumne, el nom del medicament que ha de prendre i la pauta d&#8217;administració. Així mateix, els pares, mares o tutors legals han d&#8217;aportar l&#8217;</em><strong><a href="https://drive.google.com/file/d/1_788WaTyUgzugfQBsGNLJr4QTFnz7wGe/view" target="_blank" rel="noopener noreferrer">Autorització de Medicació</a> </strong><em>on es demani, al director o directora del centre educatiu, l&#8217;administració al fill o filla del medicament prescrit d&#8217;acord amb les pautes que constin en l&#8217;informe esmentat, i se n&#8217;autoritzi l&#8217;administració als docents del centre&#8230; En aquest sentit, cal assenyalar que els docents només podran fer accions que no requereixen cap titulació sanitària i que les poden fer els pares, mares, familiars o cuidadors en general, sempre que hagin tingut un ensinistrament previ&#8221;.</em></p>



<p>Us recordem també que, segons les NOFC&nbsp;de l’Escola:</p>



<ul class="wp-block-list">
<li>El/la nen/a amb febre, polls o amb malalties infeccioses no pot venir a l’Escola.</li>



<li>No podem guardar cap medicament a la nevera.</li>
</ul>



<h2 class="wp-block-heading"><strong>TRACTAMENT DELS POLLS</strong></h2>



<ul class="wp-block-list">
<li><a href="https://drive.google.com/file/d/1p2i2DqwO3cJvPWQjxvluHZlx9ivWTxk-/view" target="_blank" rel="noreferrer noopener"><strong>Informació polls.</strong></a></li>



<li><a href="https://medicaments.gencat.cat/ca/ciutadania/tractaments/polls-consells-per-detectar-los-i-eliminar-los/index.html" target="_blank" rel="noreferrer noopener"><strong>Polls: consells per detectar-los i eliminar-los (GENCAT).</strong></a></li>
</ul>



<h2 class="wp-block-heading"><strong>AL·LÈRGIES I/O INTOLERÀNCIES</strong></h2>



<ul class="wp-block-list">
<li>S’ofereixen menús adaptats a les al·lèrgies i/o intoleràncies alimentàries de l’alumnat.</li>



<li>És imprescindible el certificat mèdic per poder atendre qualsevol mena d’al·lèrgia i/o intolerància. També caldrà l&#8217;<a href="https://drive.google.com/file/d/1_788WaTyUgzugfQBsGNLJr4QTFnz7wGe/view" target="_blank" rel="noopener noreferrer"><strong>Autorització de Medicació</strong></a> de la família si cal seguir un protocol específic o administrar alguna medicació.</li>
</ul>

<p>El caràcter d&#8217;aquesta pàgina&nbsp;és&nbsp;bàsicament informatiu. En aquesta secció es fa una referència directa a qüestions de salut que afectin directament l&#8217;alumnat de l&#8217;Escola. ADMINISTRACIÓ DE MEDICACIÓ (1) Resolució de 20 de juny de 2019, per la qual s’aproven els documents per a l’organització i la gestió dels centres per al curs 2015-2016, diu textualment, al punt 1.2&nbsp;de [&hellip;]</p>
