{"id":333,"date":"2015-08-07T10:31:33","date_gmt":"2015-08-07T09:31:33","guid":{"rendered":"http:\/\/agora.xtec.cat\/escola-espiga-lleida\/?page_id=333"},"modified":"2016-02-18T13:38:03","modified_gmt":"2016-02-18T12:38:03","slug":"cultura-i-tradicio","status":"publish","type":"page","link":"https:\/\/agora.xtec.cat\/escola-espiga-lleida\/lescola\/cultura-i-tradicio\/","title":{"rendered":"Cultura i Tradici\u00f3"},"content":{"rendered":"<p><img loading=\"lazy\" decoding=\"async\" class=\" wp-image-356 size-thumbnail alignleft\" src=\"http:\/\/agora.xtec.cat\/escola-espiga-lleida\/wp-content\/uploads\/usu273\/2015\/08\/Cultura-150x150.png\" alt=\"Cultura\" width=\"150\" height=\"150\" \/><\/p>\n<p>&nbsp;<\/p>\n<p>A la nostra Escola celebrem i participem de moltes de les festes del folklore i costums propis de la nostra identitat nacional catalana.<\/p>\n<p>&nbsp;<\/p>\n<ul>\n<li><strong><a href=\"http:\/\/agora.xtec.cat\/escola-espiga-lleida\/lescola\/cultura-i-tradicio\/gegants\/\">GEGANTS.<\/a><\/strong><\/li>\n<li><strong><a href=\"http:\/\/agora.xtec.cat\/escola-espiga-lleida\/capgrossos\/\">CAPGROSSOS.<\/a><\/strong><\/li>\n<li><strong><a href=\"http:\/\/agora.xtec.cat\/escola-espiga-lleida\/lescola\/cultura-i-tradicio\/espidrac\/\">ESPIDRAC.<\/a><\/strong><\/li>\n<\/ul>\n<p>Durant tot el curs treballem interdisciplin\u00e0riament (dins els diferents \u00e0mbits del curr\u00edculum) aspectes referits a les festes i tradicions de Catalunya.<\/p>\n<p>&nbsp;<\/p>\n","protected":false},"excerpt":{"rendered":"<p>&nbsp;<br \/>\nA la nostra Escola celebrem i participem de moltes de les festes del folklore i costums propis de la nostra identitat nacional catalana.<br \/>\n&nbsp;<\/p>\n<ul>\n<li><a href=\"http:\/\/agora.xtec.cat\/escola-espiga-lleida\/lescola\/cultura-i-tradicio\/gegants\/\">GEGANTS.<\/a><\/li>\n<li><a href=\"http:\/\/agora.xtec.cat\/escola-espiga-lleida\/capgrossos\/\">CAPGROSSOS.<\/a><\/li>\n<li><a href=\"http:\/\/agora.xtec.cat\/escola-espiga-lleida\/lescola\/cultura-i-tradicio\/espidrac\/\">ESPIDRAC.<\/a><\/li>\n<\/ul>\n<p>Durant tot el curs treballem interdisciplin\u00e0riament (dins els diferents \u00e0mbits del curr\u00edculum) aspectes referits a les festes i tradicions de&hellip;  <a href=\"https:\/\/agora.xtec.cat\/escola-espiga-lleida\/lescola\/cultura-i-tradicio\/\" title=\"Read Cultura i Tradici\u00f3\">Llegeix m\u00e9s\u00bb<\/a><\/p>\n","protected":false},"author":1,"featured_media":0,"parent":22,"menu_order":40,"comment_status":"closed","ping_status":"closed","template":"page-templates\/side-menu.php","meta":{"_bbp_topic_count":0,"_bbp_reply_count":0,"_bbp_total_topic_count":0,"_bbp_total_reply_count":0,"_bbp_voice_count":0,"_bbp_anonymous_reply_count":0,"_bbp_topic_count_hidden":0,"_bbp_reply_count_hidden":0,"_bbp_forum_subforum_count":0,"footnotes":""},"class_list":["post-333","page","type-page","status-publish","hentry"],"post_mailing_queue_ids":[],"_links":{"self":[{"href":"https:\/\/agora.xtec.cat\/escola-espiga-lleida\/wp-json\/wp\/v2\/pages\/333","targetHints":{"allow":["GET"]}}],"collection":[{"href":"https:\/\/agora.xtec.cat\/escola-espiga-lleida\/wp-json\/wp\/v2\/pages"}],"about":[{"href":"https:\/\/agora.xtec.cat\/escola-espiga-lleida\/wp-json\/wp\/v2\/types\/page"}],"author":[{"embeddable":true,"href":"https:\/\/agora.xtec.cat\/escola-espiga-lleida\/wp-json\/wp\/v2\/users\/1"}],"replies":[{"embeddable":true,"href":"https:\/\/agora.xtec.cat\/escola-espiga-lleida\/wp-json\/wp\/v2\/comments?post=333"}],"version-history":[{"count":4,"href":"https:\/\/agora.xtec.cat\/escola-espiga-lleida\/wp-json\/wp\/v2\/pages\/333\/revisions"}],"predecessor-version":[{"id":661,"href":"https:\/\/agora.xtec.cat\/escola-espiga-lleida\/wp-json\/wp\/v2\/pages\/333\/revisions\/661"}],"up":[{"embeddable":true,"href":"https:\/\/agora.xtec.cat\/escola-espiga-lleida\/wp-json\/wp\/v2\/pages\/22"}],"wp:attachment":[{"href":"https:\/\/agora.xtec.cat\/escola-espiga-lleida\/wp-json\/wp\/v2\/media?parent=333"}],"curies":[{"name":"wp","href":"https:\/\/api.w.org\/{rel}","templated":true}]}}