{"id":32,"date":"2014-09-18T12:31:33","date_gmt":"2014-09-18T10:31:33","guid":{"rendered":"http:\/\/agora.xtec.cat\/escola-espiga-lleida\/\/?page_id=32"},"modified":"2026-07-25T19:40:00","modified_gmt":"2026-07-25T17:40:00","slug":"calendari-del-curs","status":"publish","type":"page","link":"https:\/\/agora.xtec.cat\/escola-espiga-lleida\/lescola\/calendari-del-curs\/","title":{"rendered":"Calendari Escolar"},"content":{"rendered":"\n<figure class=\"wp-block-image aligncenter is-resized\"><img loading=\"lazy\" decoding=\"async\" width=\"143\" height=\"108\" src=\"http:\/\/agora.xtec.cat\/escola-espiga-lleida\/wp-content\/uploads\/usu273\/2014\/09\/Calendari.jpg\" alt=\"Calendari\" class=\"wp-image-1076\" style=\"width:200px\"\/><\/figure>\n\n\n\n<figure class=\"wp-block-image alignfull\"><a href=\"https:\/\/agora.xtec.cat\/escola-espiga-lleida\/wp-content\/uploads\/usu273\/2026\/07\/Calendari-Escolar-2026-2027.jpg\"><img loading=\"lazy\" decoding=\"async\" width=\"1024\" height=\"724\" src=\"https:\/\/agora.xtec.cat\/escola-espiga-lleida\/wp-content\/uploads\/usu273\/2026\/07\/Calendari-Escolar-2026-2027-1024x724.jpg\" alt=\"\" class=\"wp-image-5174\" srcset=\"https:\/\/agora.xtec.cat\/escola-espiga-lleida\/wp-content\/uploads\/usu273\/2026\/07\/Calendari-Escolar-2026-2027-1024x724.jpg 1024w, https:\/\/agora.xtec.cat\/escola-espiga-lleida\/wp-content\/uploads\/usu273\/2026\/07\/Calendari-Escolar-2026-2027-300x212.jpg 300w, https:\/\/agora.xtec.cat\/escola-espiga-lleida\/wp-content\/uploads\/usu273\/2026\/07\/Calendari-Escolar-2026-2027-768x543.jpg 768w, https:\/\/agora.xtec.cat\/escola-espiga-lleida\/wp-content\/uploads\/usu273\/2026\/07\/Calendari-Escolar-2026-2027-1536x1086.jpg 1536w, https:\/\/agora.xtec.cat\/escola-espiga-lleida\/wp-content\/uploads\/usu273\/2026\/07\/Calendari-Escolar-2026-2027-2048x1448.jpg 2048w\" sizes=\"auto, (max-width: 1024px) 100vw, 1024px\" \/><\/a><\/figure>\n\n\n\n<p><\/p>\n\n\n\n<p><strong>Inici de curs:<\/strong><\/p>\n\n\n\n<ul class=\"wp-block-list\">\n<li>8 de setembre de 2026.<\/li>\n<\/ul>\n\n\n\n<p><strong>Horari:<\/strong><\/p>\n\n\n\n<ul class=\"wp-block-list\">\n<li>L\u2019<strong>horari lectiu<\/strong> de l&#8217;Escola ESPIGA \u00e9s de les 9:00h a les 12:30h (mat\u00ed) i de les 15:00h a les 16:30h (tarda).<\/li>\n<\/ul>\n\n\n\n<p>Per l&#8217;alumnat que inicia l\u2019escolaritzaci\u00f3 a I3 s\u2019organitza un breu per\u00edode d\u2019adaptaci\u00f3 que suposa una certa modificaci\u00f3 dels horaris dels primers dies de classe (del 8 al 14 de setembre), i que es fa saber a les fam\u00edlies en les reunions pr\u00e8vies corresponents.<\/p>\n\n\n\n<p><strong>Vacances:<\/strong><\/p>\n\n\n\n<ul class=\"wp-block-list\">\n<li>Del 22 de desembre de 2026 al 7 de gener de 2027 (ambd\u00f3s inclosos).<\/li>\n<\/ul>\n\n\n\n<ul class=\"wp-block-list\">\n<li>Del 20 al 29 de mar\u00e7 de 2027 (ambd\u00f3s inclosos).<\/li>\n<\/ul>\n\n\n\n<ul class=\"wp-block-list\">\n<li>A partir del 22 de juny de 2027.<\/li>\n<\/ul>\n\n\n\n<p><strong>Dies festius de lliure disposici\u00f3:<\/strong><\/p>\n\n\n\n<ul class=\"wp-block-list\">\n<li>30 d&#8217;octubre de 2026.<\/li>\n<\/ul>\n\n\n\n<ul class=\"wp-block-list\">\n<li>7 de desembre de 2026.<\/li>\n<\/ul>\n\n\n\n<ul class=\"wp-block-list\">\n<li>5 de febrer de 2027.<\/li>\n<\/ul>\n\n\n\n<ul class=\"wp-block-list\">\n<li>10 d&#8217;abril de 2027.<\/li>\n<\/ul>\n\n\n\n<p><strong>Jornada continuada:<\/strong><\/p>\n\n\n\n<ul class=\"wp-block-list\">\n<li>El 21 de desembre de 2026 i del 7 al 21 de juny de 2027 es realitza jornada continuada de 9 a 13h.<\/li>\n<\/ul>\n","protected":false},"excerpt":{"rendered":"<p>Inici de curs: Horari: Per l&#8217;alumnat que inicia l\u2019escolaritzaci\u00f3 a I3 s\u2019organitza un breu per\u00edode d\u2019adaptaci\u00f3 que suposa una certa modificaci\u00f3 dels horaris dels primers dies de classe (del 8 al 14 de setembre), i que es fa saber a les fam\u00edlies en les reunions pr\u00e8vies corresponents. Vacances: Dies festius de lliure disposici\u00f3: Jornada continuada:<\/p>\n","protected":false},"author":2,"featured_media":0,"parent":22,"menu_order":70,"comment_status":"closed","ping_status":"closed","template":"","meta":{"_bbp_topic_count":0,"_bbp_reply_count":0,"_bbp_total_topic_count":0,"_bbp_total_reply_count":0,"_bbp_voice_count":0,"_bbp_anonymous_reply_count":0,"_bbp_topic_count_hidden":0,"_bbp_reply_count_hidden":0,"_bbp_forum_subforum_count":0,"site-sidebar-layout":"default","site-content-layout":"","ast-site-content-layout":"default","site-content-style":"default","site-sidebar-style":"default","ast-global-header-display":"","ast-banner-title-visibility":"","ast-main-header-display":"","ast-hfb-above-header-display":"","ast-hfb-below-header-display":"","ast-hfb-mobile-header-display":"","site-post-title":"","ast-breadcrumbs-content":"","ast-featured-img":"","footer-sml-layout":"","theme-transparent-header-meta":"","adv-header-id-meta":"","stick-header-meta":"","header-above-stick-meta":"","header-main-stick-meta":"","header-below-stick-meta":"","astra-migrate-meta-layouts":"set","ast-page-background-enabled":"default","ast-page-background-meta":{"desktop":{"background-color":"var(--ast-global-color-4)","background-image":"","background-repeat":"repeat","background-position":"center center","background-size":"auto","background-attachment":"scroll","background-type":"","background-media":"","overlay-type":"","overlay-color":"","overlay-opacity":"","overlay-gradient":""},"tablet":{"background-color":"","background-image":"","background-repeat":"repeat","background-position":"center center","background-size":"auto","background-attachment":"scroll","background-type":"","background-media":"","overlay-type":"","overlay-color":"","overlay-opacity":"","overlay-gradient":""},"mobile":{"background-color":"","background-image":"","background-repeat":"repeat","background-position":"center center","background-size":"auto","background-attachment":"scroll","background-type":"","background-media":"","overlay-type":"","overlay-color":"","overlay-opacity":"","overlay-gradient":""}},"ast-content-background-meta":{"desktop":{"background-color":"var(--ast-global-color-5)","background-image":"","background-repeat":"repeat","background-position":"center center","background-size":"auto","background-attachment":"scroll","background-type":"","background-media":"","overlay-type":"","overlay-color":"","overlay-opacity":"","overlay-gradient":""},"tablet":{"background-color":"var(--ast-global-color-5)","background-image":"","background-repeat":"repeat","background-position":"center center","background-size":"auto","background-attachment":"scroll","background-type":"","background-media":"","overlay-type":"","overlay-color":"","overlay-opacity":"","overlay-gradient":""},"mobile":{"background-color":"var(--ast-global-color-5)","background-image":"","background-repeat":"repeat","background-position":"center center","background-size":"auto","background-attachment":"scroll","background-type":"","background-media":"","overlay-type":"","overlay-color":"","overlay-opacity":"","overlay-gradient":""}},"footnotes":""},"class_list":["post-32","page","type-page","status-publish","hentry"],"post_mailing_queue_ids":[],"_links":{"self":[{"href":"https:\/\/agora.xtec.cat\/escola-espiga-lleida\/wp-json\/wp\/v2\/pages\/32","targetHints":{"allow":["GET"]}}],"collection":[{"href":"https:\/\/agora.xtec.cat\/escola-espiga-lleida\/wp-json\/wp\/v2\/pages"}],"about":[{"href":"https:\/\/agora.xtec.cat\/escola-espiga-lleida\/wp-json\/wp\/v2\/types\/page"}],"author":[{"embeddable":true,"href":"https:\/\/agora.xtec.cat\/escola-espiga-lleida\/wp-json\/wp\/v2\/users\/2"}],"replies":[{"embeddable":true,"href":"https:\/\/agora.xtec.cat\/escola-espiga-lleida\/wp-json\/wp\/v2\/comments?post=32"}],"version-history":[{"count":6,"href":"https:\/\/agora.xtec.cat\/escola-espiga-lleida\/wp-json\/wp\/v2\/pages\/32\/revisions"}],"predecessor-version":[{"id":5402,"href":"https:\/\/agora.xtec.cat\/escola-espiga-lleida\/wp-json\/wp\/v2\/pages\/32\/revisions\/5402"}],"up":[{"embeddable":true,"href":"https:\/\/agora.xtec.cat\/escola-espiga-lleida\/wp-json\/wp\/v2\/pages\/22"}],"wp:attachment":[{"href":"https:\/\/agora.xtec.cat\/escola-espiga-lleida\/wp-json\/wp\/v2\/media?parent=32"}],"curies":[{"name":"wp","href":"https:\/\/api.w.org\/{rel}","templated":true}]}}

<figure class="wp-block-image aligncenter is-resized"><img loading="lazy" decoding="async" width="143" height="108" src="http://agora.xtec.cat/escola-espiga-lleida/wp-content/uploads/usu273/2014/09/Calendari.jpg" alt="Calendari" class="wp-image-1076" style="width:200px"/></figure>



<figure class="wp-block-image alignfull"><a href="https://agora.xtec.cat/escola-espiga-lleida/wp-content/uploads/usu273/2026/07/Calendari-Escolar-2026-2027.jpg"><img loading="lazy" decoding="async" width="1024" height="724" src="https://agora.xtec.cat/escola-espiga-lleida/wp-content/uploads/usu273/2026/07/Calendari-Escolar-2026-2027-1024x724.jpg" alt="" class="wp-image-5174" srcset="https://agora.xtec.cat/escola-espiga-lleida/wp-content/uploads/usu273/2026/07/Calendari-Escolar-2026-2027-1024x724.jpg 1024w, https://agora.xtec.cat/escola-espiga-lleida/wp-content/uploads/usu273/2026/07/Calendari-Escolar-2026-2027-300x212.jpg 300w, https://agora.xtec.cat/escola-espiga-lleida/wp-content/uploads/usu273/2026/07/Calendari-Escolar-2026-2027-768x543.jpg 768w, https://agora.xtec.cat/escola-espiga-lleida/wp-content/uploads/usu273/2026/07/Calendari-Escolar-2026-2027-1536x1086.jpg 1536w, https://agora.xtec.cat/escola-espiga-lleida/wp-content/uploads/usu273/2026/07/Calendari-Escolar-2026-2027-2048x1448.jpg 2048w" sizes="auto, (max-width: 1024px) 100vw, 1024px" /></a></figure>



<p></p>



<p><strong>Inici de curs:</strong></p>



<ul class="wp-block-list">
<li>8 de setembre de 2026.</li>
</ul>



<p><strong>Horari:</strong></p>



<ul class="wp-block-list">
<li>L’<strong>horari lectiu</strong> de l&#8217;Escola ESPIGA és de les 9:00h a les 12:30h (matí) i de les 15:00h a les 16:30h (tarda).</li>
</ul>



<p>Per l&#8217;alumnat que inicia l’escolarització a I3 s’organitza un breu període d’adaptació que suposa una certa modificació dels horaris dels primers dies de classe (del 8 al 14 de setembre), i que es fa saber a les famílies en les reunions prèvies corresponents.</p>



<p><strong>Vacances:</strong></p>



<ul class="wp-block-list">
<li>Del 22 de desembre de 2026 al 7 de gener de 2027 (ambdós inclosos).</li>
</ul>



<ul class="wp-block-list">
<li>Del 20 al 29 de març de 2027 (ambdós inclosos).</li>
</ul>



<ul class="wp-block-list">
<li>A partir del 22 de juny de 2027.</li>
</ul>



<p><strong>Dies festius de lliure disposició:</strong></p>



<ul class="wp-block-list">
<li>30 d&#8217;octubre de 2026.</li>
</ul>



<ul class="wp-block-list">
<li>7 de desembre de 2026.</li>
</ul>



<ul class="wp-block-list">
<li>5 de febrer de 2027.</li>
</ul>



<ul class="wp-block-list">
<li>10 d&#8217;abril de 2027.</li>
</ul>



<p><strong>Jornada continuada:</strong></p>



<ul class="wp-block-list">
<li>El 21 de desembre de 2026 i del 7 al 21 de juny de 2027 es realitza jornada continuada de 9 a 13h.</li>
</ul>

<p>Inici de curs: Horari: Per l&#8217;alumnat que inicia l’escolarització a I3 s’organitza un breu període d’adaptació que suposa una certa modificació dels horaris dels primers dies de classe (del 8 al 14 de setembre), i que es fa saber a les famílies en les reunions prèvies corresponents. Vacances: Dies festius de lliure disposició: Jornada continuada:</p>
