{"id":30,"date":"2014-09-18T12:30:23","date_gmt":"2014-09-18T11:30:23","guid":{"rendered":"http:\/\/agora.xtec.cat\/escola-espiga-lleida\/\/?page_id=30"},"modified":"2022-04-09T13:54:24","modified_gmt":"2022-04-09T11:54:24","slug":"instal%c2%b7lacions","status":"publish","type":"page","link":"https:\/\/agora.xtec.cat\/escola-espiga-lleida\/lescola\/instal%c2%b7lacions\/","title":{"rendered":"Espais"},"content":{"rendered":"<p style=\"text-align: justify;\"><img loading=\"lazy\" decoding=\"async\" class=\" alignleft wp-image-354\" src=\"http:\/\/agora.xtec.cat\/escola-espiga-lleida\/wp-content\/uploads\/usu273\/2014\/09\/Espais-262x300.jpg\" alt=\"Espais\" width=\"150\" height=\"172\" srcset=\"https:\/\/agora.xtec.cat\/escola-espiga-lleida\/wp-content\/uploads\/usu273\/2014\/09\/Espais-262x300.jpg 262w, https:\/\/agora.xtec.cat\/escola-espiga-lleida\/wp-content\/uploads\/usu273\/2014\/09\/Espais.jpg 861w\" sizes=\"auto, (max-width: 150px) 100vw, 150px\" \/>L&#8217;Escola ESPIGA inicialment es crea\u00a0com un centre educatiu que neix fora del sistema educatiu oficial i que recupera i rellan\u00e7a, dins del possible, la renovaci\u00f3 pedag\u00f2gica catalana.<\/p>\n<p style=\"text-align: justify;\">D&#8217;aquest pensament en deriva, en bona part, l&#8217;arquitectura de l&#8217;actual Escola amb uns espais amplis sota la llum natural del\u00a0bell paisatge\u00a0de l&#8217;horta de Lleida:<\/p>\n<h4 class=\"widget-title\" style=\"text-align: center;\">Visita 360\u00ba Escola ESPIGA\u00a0<a href=\"https:\/\/invelon.s3.eu-west-3.amazonaws.com\/%5BTour360%5D+Escola+Espiga\/index.html\" target=\"_blank\" rel=\"noopener\"><img loading=\"lazy\" decoding=\"async\" class=\"alignnone\" src=\"https:\/\/www.innofood.es\/wp-content\/uploads\/2018\/02\/Click-aqu%C3%AD.png\" alt=\"Click aqu\u00ed | Innofood\" width=\"115\" height=\"89\" \/><\/a><\/h4>\n<div class=\"textwidget\">\n<p><a href=\"https:\/\/invelon.s3.eu-west-3.amazonaws.com\/%5BTour360%5D+Escola+Espiga\/index.html\" target=\"_blank\" rel=\"noopener\"><img loading=\"lazy\" decoding=\"async\" class=\"aligncenter wp-image-3510\" src=\"https:\/\/agora.xtec.cat\/escola-espiga-lleida\/wp-content\/uploads\/usu273\/2022\/02\/Espiga-aire-1024x591.jpg\" sizes=\"auto, (max-width: 1024px) 100vw, 1024px\" srcset=\"https:\/\/agora.xtec.cat\/escola-espiga-lleida\/wp-content\/uploads\/usu273\/2022\/02\/Espiga-aire-1024x591.jpg 1024w, https:\/\/agora.xtec.cat\/escola-espiga-lleida\/wp-content\/uploads\/usu273\/2022\/02\/Espiga-aire-300x173.jpg 300w, https:\/\/agora.xtec.cat\/escola-espiga-lleida\/wp-content\/uploads\/usu273\/2022\/02\/Espiga-aire-768x444.jpg 768w, https:\/\/agora.xtec.cat\/escola-espiga-lleida\/wp-content\/uploads\/usu273\/2022\/02\/Espiga-aire-1536x887.jpg 1536w, https:\/\/agora.xtec.cat\/escola-espiga-lleida\/wp-content\/uploads\/usu273\/2022\/02\/Espiga-aire.jpg 2024w\" alt=\"\" width=\"847\" height=\"489\" \/><\/a><\/p>\n<\/div>\n","protected":false},"excerpt":{"rendered":"<p>L&#8217;Escola ESPIGA inicialment es crea\u00a0com un centre educatiu que neix fora del sistema educatiu oficial i que recupera i rellan\u00e7a, dins del possible, la renovaci\u00f3 pedag\u00f2gica catalana.<br \/>\nD&#8217;aquest pensament en deriva, en bona part, l&#8217;arquitectura de l&#8217;actual Escola amb uns espais amplis sota la llum natural&hellip;  <a href=\"https:\/\/agora.xtec.cat\/escola-espiga-lleida\/lescola\/instal%c2%b7lacions\/\" title=\"Read Espais\">Llegeix m\u00e9s\u00bb<\/a><\/p>\n","protected":false},"author":2,"featured_media":0,"parent":22,"menu_order":30,"comment_status":"closed","ping_status":"closed","template":"page-templates\/side-menu.php","meta":{"_bbp_topic_count":0,"_bbp_reply_count":0,"_bbp_total_topic_count":0,"_bbp_total_reply_count":0,"_bbp_voice_count":0,"_bbp_anonymous_reply_count":0,"_bbp_topic_count_hidden":0,"_bbp_reply_count_hidden":0,"_bbp_forum_subforum_count":0,"footnotes":""},"class_list":["post-30","page","type-page","status-publish","hentry"],"post_mailing_queue_ids":[],"_links":{"self":[{"href":"https:\/\/agora.xtec.cat\/escola-espiga-lleida\/wp-json\/wp\/v2\/pages\/30","targetHints":{"allow":["GET"]}}],"collection":[{"href":"https:\/\/agora.xtec.cat\/escola-espiga-lleida\/wp-json\/wp\/v2\/pages"}],"about":[{"href":"https:\/\/agora.xtec.cat\/escola-espiga-lleida\/wp-json\/wp\/v2\/types\/page"}],"author":[{"embeddable":true,"href":"https:\/\/agora.xtec.cat\/escola-espiga-lleida\/wp-json\/wp\/v2\/users\/2"}],"replies":[{"embeddable":true,"href":"https:\/\/agora.xtec.cat\/escola-espiga-lleida\/wp-json\/wp\/v2\/comments?post=30"}],"version-history":[{"count":4,"href":"https:\/\/agora.xtec.cat\/escola-espiga-lleida\/wp-json\/wp\/v2\/pages\/30\/revisions"}],"predecessor-version":[{"id":3619,"href":"https:\/\/agora.xtec.cat\/escola-espiga-lleida\/wp-json\/wp\/v2\/pages\/30\/revisions\/3619"}],"up":[{"embeddable":true,"href":"https:\/\/agora.xtec.cat\/escola-espiga-lleida\/wp-json\/wp\/v2\/pages\/22"}],"wp:attachment":[{"href":"https:\/\/agora.xtec.cat\/escola-espiga-lleida\/wp-json\/wp\/v2\/media?parent=30"}],"curies":[{"name":"wp","href":"https:\/\/api.w.org\/{rel}","templated":true}]}}