{"id":2966,"date":"2024-01-22T15:38:18","date_gmt":"2024-01-22T14:38:18","guid":{"rendered":"https:\/\/agora.xtec.cat\/escola-elsganxets\/?page_id=2966"},"modified":"2026-02-03T10:17:11","modified_gmt":"2026-02-03T09:17:11","slug":"cartell-portes-obertes","status":"publish","type":"page","link":"https:\/\/agora.xtec.cat\/escola-elsganxets\/cartell-portes-obertes\/","title":{"rendered":"Cartell portes obertes"},"content":{"rendered":"<p><img loading=\"lazy\" decoding=\"async\" class=\"alignnone size-full wp-image-3503\" src=\"https:\/\/agora.xtec.cat\/escola-elsganxets\/wp-content\/uploads\/usu331\/2026\/01\/PORTES-OBERTES-2026-1.jpg\" alt=\"\" width=\"1414\" height=\"2000\" srcset=\"https:\/\/agora.xtec.cat\/escola-elsganxets\/wp-content\/uploads\/usu331\/2026\/01\/PORTES-OBERTES-2026-1.jpg 1414w, https:\/\/agora.xtec.cat\/escola-elsganxets\/wp-content\/uploads\/usu331\/2026\/01\/PORTES-OBERTES-2026-1-768x1086.jpg 768w, https:\/\/agora.xtec.cat\/escola-elsganxets\/wp-content\/uploads\/usu331\/2026\/01\/PORTES-OBERTES-2026-1-1086x1536.jpg 1086w\" sizes=\"auto, (max-width: 1414px) 100vw, 1414px\" \/><\/p>\n<p>INSCRIPCI\u00d3 PER CORREU ELECTR\u00d2NIC e3011145@xtec.cat O PER TEL\u00c8FON 977 929 148<\/p>\n","protected":false},"excerpt":{"rendered":"<p>INSCRIPCI\u00d3 PER CORREU ELECTR\u00d2NIC e3011145@xtec.cat O PER TEL\u00c8FON 977 929 148<\/p>\n","protected":false},"author":12,"featured_media":0,"parent":0,"menu_order":0,"comment_status":"closed","ping_status":"closed","template":"","meta":{"_bbp_topic_count":0,"_bbp_reply_count":0,"_bbp_total_topic_count":0,"_bbp_total_reply_count":0,"_bbp_voice_count":0,"_bbp_anonymous_reply_count":0,"_bbp_topic_count_hidden":0,"_bbp_reply_count_hidden":0,"_bbp_forum_subforum_count":0,"footnotes":""},"class_list":["post-2966","page","type-page","status-publish","hentry"],"post_mailing_queue_ids":[],"_links":{"self":[{"href":"https:\/\/agora.xtec.cat\/escola-elsganxets\/wp-json\/wp\/v2\/pages\/2966","targetHints":{"allow":["GET"]}}],"collection":[{"href":"https:\/\/agora.xtec.cat\/escola-elsganxets\/wp-json\/wp\/v2\/pages"}],"about":[{"href":"https:\/\/agora.xtec.cat\/escola-elsganxets\/wp-json\/wp\/v2\/types\/page"}],"author":[{"embeddable":true,"href":"https:\/\/agora.xtec.cat\/escola-elsganxets\/wp-json\/wp\/v2\/users\/12"}],"replies":[{"embeddable":true,"href":"https:\/\/agora.xtec.cat\/escola-elsganxets\/wp-json\/wp\/v2\/comments?post=2966"}],"version-history":[{"count":2,"href":"https:\/\/agora.xtec.cat\/escola-elsganxets\/wp-json\/wp\/v2\/pages\/2966\/revisions"}],"predecessor-version":[{"id":3507,"href":"https:\/\/agora.xtec.cat\/escola-elsganxets\/wp-json\/wp\/v2\/pages\/2966\/revisions\/3507"}],"wp:attachment":[{"href":"https:\/\/agora.xtec.cat\/escola-elsganxets\/wp-json\/wp\/v2\/media?parent=2966"}],"curies":[{"name":"wp","href":"https:\/\/api.w.org\/{rel}","templated":true}]}}