{"id":9148,"date":"2017-10-04T11:33:05","date_gmt":"2017-10-04T09:33:05","guid":{"rendered":"http:\/\/agora.xtec.cat\/escola-elsestanys\/?page_id=9148"},"modified":"2017-10-04T13:20:34","modified_gmt":"2017-10-04T11:20:34","slug":"gep-grup-experimental-plurilingue","status":"publish","type":"page","link":"https:\/\/agora.xtec.cat\/escola-elsestanys\/projectes\/gep-grup-experimental-plurilingue\/","title":{"rendered":"GEP-Grup Experimental Pluriling\u00fce"},"content":{"rendered":"<p><strong><u>GENERACI\u00d3 PLURILING\u00dcE. Centre GEP. Cursos 17\/19<\/u><\/strong><\/p>\n<p><strong>Aprendre lleng\u00fces estrangeres a trav\u00e9s de les mat\u00e8ries.<\/strong><\/p>\n<p>Aquest curs comencem un nou projecte. Serem centre GEP.<\/p>\n<p><strong>Objectiu:<\/strong><\/p>\n<p><strong>L\u2019objectiu principal \u00e9s: <\/strong>Millorar la compet\u00e8ncia ling\u00fc\u00edstica dels nostres alumnes en llengua anglesa.<\/p>\n<p><strong>Actuacions previstes:<\/strong><\/p>\n<p>Pretenem\u00a0 incrementar el temps d\u2019exposici\u00f3 dels alumnes a la llengua estrangera.<\/p>\n<ul>\n<li>Educaci\u00f3 infantil: Ambient de contes en angl\u00e8s.<\/li>\n<li>Tots els cicles: Lectura de contes en angl\u00e8s. \u00bd hora setmanal durant un trimestre.<\/li>\n<li>Cicle mitj\u00e0: 1 hora setmanal de m\u00fasica en angl\u00e8s durant un trimestre.<\/li>\n<li>Cicle superior: Un projecte en angl\u00e8s durant un trimestre. 2 hores setmanals.<\/li>\n<li>SEP avan\u00e7at d\u2019angl\u00e8s pels alumnes amb bon nivell de llengua anglesa i amb opci\u00f3 a presentar-se a les proves de Cambrigde.<\/li>\n<li>Tamb\u00e9 es fan mitjos grups per potenciar la compet\u00e8ncia oral en llengua anglesa a tots els alumnes de prim\u00e0ria.<\/li>\n<\/ul>\n<p><strong>Primer any del projecte: (Curs 17\/18)<\/strong><\/p>\n<ul>\n<li>Augmentar la pres\u00e8ncia de llibres en angl\u00e8s a la biblioteca del centre i a la biblioteca d\u2019aula.<\/li>\n<li>Mantenir la subscripci\u00f3 a la revista: I love English junior. Editorial Bayard.<\/li>\n<li>Algunes unitats de m\u00fasica en angl\u00e8s pels alumnes de CI i CM.<\/li>\n<li>Una unitat de medi en angl\u00e8s al cicle mitj\u00e0 i cicle superior.<\/li>\n<\/ul>\n<p><strong>Segon\u00a0 any del projecte: (Curs18\/19)<\/strong><\/p>\n<ul>\n<li>Mantenir les unitats de m\u00fasica en angl\u00e8s pels cicles inicial i mitj\u00e0 i\u00a0 iniciar-ne una al cicle superior.<\/li>\n<li>Comen\u00e7ar a fer algunes sessions al laboratori en angl\u00e8s. Tots els alumnes de Prim\u00e0ria hi van una sessi\u00f3 setmanal en mig grup.<\/li>\n<li>Mantenir la unitat de medi en angl\u00e8s al CM i CS.<\/li>\n<li>Introduir l\u2019explicaci\u00f3 de contes en angl\u00e8s a l\u2019ambient d\u2019infantil.<\/li>\n<\/ul>\n<p><strong>GRUP IMPULSOR:<\/strong><\/p>\n<p>Esther Verd\u00fa Ventura. Cap d\u2019estudis. Llengua anglesa a CM<\/p>\n<p>Valentina Franco Lizarazo: tutora de CS<\/p>\n<p>Roc\u00edo Casado Damas: Llengua anglesa CI<\/p>\n<p><strong>Altres mestres implicats en el projecte:<\/strong><\/p>\n<p>Eva Reixach G\u00f3mez: Llengua anglesa a CS<\/p>\n<p>Marc Rodr\u00edguez Brujats: Especialista de m\u00fasica<\/p>\n<p><strong>Formaci\u00f3:<\/strong><\/p>\n<p><strong>El passat mes de juliol, l\u2019equip directiu va assistir a la jornada formativa:<\/strong><\/p>\n<p>Jornada informativa del programa Generaci\u00f3 Pluriling\u00fce (GEP) 7 de Juliol a Barcelona<strong>. <\/strong>Equip directiu<\/p>\n<p><strong>Durant el curs 17\/18 el grup impulsor assistir\u00e0 a les formacions:<\/strong><\/p>\n<p>Trobada pedag\u00f2gica dels centres participants en el programa Generaci\u00f3 Pluriling\u00fce (GEP) AICLE 1r any<\/p>\n<p>Formaci\u00f3 del professorat del programa Generaci\u00f3 Pluriling\u00fce (GEP) CLIL 1r any<\/p>\n<p><strong>Podreu seguir-nos:<\/strong><\/p>\n<p><strong>A la \u00a0web:<\/strong><\/p>\n<p><a href=\"http:\/\/agora.xtec.cat\/escola-elsestanys\/\">http:\/\/agora.xtec.cat\/escola-elsestanys\/<\/a><\/p>\n<p><strong>Al facebook:<\/strong><\/p>\n<p><a href=\"https:\/\/www.facebook.com\/escola.elsestanys\">https:\/\/www.facebook.com\/escola.elsestanys<\/a><\/p>\n<p><strong>Al twitter: <\/strong><\/p>\n<p><a href=\"https:\/\/twitter.com\/Esc_ElsEstanys\">https:\/\/twitter.com\/Esc_ElsEstanys<\/a><\/p>\n","protected":false},"excerpt":{"rendered":"<p>GENERACI\u00d3 PLURILING\u00dcE. Centre GEP. Cursos 17\/19 Aprendre lleng\u00fces estrangeres a trav\u00e9s de les mat\u00e8ries. Aquest curs comencem un nou projecte. Serem centre GEP. Objectiu: L\u2019objectiu principal \u00e9s: Millorar la compet\u00e8ncia ling\u00fc\u00edstica dels nostres alumnes en llengua anglesa. Actuacions previstes: Pretenem\u00a0 incrementar el temps d\u2019exposici\u00f3 dels alumnes a la llengua estrangera. Educaci\u00f3 infantil: Ambient de contes [&hellip;]<\/p>\n","protected":false},"author":1,"featured_media":0,"parent":191,"menu_order":140,"comment_status":"closed","ping_status":"closed","template":"page-templates\/side-menu.php","meta":{"_bbp_topic_count":0,"_bbp_reply_count":0,"_bbp_total_topic_count":0,"_bbp_total_reply_count":0,"_bbp_voice_count":0,"_bbp_anonymous_reply_count":0,"_bbp_topic_count_hidden":0,"_bbp_reply_count_hidden":0,"_bbp_forum_subforum_count":0,"site-sidebar-layout":"default","site-content-layout":"","ast-site-content-layout":"","site-content-style":"default","site-sidebar-style":"default","ast-global-header-display":"","ast-banner-title-visibility":"","ast-main-header-display":"","ast-hfb-above-header-display":"","ast-hfb-below-header-display":"","ast-hfb-mobile-header-display":"","site-post-title":"","ast-breadcrumbs-content":"","ast-featured-img":"","footer-sml-layout":"","theme-transparent-header-meta":"","adv-header-id-meta":"","stick-header-meta":"","header-above-stick-meta":"","header-main-stick-meta":"","header-below-stick-meta":"","astra-migrate-meta-layouts":"default","ast-page-background-enabled":"default","ast-page-background-meta":{"desktop":{"background-color":"var(--ast-global-color-4)","background-image":"","background-repeat":"repeat","background-position":"center center","background-size":"auto","background-attachment":"scroll","background-type":"","background-media":"","overlay-type":"","overlay-color":"","overlay-opacity":"","overlay-gradient":""},"tablet":{"background-color":"","background-image":"","background-repeat":"repeat","background-position":"center center","background-size":"auto","background-attachment":"scroll","background-type":"","background-media":"","overlay-type":"","overlay-color":"","overlay-opacity":"","overlay-gradient":""},"mobile":{"background-color":"","background-image":"","background-repeat":"repeat","background-position":"center center","background-size":"auto","background-attachment":"scroll","background-type":"","background-media":"","overlay-type":"","overlay-color":"","overlay-opacity":"","overlay-gradient":""}},"ast-content-background-meta":{"desktop":{"background-color":"var(--ast-global-color-5)","background-image":"","background-repeat":"repeat","background-position":"center center","background-size":"auto","background-attachment":"scroll","background-type":"","background-media":"","overlay-type":"","overlay-color":"","overlay-opacity":"","overlay-gradient":""},"tablet":{"background-color":"var(--ast-global-color-5)","background-image":"","background-repeat":"repeat","background-position":"center center","background-size":"auto","background-attachment":"scroll","background-type":"","background-media":"","overlay-type":"","overlay-color":"","overlay-opacity":"","overlay-gradient":""},"mobile":{"background-color":"var(--ast-global-color-5)","background-image":"","background-repeat":"repeat","background-position":"center center","background-size":"auto","background-attachment":"scroll","background-type":"","background-media":"","overlay-type":"","overlay-color":"","overlay-opacity":"","overlay-gradient":""}},"footnotes":""},"class_list":["post-9148","page","type-page","status-publish","hentry"],"post_mailing_queue_ids":[],"_links":{"self":[{"href":"https:\/\/agora.xtec.cat\/escola-elsestanys\/wp-json\/wp\/v2\/pages\/9148","targetHints":{"allow":["GET"]}}],"collection":[{"href":"https:\/\/agora.xtec.cat\/escola-elsestanys\/wp-json\/wp\/v2\/pages"}],"about":[{"href":"https:\/\/agora.xtec.cat\/escola-elsestanys\/wp-json\/wp\/v2\/types\/page"}],"author":[{"embeddable":true,"href":"https:\/\/agora.xtec.cat\/escola-elsestanys\/wp-json\/wp\/v2\/users\/1"}],"replies":[{"embeddable":true,"href":"https:\/\/agora.xtec.cat\/escola-elsestanys\/wp-json\/wp\/v2\/comments?post=9148"}],"version-history":[{"count":2,"href":"https:\/\/agora.xtec.cat\/escola-elsestanys\/wp-json\/wp\/v2\/pages\/9148\/revisions"}],"predecessor-version":[{"id":9159,"href":"https:\/\/agora.xtec.cat\/escola-elsestanys\/wp-json\/wp\/v2\/pages\/9148\/revisions\/9159"}],"up":[{"embeddable":true,"href":"https:\/\/agora.xtec.cat\/escola-elsestanys\/wp-json\/wp\/v2\/pages\/191"}],"wp:attachment":[{"href":"https:\/\/agora.xtec.cat\/escola-elsestanys\/wp-json\/wp\/v2\/media?parent=9148"}],"curies":[{"name":"wp","href":"https:\/\/api.w.org\/{rel}","templated":true}]}}